{"id":850,"date":"2020-12-18T08:41:27","date_gmt":"2020-12-18T07:41:27","guid":{"rendered":"https:\/\/blogsaverroes.juntadeandalucia.es\/pre\/plantilla-pencil\/?page_id=850"},"modified":"2026-03-13T17:36:29","modified_gmt":"2026-03-13T16:36:29","slug":"planes-y-proyectos","status":"publish","type":"page","link":"https:\/\/blogsaverroes.juntadeandalucia.es\/ceiptiernogalvanelejido\/planes-y-proyectos\/","title":{"rendered":"Planes y Proyectos"},"content":{"rendered":"<p style=\"text-align: center\"><span style=\"color: #339966\"><strong><span style=\"font-family: 'comic sans ms', sans-serif;font-size: 24pt\">PLANES Y PROGRAMAS DEL CENTRO<\/span><\/strong><\/span><\/p>\n<p style=\"text-align: center\"><span style=\"color: #339966\"><strong><span style=\"font-family: 'comic sans ms', sans-serif;font-size: 24pt\">CURSO 25\/26<\/span><\/strong><\/span><\/p>\n<p>Proyecto Escuela: Espacio de Paz.<\/p>\n<p>Plan de Convivencia.<\/p>\n<p><span style=\"font-family: verdana, geneva, sans-serif\"><a href=\"https:\/\/blogsaverroes.juntadeandalucia.es\/ceiptiernogalvanelejido\/bienestar-y-proteccion-infancia-y-adolescencia\/\">Plan de Bienestar y Protecci\u00f3n a la Infancia y Adolescencia.<\/a><\/span><\/p>\n<p>Plan Igualdad II.<\/p>\n<p>Pacto de Estado.<\/p>\n<p><span style=\"font-family: verdana, geneva, sans-serif\"><a href=\"https:\/\/blogsaverroes.juntadeandalucia.es\/ceiptiernogalvanelejido\/tde\/\">Transformaci\u00f3n Digital Educativa.<\/a><\/span><\/p>\n<p>Escuela C\u00f3digo 4.0 (STEAM).<br \/>\nComunicA.<br \/>\nPrograma HH.V.S.<br \/>\nPrograma Escolar de Consumo de fruta, hortalizas y leche.<\/p>\n<p><span style=\"font-family: verdana, geneva, sans-serif\"><a href=\"https:\/\/blogsaverroes.juntadeandalucia.es\/ceiptiernogalvanelejido\/proyecto-plan-de-salud-y-prl\/\">Proyecto Plan de Salud y PRL<\/a>.<\/span><\/p>\n<p>Erasmus +.<br \/>\nProyecto \u201cM\u00e1s Deporte\u201d.<br \/>\nProyecto Red de Bibliotecas Escolares.<br \/>\nPlan de Apertura. (PAF).<br \/>\nPlan Pr\u00e1cticum Grado de Maestros\/as.<br \/>\nM\u00e1s Equidad.<br \/>\nZTS.<br \/>\nPrograma de Educaci\u00f3n Inclusiva. Viene una maestra especialista en AyL, un d\u00eda a la semana.<\/p>\n<p>&nbsp;<\/p>\n","protected":false},"excerpt":{"rendered":"<p>PLANES Y PROGRAMAS DEL CENTRO CURSO 25\/26 Proyecto Escuela: Espacio de Paz. Plan de Convivencia. Plan de Bienestar y Protecci\u00f3n a la Infancia y Adolescencia. Plan Igualdad II. Pacto de Estado. Transformaci\u00f3n Digital Educativa. Escuela C\u00f3digo 4.0 (STEAM). ComunicA. Programa HH.V.S. Programa Escolar de Consumo de fruta, hortalizas y leche. Proyecto Plan de Salud y [&hellip;]<\/p>\n","protected":false},"author":7051,"featured_media":0,"parent":0,"menu_order":0,"comment_status":"closed","ping_status":"closed","template":"","meta":{"_et_pb_use_builder":"off","_et_pb_old_content":"","_et_gb_content_width":"","ngg_post_thumbnail":0,"footnotes":""},"aioseo_notices":[],"_links":{"self":[{"href":"https:\/\/blogsaverroes.juntadeandalucia.es\/ceiptiernogalvanelejido\/wp-json\/wp\/v2\/pages\/850"}],"collection":[{"href":"https:\/\/blogsaverroes.juntadeandalucia.es\/ceiptiernogalvanelejido\/wp-json\/wp\/v2\/pages"}],"about":[{"href":"https:\/\/blogsaverroes.juntadeandalucia.es\/ceiptiernogalvanelejido\/wp-json\/wp\/v2\/types\/page"}],"author":[{"embeddable":true,"href":"https:\/\/blogsaverroes.juntadeandalucia.es\/ceiptiernogalvanelejido\/wp-json\/wp\/v2\/users\/7051"}],"replies":[{"embeddable":true,"href":"https:\/\/blogsaverroes.juntadeandalucia.es\/ceiptiernogalvanelejido\/wp-json\/wp\/v2\/comments?post=850"}],"version-history":[{"count":16,"href":"https:\/\/blogsaverroes.juntadeandalucia.es\/ceiptiernogalvanelejido\/wp-json\/wp\/v2\/pages\/850\/revisions"}],"predecessor-version":[{"id":1635,"href":"https:\/\/blogsaverroes.juntadeandalucia.es\/ceiptiernogalvanelejido\/wp-json\/wp\/v2\/pages\/850\/revisions\/1635"}],"wp:attachment":[{"href":"https:\/\/blogsaverroes.juntadeandalucia.es\/ceiptiernogalvanelejido\/wp-json\/wp\/v2\/media?parent=850"}],"curies":[{"name":"wp","href":"https:\/\/api.w.org\/{rel}","templated":true}]}}

<p style="text-align: center"><span style="color: #339966"><strong><span style="font-family: 'comic sans ms', sans-serif;font-size: 24pt">PLANES Y PROGRAMAS DEL CENTRO</span></strong></span></p>
<p style="text-align: center"><span style="color: #339966"><strong><span style="font-family: 'comic sans ms', sans-serif;font-size: 24pt">CURSO 25/26</span></strong></span></p>
<p>Proyecto Escuela: Espacio de Paz.</p>
<p>Plan de Convivencia.</p>
<p><span style="font-family: verdana, geneva, sans-serif"><a href="https://blogsaverroes.juntadeandalucia.es/ceiptiernogalvanelejido/bienestar-y-proteccion-infancia-y-adolescencia/">Plan de Bienestar y Protección a la Infancia y Adolescencia.</a></span></p>
<p>Plan Igualdad II.</p>
<p>Pacto de Estado.</p>
<p><span style="font-family: verdana, geneva, sans-serif"><a href="https://blogsaverroes.juntadeandalucia.es/ceiptiernogalvanelejido/tde/">Transformación Digital Educativa.</a></span></p>
<p>Escuela Código 4.0 (STEAM).<br />
ComunicA.<br />
Programa HH.V.S.<br />
Programa Escolar de Consumo de fruta, hortalizas y leche.</p>
<p><span style="font-family: verdana, geneva, sans-serif"><a href="https://blogsaverroes.juntadeandalucia.es/ceiptiernogalvanelejido/proyecto-plan-de-salud-y-prl/">Proyecto Plan de Salud y PRL</a>.</span></p>
<p>Erasmus +.<br />
Proyecto “Más Deporte”.<br />
Proyecto Red de Bibliotecas Escolares.<br />
Plan de Apertura. (PAF).<br />
Plan Prácticum Grado de Maestros/as.<br />
Más Equidad.<br />
ZTS.<br />
Programa de Educación Inclusiva. Viene una maestra especialista en AyL, un día a la semana.</p>
<p>&nbsp;</p>

<p>PLANES Y PROGRAMAS DEL CENTRO CURSO 25/26 Proyecto Escuela: Espacio de Paz. Plan de Convivencia. Plan de Bienestar y Protección a la Infancia y Adolescencia. Plan Igualdad II. Pacto de Estado. Transformación Digital Educativa. Escuela Código 4.0 (STEAM). ComunicA. Programa HH.V.S. Programa Escolar de Consumo de fruta, hortalizas y leche. Proyecto Plan de Salud y [&hellip;]</p>
