{"id":5127,"date":"2023-10-11T11:06:13","date_gmt":"2023-10-11T09:06:13","guid":{"rendered":"https:\/\/blogsaverroes.juntadeandalucia.es\/ceiptinar\/?page_id=5127"},"modified":"2023-10-20T12:50:39","modified_gmt":"2023-10-20T10:50:39","slug":"servicios-complementarios","status":"publish","type":"page","link":"https:\/\/blogsaverroes.juntadeandalucia.es\/ceiptinar\/servicios-complementarios\/","title":{"rendered":"SERVICIOS COMPLEMENTARIOS"},"content":{"rendered":"<p>&nbsp;<\/p>\n<p>&nbsp;<\/p>\n<p>&nbsp;<\/p>\n<p>&nbsp;<\/p>\n<p>&nbsp;<\/p>\n<ul class=\"listado\">\n<li class=\"item\">\n<p class=\"title icopdf\"><a title=\"Pulse para visualizar el documento:&nbsp;Anexo II.- Servicio de Aula Matinal, Comedor Escolar y actividades Extraescolares\" href=\"https:\/\/www.juntadeandalucia.es\/educacion\/portals\/delegate\/content\/6c4342f7-1581-4c26-bc7e-2e49b4b64cee\/Anexo%20II.-%20Servicio%20de%20Aula%20Matinal,%20Comedor%20Escolar%20y%20actividades%20Extraescolares\" target=\"_blank\" rel=\"noopener noreferrer\">Anexo II.- Servicio de Aula Matinal, Comedor Escolar y actividades Extraescolares<\/a><\/p>\n<\/li>\n<li class=\"item\">\n<p class=\"title icopdf\"><a title=\"Pulse para visualizar el documento:&nbsp;Anexo V.- Gratuidad\/bonificaci\u00f3n del precio p\u00fablico por los servicios complementarios de Aula Matinal, Comedor Escolar y Actividades Extraescolares\" href=\"https:\/\/www.juntadeandalucia.es\/educacion\/portals\/delegate\/content\/fcc8b9c5-53ad-46ca-9098-80d7b3c81097\/Anexo%20V.-%20Gratuidad\/bonificaci%C3%B3n%20del%20precio%20p%C3%BAblico%20por%20los%20servicios%20complementarios%20de%20Aula%20Matinal,%20Comedor%20Escolar%20y%20Actividades%20Extraescolares\" target=\"_blank\" rel=\"noopener noreferrer\">Anexo V.- Gratuidad\/bonificaci\u00f3n del precio p\u00fablico por los servicios complementarios de Aula Matinal, Comedor Escolar y Actividades Extraescolares<\/a><\/p>\n<\/li>\n<li class=\"item\">\n<p class=\"title icopdf\"><a title=\"Pulse para visualizar el documento:&nbsp;Anexo VI.- Autorizaci\u00f3n de proyectos para la utilizaci\u00f3n de las instalaciones de los centros docentes p\u00fablicos fuera del horario escolar\" href=\"https:\/\/www.juntadeandalucia.es\/educacion\/portals\/delegate\/content\/df3f1219-891c-4576-94e6-e6a5ec2b0a38\/Anexo%20VI.-%20Autorizaci%C3%B3n%20de%20proyectos%20para%20la%20utilizaci%C3%B3n%20de%20las%20instalaciones%20de%20los%20centros%20docentes%20p%C3%BAblicos%20fuera%20del%20horario%20escolar\" target=\"_blank\" rel=\"noopener noreferrer\">Anexo VI.- Autorizaci\u00f3n de proyectos para la utilizaci\u00f3n de las instalaciones de los centros docentes p\u00fablicos fuera del horario escolar<\/a><\/p>\n<\/li>\n<li class=\"item\">\n<p class=\"title icopdf\"><a title=\"Pulse para visualizar el documento:&nbsp;Anexo VII.- Gratuidad\/bonificaci\u00f3n del precio p\u00fablico por el servicio de Residencia Escolar en ense\u00f1anzas posobligatorias\" href=\"https:\/\/www.juntadeandalucia.es\/educacion\/portals\/delegate\/content\/c3481208-8f6f-4274-a8ba-88a445dc4ad5\/Anexo%20VII.-%20Gratuidad\/bonificaci%C3%B3n%20del%20precio%20p%C3%BAblico%20por%20el%20servicio%20de%20Residencia%20Escolar%20en%20ense%C3%B1anzas%20posobligatorias\" target=\"_blank\" rel=\"noopener noreferrer\">Anexo VII.- Gratuidad\/bonificaci\u00f3n del precio p\u00fablico por el servicio de Residencia Escolar en ense\u00f1anzas posobligatorias&nbsp;<\/a><\/p>\n<\/li>\n<\/ul>\n","protected":false},"excerpt":{"rendered":"<p>&nbsp; &nbsp; &nbsp; &nbsp; &nbsp; Anexo II.- Servicio de Aula Matinal, Comedor Escolar y actividades Extraescolares Anexo V.- Gratuidad\/bonificaci\u00f3n del precio p\u00fablico por los servicios complementarios de Aula Matinal, Comedor Escolar y Actividades Extraescolares Anexo VI.- Autorizaci\u00f3n de proyectos para la utilizaci\u00f3n de las instalaciones de los centros docentes p\u00fablicos fuera del horario escolar Anexo &hellip; <\/p>\n<p class=\"link-more\"><a href=\"https:\/\/blogsaverroes.juntadeandalucia.es\/ceiptinar\/servicios-complementarios\/\" class=\"more-link\">Continuar leyendo<span class=\"screen-reader-text\"> \u00abSERVICIOS COMPLEMENTARIOS\u00bb<\/span><\/a><\/p>\n","protected":false},"author":1968,"featured_media":0,"parent":0,"menu_order":0,"comment_status":"closed","ping_status":"closed","template":"","meta":{"ngg_post_thumbnail":0,"footnotes":"","_mc_calendar":[]},"aioseo_notices":[],"_links":{"self":[{"href":"https:\/\/blogsaverroes.juntadeandalucia.es\/ceiptinar\/wp-json\/wp\/v2\/pages\/5127"}],"collection":[{"href":"https:\/\/blogsaverroes.juntadeandalucia.es\/ceiptinar\/wp-json\/wp\/v2\/pages"}],"about":[{"href":"https:\/\/blogsaverroes.juntadeandalucia.es\/ceiptinar\/wp-json\/wp\/v2\/types\/page"}],"author":[{"embeddable":true,"href":"https:\/\/blogsaverroes.juntadeandalucia.es\/ceiptinar\/wp-json\/wp\/v2\/users\/1968"}],"replies":[{"embeddable":true,"href":"https:\/\/blogsaverroes.juntadeandalucia.es\/ceiptinar\/wp-json\/wp\/v2\/comments?post=5127"}],"version-history":[{"count":6,"href":"https:\/\/blogsaverroes.juntadeandalucia.es\/ceiptinar\/wp-json\/wp\/v2\/pages\/5127\/revisions"}],"predecessor-version":[{"id":5356,"href":"https:\/\/blogsaverroes.juntadeandalucia.es\/ceiptinar\/wp-json\/wp\/v2\/pages\/5127\/revisions\/5356"}],"wp:attachment":[{"href":"https:\/\/blogsaverroes.juntadeandalucia.es\/ceiptinar\/wp-json\/wp\/v2\/media?parent=5127"}],"curies":[{"name":"wp","href":"https:\/\/api.w.org\/{rel}","templated":true}]}}