{"id":5330,"date":"2023-10-20T09:54:06","date_gmt":"2023-10-20T07:54:06","guid":{"rendered":"https:\/\/blogsaverroes.juntadeandalucia.es\/ceiptinar\/?page_id=5330"},"modified":"2023-10-20T10:28:56","modified_gmt":"2023-10-20T08:28:56","slug":"organigrama","status":"publish","type":"page","link":"https:\/\/blogsaverroes.juntadeandalucia.es\/ceiptinar\/organigrama\/","title":{"rendered":"ORGANIGRAMA"},"content":{"rendered":"<h1 style=\"text-align: center\"><span style=\"text-decoration: underline\"><strong>Organigrama 2023\/2024<\/strong><\/span><\/h1>\n<p>&nbsp;<\/p>\n<p style=\"text-align: center\"><span style=\"text-decoration: underline\">Educaci\u00f3n Infantil<\/span><\/p>\n<table class=\" aligncenter\" style=\"width: 50.8307%;border-collapse: collapse;border-color: #e3aff0;background-color: #e3aff0\">\n<tbody>\n<tr style=\"height: 26px\">\n<td style=\"width: 47.2698%;height: 26px\">Inf 3 a\u00f1os- aula 1B<\/td>\n<td style=\"width: 27.9295%;height: 26px\">Claudia R.<\/td>\n<\/tr>\n<tr style=\"height: 26px\">\n<td style=\"width: 47.2698%;height: 26px\">Inf 4A a\u00f1os- aula 1 Pre<\/td>\n<td style=\"width: 27.9295%;height: 26px\">\u00c1ngeles B.<\/td>\n<\/tr>\n<tr style=\"height: 26px\">\n<td style=\"width: 47.2698%;height: 26px\">Inf 4B a\u00f1os- aula 2 Pre<\/td>\n<td style=\"width: 27.9295%;height: 26px\">M\u00aa Bego\u00f1a L.<\/td>\n<\/tr>\n<tr style=\"height: 26px\">\n<td style=\"width: 47.2698%;height: 26px\">Inf 5 a\u00f1os- aula 2B<\/td>\n<td style=\"width: 27.9295%;height: 26px\">Paqui C.<\/td>\n<\/tr>\n<\/tbody>\n<\/table>\n<p style=\"text-align: center\"><span style=\"text-decoration: underline\">Primer Ciclo<\/span><\/p>\n<table class=\" aligncenter\" style=\"width: 49.687%;border-collapse: collapse;border-color: #ebde94;background-color: #ebde94\">\n<tbody>\n<tr style=\"height: 26px\">\n<td style=\"width: 28.2759%;height: 26px\">1\u00baA- aula 9B<\/td>\n<td style=\"width: 21.1727%;height: 26px\">Maite G.<\/td>\n<\/tr>\n<tr style=\"height: 26px\">\n<td style=\"width: 28.2759%;height: 26px\">1\u00baB- aula 10B<\/td>\n<td style=\"width: 21.1727%;height: 26px\">Purificaci\u00f3n N.<\/td>\n<\/tr>\n<tr style=\"height: 26px\">\n<td style=\"width: 28.2759%;height: 26px\">1\u00baC- aula 11B<\/td>\n<td style=\"width: 21.1727%;height: 26px\">Pablo D. F.<\/td>\n<\/tr>\n<tr style=\"height: 26px\">\n<td style=\"width: 28.2759%;height: 26px\">2\u00baA- aula 12B<\/td>\n<td style=\"width: 21.1727%;height: 26px\">Rosa M\u00aa R.<\/td>\n<\/tr>\n<tr style=\"height: 26px\">\n<td style=\"width: 28.2759%;height: 26px\">2\u00baB- aula 3B<\/td>\n<td style=\"width: 21.1727%;height: 26px\">Diana S.<\/td>\n<\/tr>\n<tr style=\"height: 26px\">\n<td style=\"width: 28.2759%;height: 26px\">2\u00baC- aula 4B<\/td>\n<td style=\"width: 21.1727%;height: 26px\">Laura A.<\/td>\n<\/tr>\n<tr style=\"height: 26px\">\n<td style=\"width: 28.2759%;height: 26px\">2\u00baD- aula 5B<\/td>\n<td style=\"width: 21.1727%;height: 26px\">Ana C.<\/td>\n<\/tr>\n<\/tbody>\n<\/table>\n<p style=\"text-align: center\"><span style=\"text-decoration: underline\">Segundo Ciclo&nbsp;<\/span><\/p>\n<table class=\" aligncenter\" style=\"width: 49.687%;border-collapse: collapse;border-color: #beb7c9;background-color: #beb7c9\">\n<tbody>\n<tr>\n<td style=\"width: 24.8276%\">3\u00baA- aula 11A<\/td>\n<td style=\"width: 26.9109%\">Alejandro C.<\/td>\n<\/tr>\n<tr>\n<td style=\"width: 24.8276%\">3\u00baB-aula 12A<\/td>\n<td style=\"width: 26.9109%\">Irene J.<\/td>\n<\/tr>\n<tr>\n<td style=\"width: 24.8276%\">3\u00baC- aula 6B<\/td>\n<td style=\"width: 26.9109%\">Bel\u00e9n D.<\/td>\n<\/tr>\n<tr>\n<td style=\"width: 24.8276%\">3\u00baD- aula ext.<\/td>\n<td style=\"width: 26.9109%\">M\u00aa Carmen G.<\/td>\n<\/tr>\n<tr>\n<td style=\"width: 24.8276%\">4\u00baA- aula 10A<\/td>\n<td style=\"width: 26.9109%\">Lola Z.<\/td>\n<\/tr>\n<tr>\n<td style=\"width: 24.8276%\">4\u00baB- aula 7A<\/td>\n<td style=\"width: 26.9109%\">Laura C.<\/td>\n<\/tr>\n<tr>\n<td style=\"width: 24.8276%\">4\u00baC- aula 13A<\/td>\n<td style=\"width: 26.9109%\">Carmen L.<\/td>\n<\/tr>\n<tr>\n<td style=\"width: 24.8276%\">4\u00baD- aula 8A<\/td>\n<td style=\"width: 26.9109%\">Lidia R.<\/td>\n<\/tr>\n<\/tbody>\n<\/table>\n<p style=\"text-align: center\"><span style=\"text-decoration: underline\">Tercer ciclo<\/span><\/p>\n<table class=\" aligncenter\" style=\"width: 49.687%;border-collapse: collapse;border-color: #a3c6cc;background-color: #a3c6cc\">\n<tbody>\n<tr style=\"height: 26px\">\n<td style=\"width: 25.2336%;height: 26px\">5\u00baA-aula 6A<\/td>\n<td style=\"width: 16.2785%;height: 26px\">M\u00aa Jes\u00fas R.<\/td>\n<\/tr>\n<tr style=\"height: 26px\">\n<td style=\"width: 25.2336%;height: 26px\">5\u00baB- aula 1A<\/td>\n<td style=\"width: 16.2785%;height: 26px\">Aurora G.<\/td>\n<\/tr>\n<tr style=\"height: 26px\">\n<td style=\"width: 25.2336%;height: 26px\">5\u00baC- aula 14A<\/td>\n<td style=\"width: 16.2785%;height: 26px\">David F.<\/td>\n<\/tr>\n<tr style=\"height: 26px\">\n<td style=\"width: 25.2336%;height: 26px\">5\u00baD- aula 9A<\/td>\n<td style=\"width: 16.2785%;height: 26px\">Mat\u00edas T.<\/td>\n<\/tr>\n<tr style=\"height: 26px\">\n<td style=\"width: 25.2336%;height: 26px\">6\u00baA- aula 2A<\/td>\n<td style=\"width: 16.2785%;height: 26px\">Pilar M.<\/td>\n<\/tr>\n<tr style=\"height: 26px\">\n<td style=\"width: 25.2336%;height: 26px\">6\u00baB- aula 3A<\/td>\n<td style=\"width: 16.2785%;height: 26px\">Nely O.<\/td>\n<\/tr>\n<tr style=\"height: 26px\">\n<td style=\"width: 25.2336%;height: 26px\">6\u00baC- aula 4A<\/td>\n<td style=\"width: 16.2785%;height: 26px\">Marta M.<\/td>\n<\/tr>\n<tr style=\"height: 26px\">\n<td style=\"width: 25.2336%;height: 26px\">6\u00baD- aula 5A<\/td>\n<td style=\"width: 16.2785%;height: 26px\">M\u00aa F\u00e1tima R.<\/td>\n<\/tr>\n<\/tbody>\n<\/table>\n<p style=\"text-align: center\"><span style=\"text-decoration: underline\">Educaci\u00f3n Especial<\/span><\/p>\n<table class=\" aligncenter\" style=\"width: 49.687%;border-collapse: collapse;border-color: #de7676;background-color: #de7676\">\n<tbody>\n<tr>\n<td style=\"width: 27.3289%\">Aula Espec\u00edfica- aula 7B<\/td>\n<td style=\"width: 15.0487%\">Ana M.<\/td>\n<\/tr>\n<\/tbody>\n<\/table>\n<p style=\"text-align: center\"><span style=\"text-decoration: underline\">Especialistas<\/span><\/p>\n<table class=\" aligncenter\" style=\"width: 67.687%;border-collapse: collapse;border-color: #adc278;background-color: #adc278\">\n<tbody>\n<tr>\n<td style=\"width: 40.6897%\">E.F.<\/td>\n<td style=\"width: 40.5172%\">Ra\u00fal C.<\/td>\n<\/tr>\n<tr>\n<td style=\"width: 40.6897%\">Ingl\u00e9s<\/td>\n<td style=\"width: 40.5172%\">Laura&nbsp; V.&nbsp; &#8211; Antonio C.<\/td>\n<\/tr>\n<tr>\n<td style=\"width: 40.6897%\">Religi\u00f3n<\/td>\n<td style=\"width: 40.5172%\">Estefan\u00eda C. &#8211; Juan Diego V.<\/td>\n<\/tr>\n<tr>\n<td style=\"width: 40.6897%\">Educadora<\/td>\n<td style=\"width: 40.5172%\">Teresa L.<\/td>\n<\/tr>\n<tr>\n<td style=\"width: 40.6897%\">Orientadora<\/td>\n<td style=\"width: 40.5172%\">Beatriz M.<\/td>\n<\/tr>\n<tr>\n<td style=\"width: 40.6897%\">Pedagog\u00eda Terap\u00e9utica<\/td>\n<td style=\"width: 40.5172%\">Elena C.<\/td>\n<\/tr>\n<tr>\n<td style=\"width: 40.6897%\">Audici\u00f3n y lenguaje<\/td>\n<td style=\"width: 40.5172%\">Ana M\u00aa U.<\/td>\n<\/tr>\n<\/tbody>\n<\/table>\n","protected":false},"excerpt":{"rendered":"<p>Organigrama 2023\/2024 &nbsp; Educaci\u00f3n Infantil Inf 3 a\u00f1os- aula 1B Claudia R. Inf 4A a\u00f1os- aula 1 Pre \u00c1ngeles B. Inf 4B a\u00f1os- aula 2 Pre M\u00aa Bego\u00f1a L. Inf 5 a\u00f1os- aula 2B Paqui C. Primer Ciclo 1\u00baA- aula 9B Maite G. 1\u00baB- aula 10B Purificaci\u00f3n N. 1\u00baC- aula 11B Pablo D. F. 2\u00baA- &hellip; <\/p>\n<p class=\"link-more\"><a href=\"https:\/\/blogsaverroes.juntadeandalucia.es\/ceiptinar\/organigrama\/\" class=\"more-link\">Continuar leyendo<span class=\"screen-reader-text\"> \u00abORGANIGRAMA\u00bb<\/span><\/a><\/p>\n","protected":false},"author":1968,"featured_media":0,"parent":0,"menu_order":0,"comment_status":"closed","ping_status":"closed","template":"","meta":{"ngg_post_thumbnail":0,"footnotes":"","_mc_calendar":[]},"aioseo_notices":[],"_links":{"self":[{"href":"https:\/\/blogsaverroes.juntadeandalucia.es\/ceiptinar\/wp-json\/wp\/v2\/pages\/5330"}],"collection":[{"href":"https:\/\/blogsaverroes.juntadeandalucia.es\/ceiptinar\/wp-json\/wp\/v2\/pages"}],"about":[{"href":"https:\/\/blogsaverroes.juntadeandalucia.es\/ceiptinar\/wp-json\/wp\/v2\/types\/page"}],"author":[{"embeddable":true,"href":"https:\/\/blogsaverroes.juntadeandalucia.es\/ceiptinar\/wp-json\/wp\/v2\/users\/1968"}],"replies":[{"embeddable":true,"href":"https:\/\/blogsaverroes.juntadeandalucia.es\/ceiptinar\/wp-json\/wp\/v2\/comments?post=5330"}],"version-history":[{"count":3,"href":"https:\/\/blogsaverroes.juntadeandalucia.es\/ceiptinar\/wp-json\/wp\/v2\/pages\/5330\/revisions"}],"predecessor-version":[{"id":5347,"href":"https:\/\/blogsaverroes.juntadeandalucia.es\/ceiptinar\/wp-json\/wp\/v2\/pages\/5330\/revisions\/5347"}],"wp:attachment":[{"href":"https:\/\/blogsaverroes.juntadeandalucia.es\/ceiptinar\/wp-json\/wp\/v2\/media?parent=5330"}],"curies":[{"name":"wp","href":"https:\/\/api.w.org\/{rel}","templated":true}]}}