{"id":44,"date":"2015-03-13T08:42:15","date_gmt":"2015-03-13T08:42:15","guid":{"rendered":"http:\/\/blogsaverroes.juntadeandalucia.es\/pre\/ceip\/?page_id=44"},"modified":"2024-05-14T08:51:50","modified_gmt":"2024-05-14T07:51:50","slug":"planes-y-proyectos","status":"publish","type":"page","link":"https:\/\/blogsaverroes.juntadeandalucia.es\/ceiptirsodemolina\/planes-y-proyectos\/","title":{"rendered":"Planes y Programas"},"content":{"rendered":"<div class=\"osc-res-tab tabbable   osc-tabs-left\"><div style=\"clear:both;width: 100%;\"><ul class=\"nav osc-res-nav nav-tabs osc-tabs-left-ul\" id=\"oscitas-restabs-1-planes-y-proyectos-63523\"><li class=\"active\"><a href=\"#ert_pane1-0\" data-toggle=\"tab\">Plan de Apertura<\/a><\/li><li class=\"\"><a href=\"#ert_pane1-1\" data-toggle=\"tab\">Plan de Igualdad<\/a><\/li><li class=\"\"><a href=\"#ert_pane1-2\" data-toggle=\"tab\">Creciendo en Salud<\/a><\/li><li class=\"\"><a href=\"#ert_pane1-3\" data-toggle=\"tab\">Plan TDE<\/a><\/li><li class=\"\"><a href=\"#ert_pane1-4\" data-toggle=\"tab\">Escuela Espacio de Paz<\/a><\/li><li class=\"\"><a href=\"#ert_pane1-5\" data-toggle=\"tab\">Tab number 6<\/a><\/li><\/ul><\/div><div style=\"clear:both;width: 100%;\"><ul class=\"tab-content\" id=\"oscitas-restabcontent-1-planes-y-proyectos-63523\"><li class=\"tab-pane active\" id=\"ert_pane1-0\"><\/p>\n<h1><span style=\"color: #ff00ff\"><strong>PLAN DE APERTURA DE CENTROS<\/strong><\/span><\/h1>\n<p style=\"padding-left: 40px\">El principal objetivo del <span style=\"color: #3366ff\"><strong>PLAN DE APERTURA DE CENTROS<\/strong><\/span> es la conciliaci\u00f3n de la vida laboral y familiar.<\/p>\n<p style=\"padding-left: 40px\">Nuestro Plan de Apertura est\u00e1 compuesto por los siguientes servicios:<\/p>\n<p style=\"padding-left: 40px\">&nbsp;&nbsp;&nbsp;&nbsp;&nbsp;&nbsp;&nbsp;&nbsp;&nbsp;&nbsp;&nbsp;&nbsp;<a href=\"https:\/\/blogsaverroes.juntadeandalucia.es\/ceiptirsodemolina\/files\/2020\/01\/relojito.jpg\"><img decoding=\"async\" class=\"size-full wp-image-2273 alignleft\" src=\"https:\/\/blogsaverroes.juntadeandalucia.es\/ceiptirsodemolina\/files\/2020\/01\/relojito.jpg\" alt=\"\" width=\"59\" height=\"76\" srcset=\"https:\/\/blogsaverroes.juntadeandalucia.es\/ceiptirsodemolina\/files\/2020\/01\/relojito.jpg 59w, https:\/\/blogsaverroes.juntadeandalucia.es\/ceiptirsodemolina\/files\/2020\/01\/relojito-19x24.jpg 19w, https:\/\/blogsaverroes.juntadeandalucia.es\/ceiptirsodemolina\/files\/2020\/01\/relojito-28x36.jpg 28w, https:\/\/blogsaverroes.juntadeandalucia.es\/ceiptirsodemolina\/files\/2020\/01\/relojito-37x48.jpg 37w\" sizes=\"(max-width: 59px) 100vw, 59px\" \/><\/a>&nbsp;&nbsp;&nbsp;&nbsp;&nbsp;&nbsp;&nbsp;&nbsp;<\/p>\n<h2 style=\"padding-left: 40px\">&nbsp;&nbsp;&nbsp;&nbsp;&nbsp;&nbsp;<\/h2>\n<h3 style=\"padding-left: 40px\"><span style=\"color: #3366ff\"><strong>Aula Matinal<\/strong><\/span><\/h3>\n<ul>\n<li style=\"list-style-type: none\">\n<ul style=\"list-style-type: circle\">\n<li>El horario del Aula Matinal es de 07:30 a 09:00 horas.<\/li>\n<\/ul>\n<\/li>\n<\/ul>\n<p style=\"padding-left: 40px\"><a href=\"https:\/\/blogsaverroes.juntadeandalucia.es\/ceiptirsodemolina\/files\/2019\/11\/cuchara.png\"><img decoding=\"async\" class=\"wp-image-2185 alignleft\" src=\"https:\/\/blogsaverroes.juntadeandalucia.es\/ceiptirsodemolina\/files\/2019\/11\/cuchara.png\" alt=\"\" width=\"172\" height=\"44\" srcset=\"https:\/\/blogsaverroes.juntadeandalucia.es\/ceiptirsodemolina\/files\/2019\/11\/cuchara.png 828w, https:\/\/blogsaverroes.juntadeandalucia.es\/ceiptirsodemolina\/files\/2019\/11\/cuchara-300x77.png 300w, https:\/\/blogsaverroes.juntadeandalucia.es\/ceiptirsodemolina\/files\/2019\/11\/cuchara-768x197.png 768w, https:\/\/blogsaverroes.juntadeandalucia.es\/ceiptirsodemolina\/files\/2019\/11\/cuchara-24x6.png 24w, https:\/\/blogsaverroes.juntadeandalucia.es\/ceiptirsodemolina\/files\/2019\/11\/cuchara-36x9.png 36w, https:\/\/blogsaverroes.juntadeandalucia.es\/ceiptirsodemolina\/files\/2019\/11\/cuchara-48x12.png 48w\" sizes=\"(max-width: 172px) 100vw, 172px\" \/><\/a><\/p>\n<p style=\"padding-left: 40px\">&nbsp;&nbsp;&nbsp;&nbsp;&nbsp;&nbsp;&nbsp;&nbsp;&nbsp;&nbsp;&nbsp;&nbsp;&nbsp;&nbsp;&nbsp;&nbsp;&nbsp;<\/p>\n<h3>&nbsp;<\/h3>\n<h3 style=\"padding-left: 40px\"><span style=\"color: #3366ff\"><strong>Comedor Escolar<\/strong><\/span><\/h3>\n<ul>\n<li style=\"list-style-type: none\">\n<ul style=\"list-style-type: circle\">\n<li>El Comedor Escolar de nuestro es un servicio ofrecido por la \u201cResidencia Escolar La Aduana\u201d. En horario de 14:00 a 16:00 horas.<\/li>\n<\/ul>\n<\/li>\n<\/ul>\n<p>&nbsp;<\/p>\n<p style=\"padding-left: 40px\"><a href=\"https:\/\/blogsaverroes.juntadeandalucia.es\/ceiptirsodemolina\/files\/2020\/01\/fut.png\"><img decoding=\"async\" class=\"alignnone size-full wp-image-2287\" src=\"https:\/\/blogsaverroes.juntadeandalucia.es\/ceiptirsodemolina\/files\/2020\/01\/fut.png\" alt=\"\" width=\"52\" height=\"52\" srcset=\"https:\/\/blogsaverroes.juntadeandalucia.es\/ceiptirsodemolina\/files\/2020\/01\/fut.png 52w, https:\/\/blogsaverroes.juntadeandalucia.es\/ceiptirsodemolina\/files\/2020\/01\/fut-24x24.png 24w, https:\/\/blogsaverroes.juntadeandalucia.es\/ceiptirsodemolina\/files\/2020\/01\/fut-36x36.png 36w, https:\/\/blogsaverroes.juntadeandalucia.es\/ceiptirsodemolina\/files\/2020\/01\/fut-48x48.png 48w\" sizes=\"(max-width: 52px) 100vw, 52px\" \/><\/a><a href=\"https:\/\/blogsaverroes.juntadeandalucia.es\/ceiptirsodemolina\/files\/2020\/01\/balonc.png\"><img loading=\"lazy\" decoding=\"async\" class=\"alignnone size-full wp-image-2286\" src=\"https:\/\/blogsaverroes.juntadeandalucia.es\/ceiptirsodemolina\/files\/2020\/01\/balonc.png\" alt=\"\" width=\"53\" height=\"53\" srcset=\"https:\/\/blogsaverroes.juntadeandalucia.es\/ceiptirsodemolina\/files\/2020\/01\/balonc.png 53w, https:\/\/blogsaverroes.juntadeandalucia.es\/ceiptirsodemolina\/files\/2020\/01\/balonc-24x24.png 24w, https:\/\/blogsaverroes.juntadeandalucia.es\/ceiptirsodemolina\/files\/2020\/01\/balonc-36x36.png 36w, https:\/\/blogsaverroes.juntadeandalucia.es\/ceiptirsodemolina\/files\/2020\/01\/balonc-48x48.png 48w\" sizes=\"(max-width: 53px) 100vw, 53px\" \/><\/a><\/p>\n<h3 style=\"padding-left: 40px\"><span style=\"color: #3366ff\"><strong>Escuela Deportiva\/Cesi\u00f3n de espacios<\/strong><\/span><\/h3>\n<h3 style=\"padding-left: 40px\">&nbsp;<\/h3>\n<ul>\n<li style=\"list-style-type: none\">\n<ul style=\"list-style-type: circle\">\n<li>Este curso 22\/23 se han cedido espacios a la Escuela de baloncesto \u00abCiudad de C\u00f3rdoba\u00bb,&nbsp; los lunes y mi\u00e9rcoles de 16:00 a 18:00 horas.<\/li>\n<\/ul>\n<\/li>\n<\/ul>\n<h6 style=\"padding-left: 40px\">&nbsp;<\/h6>\n<h3 style=\"font-style: normal;padding-left: 40px\"><img loading=\"lazy\" decoding=\"async\" class=\"size-full wp-image-2282 alignleft\" style=\"padding: 4.95312px\" src=\"https:\/\/blogsaverroes.juntadeandalucia.es\/ceiptirsodemolina\/files\/2020\/01\/BANDERA-INGLESA.jpg\" alt=\"\" width=\"44\" height=\"44\" srcset=\"https:\/\/blogsaverroes.juntadeandalucia.es\/ceiptirsodemolina\/files\/2020\/01\/BANDERA-INGLESA.jpg 44w, https:\/\/blogsaverroes.juntadeandalucia.es\/ceiptirsodemolina\/files\/2020\/01\/BANDERA-INGLESA-24x24.jpg 24w, https:\/\/blogsaverroes.juntadeandalucia.es\/ceiptirsodemolina\/files\/2020\/01\/BANDERA-INGLESA-36x36.jpg 36w\" sizes=\"(max-width: 44px) 100vw, 44px\" \/><\/h3>\n<h3><img loading=\"lazy\" decoding=\"async\" class=\"size-full wp-image-2283 alignleft\" style=\"padding: 4.95312px;background-color: #f0f0f0\" src=\"https:\/\/blogsaverroes.juntadeandalucia.es\/ceiptirsodemolina\/files\/2020\/01\/ROBOT.jpg\" alt=\"\" width=\"45\" height=\"55\" srcset=\"https:\/\/blogsaverroes.juntadeandalucia.es\/ceiptirsodemolina\/files\/2020\/01\/ROBOT.jpg 45w, https:\/\/blogsaverroes.juntadeandalucia.es\/ceiptirsodemolina\/files\/2020\/01\/ROBOT-20x24.jpg 20w, https:\/\/blogsaverroes.juntadeandalucia.es\/ceiptirsodemolina\/files\/2020\/01\/ROBOT-29x36.jpg 29w, https:\/\/blogsaverroes.juntadeandalucia.es\/ceiptirsodemolina\/files\/2020\/01\/ROBOT-39x48.jpg 39w\" sizes=\"(max-width: 45px) 100vw, 45px\" \/><\/h3>\n<h3><img loading=\"lazy\" decoding=\"async\" class=\"size-full wp-image-2284 alignleft\" style=\"padding: 4.95312px\" src=\"https:\/\/blogsaverroes.juntadeandalucia.es\/ceiptirsodemolina\/files\/2020\/01\/MULTIDEPORTE.jpg\" alt=\"\" width=\"41\" height=\"49\" srcset=\"https:\/\/blogsaverroes.juntadeandalucia.es\/ceiptirsodemolina\/files\/2020\/01\/MULTIDEPORTE.jpg 41w, https:\/\/blogsaverroes.juntadeandalucia.es\/ceiptirsodemolina\/files\/2020\/01\/MULTIDEPORTE-20x24.jpg 20w, https:\/\/blogsaverroes.juntadeandalucia.es\/ceiptirsodemolina\/files\/2020\/01\/MULTIDEPORTE-30x36.jpg 30w, https:\/\/blogsaverroes.juntadeandalucia.es\/ceiptirsodemolina\/files\/2020\/01\/MULTIDEPORTE-40x48.jpg 40w\" sizes=\"(max-width: 41px) 100vw, 41px\" \/><\/h3>\n<h3>&nbsp;<\/h3>\n<h3>&nbsp;<\/h3>\n<ul>\n<li style=\"list-style-type: none\">\n<ul style=\"list-style-type: circle\">\n<li><strong>Multideporte:<\/strong> Infantil. Martes y jueves de 16:00 a 17:00 horas.<\/li>\n<li><strong>Multideporte:<\/strong> Primaria. Martes y jueves de 16:00 a 17:00 Horas.<\/li>\n<li><strong>Ingl\u00e9s:<\/strong> Infantil. Lunes y mi\u00e9rcoles de 16:00 a 17:00 horas.<\/li>\n<li><strong>Rob\u00f3tica:<\/strong> De Infantil cinco a\u00f1os a 6\u00ba de EPO. Diferentes grupos de lunes a jueves en horario de 16:00 a 17:00 horas o de 17:00 a 18:00 horas.<\/li>\n<\/ul>\n<\/li>\n<\/ul>\n<p>.<\/li><li class=\"tab-pane \" id=\"ert_pane1-1\"><\/p>\n<h1><span style=\"color: #ff00ff\"><strong>PLAN DE IGUALDAD<\/strong><\/span><\/h1>\n<p><a href=\"https:\/\/blogsaverroes.juntadeandalucia.es\/ceiptirsodemolina\/files\/2020\/01\/coeduc.png\"><img loading=\"lazy\" decoding=\"async\" class=\"wp-image-2290 aligncenter\" src=\"https:\/\/blogsaverroes.juntadeandalucia.es\/ceiptirsodemolina\/files\/2020\/01\/coeduc.png\" alt=\"\" width=\"749\" height=\"158\" srcset=\"https:\/\/blogsaverroes.juntadeandalucia.es\/ceiptirsodemolina\/files\/2020\/01\/coeduc.png 886w, https:\/\/blogsaverroes.juntadeandalucia.es\/ceiptirsodemolina\/files\/2020\/01\/coeduc-300x63.png 300w, https:\/\/blogsaverroes.juntadeandalucia.es\/ceiptirsodemolina\/files\/2020\/01\/coeduc-768x162.png 768w, https:\/\/blogsaverroes.juntadeandalucia.es\/ceiptirsodemolina\/files\/2020\/01\/coeduc-24x5.png 24w, https:\/\/blogsaverroes.juntadeandalucia.es\/ceiptirsodemolina\/files\/2020\/01\/coeduc-36x8.png 36w, https:\/\/blogsaverroes.juntadeandalucia.es\/ceiptirsodemolina\/files\/2020\/01\/coeduc-48x10.png 48w\" sizes=\"(max-width: 749px) 100vw, 749px\" \/><\/a><\/p>\n<p style=\"padding-left: 40px;text-align: justify\">Con el Plan de Igualdad pretendemos promover una socializaci\u00f3n igualitaria para ni\u00f1os y ni\u00f1as. Proponer actuaciones que incidan, y que pongan de manifiesto, la cultura real que sustenta la desigualdad. Actuaciones a favor de educar ni\u00f1os y ni\u00f1as libres para elegir su presente y su futuro sin estar sujetos a una socializaci\u00f3n y educaci\u00f3n diferenciada para unos\/as y otros\/as.<\/p>\n<p style=\"padding-left: 40px;text-align: justify\">Nuestro lema es \u201cYo gano, tu ganas\u201d, un lema para construir una sociedad igualitaria y justa.<\/p>\n<h5 style=\"padding-left: 40px;text-align: justify\"><span style=\"color: #3366ff\"><strong>\u00bfQU\u00c9 ES EL PLAN DE IGUALDAD DEL CENTRO?<\/strong><\/span><\/h5>\n<h5 style=\"padding-left: 40px;text-align: justify\">Es un documento en el que se recoge ese conjunto de actuaciones, medidas y acciones para implementar la coeducaci\u00f3n en la pr\u00e1ctica pedag\u00f3gica de nuestro colegio. Es un documento realista y operativo, que incide en la sensibilizaci\u00f3n y compromiso de toda la comunidad educativa y con objetivos afines a los establecidos en el <a href=\"http:\/\/www.juntadeandalucia.es\/educacion\/portals\/delegate\/content\/c8458d47-056d-4d79-a1bc-4d0129f567e2\" target=\"_blank\" rel=\"noopener noreferrer\"><span style=\"color: #000000\"><strong>II Plan Estrat\u00e9gico de Igualdad de G\u00e9nero en Educaci\u00f3n 2016-2021 <\/strong><\/span><\/a>de la Consejer\u00eda de Educaci\u00f3n y Deporte.<\/h5>\n<p style=\"padding-left: 40px;text-align: justify\">&nbsp;<\/p>\n<p>.<\/li><li class=\"tab-pane \" id=\"ert_pane1-2\"><\/p>\n<h6>&nbsp;<\/h6>\n<h2><span style=\"color: #ff00ff\"><strong>PROGRAMA CRECIENDO EN SALUD<\/strong><\/span><\/h2>\n<p style=\"padding-left: 40px;text-align: justify\">\u201cLa salud es educable\u201d. Las personas podemos tomar decisiones sobre nuestros propios estilos y condiciones de vida.<\/p>\n<p style=\"padding-left: 40px;text-align: justify\">Con el Programa Creciendo en salud pretendemos:<\/p>\n<p style=\"padding-left: 40px;text-align: justify\">Contribuir al desarrollo de competencias y capacidades que permitan al alumnado afrontar los riesgos para la salud m\u00e1s frecuentes en estas edades, favoreciendo la elecci\u00f3n de conductas saludables.<\/p>\n<p style=\"padding-left: 40px;text-align: justify\">Promover aptitudes que permitan tomar conciencia de las emociones propias y de los dem\u00e1s, as\u00ed como aprender a regularlas, mediante estrategias que favorezcan el desarrollo personal y social.<\/p>\n<p style=\"padding-left: 40px;text-align: justify\">Desarrollar habilidades que potencien la autonom\u00eda emocional, una actitud positiva hacia uno mismo y hacia los dem\u00e1s, as\u00ed como estrategias que permitan afrontar los retos de la vida de forma sana y equilibrada.<\/p>\n<p style=\"padding-left: 40px;text-align: justify\">Sensibilizar sobre la importancia de realizar actividad f\u00edsica y llevar una alimentaci\u00f3n variada y equilibrada basada en la dieta mediterr\u00e1nea, haciendo especial \u00e9nfasis en el aumento del consumo de frutas y hortalizas y en la disminuci\u00f3n del consumo de bebidas azucaradas.<\/p>\n<p>&nbsp;<\/p>\n<p style=\"font-family: 'Open Sans', sans-serif;font-size: 15px;font-style: normal;font-weight: 400\">&nbsp;<\/p>\n<p><img loading=\"lazy\" decoding=\"async\" class=\"size-full wp-image-2291 aligncenter\" src=\"https:\/\/blogsaverroes.juntadeandalucia.es\/ceiptirsodemolina\/files\/2020\/01\/CRECIENDO-EN-SALUD.jpg\" alt=\"\" width=\"219\" height=\"210\" srcset=\"https:\/\/blogsaverroes.juntadeandalucia.es\/ceiptirsodemolina\/files\/2020\/01\/CRECIENDO-EN-SALUD.jpg 219w, https:\/\/blogsaverroes.juntadeandalucia.es\/ceiptirsodemolina\/files\/2020\/01\/CRECIENDO-EN-SALUD-24x24.jpg 24w, https:\/\/blogsaverroes.juntadeandalucia.es\/ceiptirsodemolina\/files\/2020\/01\/CRECIENDO-EN-SALUD-36x36.jpg 36w, https:\/\/blogsaverroes.juntadeandalucia.es\/ceiptirsodemolina\/files\/2020\/01\/CRECIENDO-EN-SALUD-48x46.jpg 48w\" sizes=\"(max-width: 219px) 100vw, 219px\" \/><\/p>\n<p>.<\/li><li class=\"tab-pane \" id=\"ert_pane1-3\"><\/p>\n<h2><span style=\"color: #ff00ff\"><strong>PLAN DE TRANSFORMACI\u00d3N DIGITAL EDUCATIVA<\/strong><\/span><\/h2>\n<p style=\"padding-left: 40px;text-align: justify\">Fomentamos el uso de las nuevas tecnolog\u00edas en las distintas \u00e1reas y etapas. Actualmente estamos utilizando la plataforma para la gesti\u00f3n del aprendizaje \u00abGoogle Classroom\u00bb, as\u00ed como otras aplicaciones digitales, promoviendo tanto recursos como nuevos modelos de aprendizaje&nbsp; \u00abflipped classroom\u00bb (clase invertida).&nbsp; Todas nuestras aulas disponen de proyector y pizarra interactiva o pantalla t\u00e1ctil.<\/p>\n<p style=\"padding-left: 40px;text-align: justify\">&nbsp;Adem\u00e1s facilitamos la comunicaci\u00f3n con las familias a trav\u00e9s de la herramienta PASEN&nbsp; &nbsp; &nbsp;y\/o el correo electr\u00f3nico.<\/p>\n<p>Para ver nuestro Plan de Actuaci\u00f3n Digital del curso 2021-2022 <a href=\"https:\/\/blogsaverroes.juntadeandalucia.es\/ceiptirsodemolina\/files\/2021\/10\/PAD-21-22-S\u00e9neca.pdf\" target=\"_blank\" rel=\"noopener noreferrer\">haz clic aqu\u00ed.<\/a><\/p>\n<h1 style=\"text-align: justify\"><a href=\"https:\/\/blogsaverroes.juntadeandalucia.es\/ceiptirsodemolina\/files\/2021\/10\/PAD-21-22-S\u00e9neca.pdf\" target=\"_blank\" rel=\"noopener noreferrer\"><img loading=\"lazy\" decoding=\"async\" class=\"aligncenter wp-image-2900\" src=\"https:\/\/blogsaverroes.juntadeandalucia.es\/ceiptirsodemolina\/files\/2021\/02\/TDE.png\" alt=\"\" width=\"150\" height=\"151\"\/><\/a><\/h1>\n<p>.<\/li><li class=\"tab-pane \" id=\"ert_pane1-4\"><\/p>\n<h1 style=\"text-align: justify\"><strong><span style=\"color: #ff00ff\">ESCUELA ESPACIO DE PAZ<\/span><\/strong><\/h1>\n<p style=\"padding-left: 40px;text-align: justify\">La Red Andaluza \u00abEscuela: Espacio de Paz\u00bb es una red de centros interesados en compartir iniciativas, recursos y experiencias para la mejora de la convivencia escolar y la difusi\u00f3n de la Cultura de Paz, contrayendo un compromiso de profundizaci\u00f3n en aspectos concretos de su Plan de Convivencia.<\/p>\n<p style=\"padding-left: 40px;text-align: justify\">Entre las se\u00f1as de identidad de los centros que integran la Red Andaluza \u00abEscuela: Espacio de Paz\u00bb destacan la promoci\u00f3n de los valores propios de una sociedad democr\u00e1tica, el respeto mutuo, la igualdad, el di\u00e1logo, la solidaridad y la resoluci\u00f3n pac\u00edfica de los conflictos, contando con la participaci\u00f3n de toda la comunidad educativa en la vida de los centros y la vinculaci\u00f3n e implicaci\u00f3n con su entorno.<\/p>\n<p>&nbsp;<\/p>\n<h1 style=\"text-align: justify\"><img loading=\"lazy\" decoding=\"async\" class=\"wp-image-2902 aligncenter\" style=\"padding: 0px;background: #ffffff;color: #333333;font: inherit;height: auto;max-width: 100%;margin: 20px auto;border: 0px;vertical-align: baseline\" src=\"https:\/\/blogsaverroes.juntadeandalucia.es\/ceiptirsodemolina\/files\/2021\/02\/Logo-RAEEP-sin-borde-300x199.jpg\" alt=\"\" width=\"229\" height=\"156\"\/><\/h1>\n<p>.<\/li><li class=\"tab-pane \" id=\"ert_pane1-5\">Tab 6 content goes here.<\/li><\/ul><\/div><\/div>\n<p>&nbsp;<\/p>\n<p style=\"padding-left: 40px;text-align: justify\">&nbsp;<\/p>\n<p style=\"text-align: center\">&nbsp;<\/p>\n<h1 style=\"text-align: justify\">&nbsp;<\/h1>\n<p>&nbsp;<\/p>\n<p>&nbsp;<\/p>\n<p>&nbsp;<\/p>\n<p>&nbsp;<\/p>\n<p>&nbsp;<\/p>\n<p>&nbsp;<\/p>\n<p>&nbsp;<\/p>\n<p>&nbsp;<\/p>\n<p>&nbsp;<\/p>\n<p>&nbsp;<\/p>\n<p>&nbsp;<\/p>\n<p>&nbsp;<\/p>\n<p>&nbsp;<\/p>\n<p>&nbsp;<\/p>\n<p>&nbsp;<\/p>\n<p>&nbsp;<\/p>\n<p>&nbsp;<\/p>\n<p>&nbsp;<\/p>\n<p>&nbsp;<\/p>\n","protected":false},"excerpt":{"rendered":"<p>&nbsp; &nbsp; &nbsp; &nbsp; &nbsp; &nbsp; &nbsp; &nbsp; &nbsp; &nbsp; &nbsp; &nbsp; &nbsp; &nbsp; &nbsp; &nbsp; &nbsp; &nbsp; &nbsp; &nbsp; &nbsp; &nbsp; &nbsp;<\/p>\n","protected":false},"author":1,"featured_media":0,"parent":0,"menu_order":0,"comment_status":"closed","ping_status":"closed","template":"","meta":{"ngg_post_thumbnail":0,"footnotes":"","_mc_calendar":[]},"aioseo_notices":[],"_links":{"self":[{"href":"https:\/\/blogsaverroes.juntadeandalucia.es\/ceiptirsodemolina\/wp-json\/wp\/v2\/pages\/44"}],"collection":[{"href":"https:\/\/blogsaverroes.juntadeandalucia.es\/ceiptirsodemolina\/wp-json\/wp\/v2\/pages"}],"about":[{"href":"https:\/\/blogsaverroes.juntadeandalucia.es\/ceiptirsodemolina\/wp-json\/wp\/v2\/types\/page"}],"author":[{"embeddable":true,"href":"https:\/\/blogsaverroes.juntadeandalucia.es\/ceiptirsodemolina\/wp-json\/wp\/v2\/users\/1"}],"replies":[{"embeddable":true,"href":"https:\/\/blogsaverroes.juntadeandalucia.es\/ceiptirsodemolina\/wp-json\/wp\/v2\/comments?post=44"}],"version-history":[{"count":27,"href":"https:\/\/blogsaverroes.juntadeandalucia.es\/ceiptirsodemolina\/wp-json\/wp\/v2\/pages\/44\/revisions"}],"predecessor-version":[{"id":3490,"href":"https:\/\/blogsaverroes.juntadeandalucia.es\/ceiptirsodemolina\/wp-json\/wp\/v2\/pages\/44\/revisions\/3490"}],"wp:attachment":[{"href":"https:\/\/blogsaverroes.juntadeandalucia.es\/ceiptirsodemolina\/wp-json\/wp\/v2\/media?parent=44"}],"curies":[{"name":"wp","href":"https:\/\/api.w.org\/{rel}","templated":true}]}}