{"id":869,"date":"2015-03-16T07:03:52","date_gmt":"2015-03-16T07:03:52","guid":{"rendered":"http:\/\/blogsaverroes.juntadeandalucia.es\/pre\/ceip\/?page_id=84"},"modified":"2025-11-04T12:03:21","modified_gmt":"2025-11-04T11:03:21","slug":"calendario-escolar","status":"publish","type":"page","link":"https:\/\/blogsaverroes.juntadeandalucia.es\/ceiptirsodemolina\/calendario-escolar\/","title":{"rendered":"Calendario escolar"},"content":{"rendered":"<p style=\"text-align: center\"><strong>Calendario escolar para el curso acad\u00e9mico 2025-2026<\/strong><\/p>\n<p>La vuelta al cole de los alumnos de Infantil, Primaria y Educaci\u00f3n Especial tendr\u00e1 lugar el mi\u00e9rcoles 10 de septiembre, con un total de 178 d\u00edas lectivos. Las clases para estos niveles terminar\u00e1n el 22 de junio de 2026.<\/p>\n<p>&nbsp;<\/p>\n<p><a href=\"https:\/\/blogsaverroes.juntadeandalucia.es\/ceiptirsodemolina\/files\/2025\/11\/CALENDARIO_2025-26_1.jpg\"><img fetchpriority=\"high\" decoding=\"async\" class=\"aligncenter size-full wp-image-3739\" src=\"https:\/\/blogsaverroes.juntadeandalucia.es\/ceiptirsodemolina\/files\/2025\/11\/CALENDARIO_2025-26_1.jpg\" alt=\"\" width=\"794\" height=\"1123\" srcset=\"https:\/\/blogsaverroes.juntadeandalucia.es\/ceiptirsodemolina\/files\/2025\/11\/CALENDARIO_2025-26_1.jpg 794w, https:\/\/blogsaverroes.juntadeandalucia.es\/ceiptirsodemolina\/files\/2025\/11\/CALENDARIO_2025-26_1-212x300.jpg 212w, https:\/\/blogsaverroes.juntadeandalucia.es\/ceiptirsodemolina\/files\/2025\/11\/CALENDARIO_2025-26_1-724x1024.jpg 724w, https:\/\/blogsaverroes.juntadeandalucia.es\/ceiptirsodemolina\/files\/2025\/11\/CALENDARIO_2025-26_1-768x1086.jpg 768w\" sizes=\"(max-width: 794px) 100vw, 794px\" \/><\/a><\/p>\n<h3 class=\"ft-helper-spacer-t-xs ft-helper-fontSize-heading-S\">Estos son los festivos del curso 2025-2026<\/h3>\n<p class=\"ft-text\">El curso escolar 2025-2026 contar\u00e1 con los siguientes festivos:<\/p>\n<ul class=\"ft-list ft-list--primary\" data-aida-text=\"\">\n<li class=\"ft-list__item\"><strong>Lunes 3 de noviembre de 2025.<\/strong>&nbsp;D\u00eda no lectivo provincial<\/li>\n<li class=\"ft-list__item\"><strong>Lunes 13 de octubre de 2025.<\/strong>&nbsp;Fiesta Nacional (pasa de domingo a lunes)<\/li>\n<li class=\"ft-list__item\"><strong>Lunes 8 de diciembre de 2025<\/strong>: D\u00eda de la Inmaculada.<\/li>\n<li class=\"ft-list__item\"><strong>Mi\u00e9rcoles 7 de enero de 2026.<\/strong>&nbsp;D\u00eda no lectivo provincial.<\/li>\n<li class=\"ft-list__item\"><strong>Lunes 2 de marzo de 2026.<\/strong>&nbsp;D\u00eda de la Comunidad Educativa.<\/li>\n<li class=\"ft-list__item\"><strong>Viernes 1 de mayo de 2026.&nbsp;<\/strong>D\u00eda del Trabajo.<\/li>\n<\/ul>\n<h3 class=\"ft-helper-spacer-t-xs ft-helper-fontSize-heading-XS\">Tres festivos locales<\/h3>\n<p class=\"ft-text\">Adem\u00e1s, hay que destacar que&nbsp;<strong>cada Ayuntamiento tiene derecho<\/strong>, seg\u00fan la normativa andaluza, a disponer de&nbsp;<strong>tres d\u00edas festivos<\/strong>&nbsp;y, por tanto, no lectivos para los alumnos de su localidad. En un principio, contando con la costumbre de los \u00faltimos cursos, y&nbsp;<strong>sin que haya a\u00fan confirmaci\u00f3n oficial<\/strong>, es previsible que el&nbsp;<strong>jueves y viernes de Feria<\/strong>, se unan como festivos en la capital cordobesa. Tambi\u00e9n es festivo el<strong>&nbsp;24 de octubre, D\u00eda de San Rafael<\/strong>.<\/p>\n","protected":false},"excerpt":{"rendered":"<p>Calendario escolar para el curso acad\u00e9mico 2025-2026 La vuelta al cole de los alumnos de Infantil, Primaria y Educaci\u00f3n Especial tendr\u00e1 lugar el mi\u00e9rcoles 10 de septiembre, con un total de 178 d\u00edas lectivos. Las clases para estos niveles terminar\u00e1n el 22 de junio de 2026. &nbsp; Estos son los festivos del curso 2025-2026 El &hellip; <\/p>\n<p><a class=\"more-link btn\" href=\"https:\/\/blogsaverroes.juntadeandalucia.es\/ceiptirsodemolina\/calendario-escolar\/\">Seguir leyendo<\/a><\/p>\n","protected":false},"author":1,"featured_media":0,"parent":0,"menu_order":0,"comment_status":"closed","ping_status":"open","template":"","meta":{"ngg_post_thumbnail":0,"footnotes":"","_mc_calendar":{"weekends":"true","shortcode":"[my_calendar weekends=&quot;true&quot;]","append":""}},"aioseo_notices":[],"_links":{"self":[{"href":"https:\/\/blogsaverroes.juntadeandalucia.es\/ceiptirsodemolina\/wp-json\/wp\/v2\/pages\/869"}],"collection":[{"href":"https:\/\/blogsaverroes.juntadeandalucia.es\/ceiptirsodemolina\/wp-json\/wp\/v2\/pages"}],"about":[{"href":"https:\/\/blogsaverroes.juntadeandalucia.es\/ceiptirsodemolina\/wp-json\/wp\/v2\/types\/page"}],"author":[{"embeddable":true,"href":"https:\/\/blogsaverroes.juntadeandalucia.es\/ceiptirsodemolina\/wp-json\/wp\/v2\/users\/1"}],"replies":[{"embeddable":true,"href":"https:\/\/blogsaverroes.juntadeandalucia.es\/ceiptirsodemolina\/wp-json\/wp\/v2\/comments?post=869"}],"version-history":[{"count":16,"href":"https:\/\/blogsaverroes.juntadeandalucia.es\/ceiptirsodemolina\/wp-json\/wp\/v2\/pages\/869\/revisions"}],"predecessor-version":[{"id":3742,"href":"https:\/\/blogsaverroes.juntadeandalucia.es\/ceiptirsodemolina\/wp-json\/wp\/v2\/pages\/869\/revisions\/3742"}],"wp:attachment":[{"href":"https:\/\/blogsaverroes.juntadeandalucia.es\/ceiptirsodemolina\/wp-json\/wp\/v2\/media?parent=869"}],"curies":[{"name":"wp","href":"https:\/\/api.w.org\/{rel}","templated":true}]}}