{"id":99,"date":"2015-03-16T07:22:54","date_gmt":"2015-03-16T07:22:54","guid":{"rendered":"http:\/\/blogsaverroes.juntadeandalucia.es\/pre\/ceip\/?page_id=99"},"modified":"2021-02-18T19:40:27","modified_gmt":"2021-02-18T18:40:27","slug":"comedor-escolar","status":"publish","type":"page","link":"https:\/\/blogsaverroes.juntadeandalucia.es\/ceiptirsodemolina\/comedor-escolar\/","title":{"rendered":"Comedor escolar"},"content":{"rendered":"<h4 style=\"text-align: center\"><a href=\"https:\/\/blogsaverroes.juntadeandalucia.es\/ceiptirsodemolina\/files\/2019\/11\/cuchara.png\"><img decoding=\"async\" class=\"alignnone size-medium wp-image-2185\" src=\"https:\/\/blogsaverroes.juntadeandalucia.es\/ceiptirsodemolina\/files\/2019\/11\/cuchara-300x77.png\" alt=\"\" width=\"300\" height=\"77\" srcset=\"https:\/\/blogsaverroes.juntadeandalucia.es\/ceiptirsodemolina\/files\/2019\/11\/cuchara-300x77.png 300w, https:\/\/blogsaverroes.juntadeandalucia.es\/ceiptirsodemolina\/files\/2019\/11\/cuchara-768x197.png 768w, https:\/\/blogsaverroes.juntadeandalucia.es\/ceiptirsodemolina\/files\/2019\/11\/cuchara-24x6.png 24w, https:\/\/blogsaverroes.juntadeandalucia.es\/ceiptirsodemolina\/files\/2019\/11\/cuchara-36x9.png 36w, https:\/\/blogsaverroes.juntadeandalucia.es\/ceiptirsodemolina\/files\/2019\/11\/cuchara-48x12.png 48w, https:\/\/blogsaverroes.juntadeandalucia.es\/ceiptirsodemolina\/files\/2019\/11\/cuchara.png 828w\" sizes=\"(max-width: 300px) 100vw, 300px\" \/><\/a><\/h4>\n<p><strong>COMEDOR ESCOLAR<\/strong><\/p>\n<p><strong>&nbsp;<\/strong><strong>El Comedor Escolar de nuestro Centro es un servicio ofrecido por la Residencia Escolar la Aduana<\/strong><strong>. <\/strong>Es un <strong>comedor<\/strong> de<strong> gesti\u00f3n directa <\/strong>y forma parte del plan del Plan de Apertura Centros (horario de 14:00 a 16:00 horas de lunes a viernes).<\/p>\n<p><a href=\"https:\/\/blogsaverroes.juntadeandalucia.es\/ceiptirsodemolina\/files\/2019\/11\/arbol-creciendo-en-salud.png\"><img fetchpriority=\"high\" decoding=\"async\" class=\"alignnone wp-image-2186\" src=\"https:\/\/blogsaverroes.juntadeandalucia.es\/ceiptirsodemolina\/files\/2019\/11\/arbol-creciendo-en-salud-279x300.png\" alt=\"\" width=\"230\" height=\"247\" srcset=\"https:\/\/blogsaverroes.juntadeandalucia.es\/ceiptirsodemolina\/files\/2019\/11\/arbol-creciendo-en-salud-279x300.png 279w, https:\/\/blogsaverroes.juntadeandalucia.es\/ceiptirsodemolina\/files\/2019\/11\/arbol-creciendo-en-salud-22x24.png 22w, https:\/\/blogsaverroes.juntadeandalucia.es\/ceiptirsodemolina\/files\/2019\/11\/arbol-creciendo-en-salud-33x36.png 33w, https:\/\/blogsaverroes.juntadeandalucia.es\/ceiptirsodemolina\/files\/2019\/11\/arbol-creciendo-en-salud-45x48.png 45w, https:\/\/blogsaverroes.juntadeandalucia.es\/ceiptirsodemolina\/files\/2019\/11\/arbol-creciendo-en-salud.png 436w\" sizes=\"(max-width: 230px) 100vw, 230px\" \/><\/a> <a href=\"https:\/\/blogsaverroes.juntadeandalucia.es\/ceiptirsodemolina\/files\/2019\/11\/convivencia-escolar.png\"><img decoding=\"async\" class=\"alignnone wp-image-2187\" src=\"https:\/\/blogsaverroes.juntadeandalucia.es\/ceiptirsodemolina\/files\/2019\/11\/convivencia-escolar-300x140.png\" alt=\"\" width=\"251\" height=\"117\" srcset=\"https:\/\/blogsaverroes.juntadeandalucia.es\/ceiptirsodemolina\/files\/2019\/11\/convivencia-escolar-300x140.png 300w, https:\/\/blogsaverroes.juntadeandalucia.es\/ceiptirsodemolina\/files\/2019\/11\/convivencia-escolar-24x11.png 24w, https:\/\/blogsaverroes.juntadeandalucia.es\/ceiptirsodemolina\/files\/2019\/11\/convivencia-escolar-36x17.png 36w, https:\/\/blogsaverroes.juntadeandalucia.es\/ceiptirsodemolina\/files\/2019\/11\/convivencia-escolar-48x22.png 48w, https:\/\/blogsaverroes.juntadeandalucia.es\/ceiptirsodemolina\/files\/2019\/11\/convivencia-escolar.png 332w\" sizes=\"(max-width: 251px) 100vw, 251px\" \/><\/a> <a href=\"https:\/\/blogsaverroes.juntadeandalucia.es\/ceiptirsodemolina\/files\/2019\/11\/plan-consumo-de-frutas.png\"><img loading=\"lazy\" decoding=\"async\" class=\"alignnone wp-image-2188\" src=\"https:\/\/blogsaverroes.juntadeandalucia.es\/ceiptirsodemolina\/files\/2019\/11\/plan-consumo-de-frutas.png\" alt=\"\" width=\"178\" height=\"129\" srcset=\"https:\/\/blogsaverroes.juntadeandalucia.es\/ceiptirsodemolina\/files\/2019\/11\/plan-consumo-de-frutas.png 264w, https:\/\/blogsaverroes.juntadeandalucia.es\/ceiptirsodemolina\/files\/2019\/11\/plan-consumo-de-frutas-24x17.png 24w, https:\/\/blogsaverroes.juntadeandalucia.es\/ceiptirsodemolina\/files\/2019\/11\/plan-consumo-de-frutas-36x26.png 36w, https:\/\/blogsaverroes.juntadeandalucia.es\/ceiptirsodemolina\/files\/2019\/11\/plan-consumo-de-frutas-48x35.png 48w\" sizes=\"(max-width: 178px) 100vw, 178px\" \/><\/a><\/p>\n<p><strong>El Comedor Escolar y su relaci\u00f3n con nuestro Plan de Centro:<\/strong><\/p>\n<p>Nuestro centro cuenta con el <strong>Proyecto \u201cCreciendo en Salud<\/strong>\u201d, que pretende desarrollar en el alumnado h\u00e1bitos de vida saludable, atendiendo a la educaci\u00f3n emocional y social, al fomento de la actividad f\u00edsica y a la facilitaci\u00f3n de claves para valorar una dieta saludable como la dieta mediterr\u00e1nea.<\/p>\n<p>En relaci\u00f3n con este programa se participa, desde hace varios a\u00f1os, en el Plan de consumo de fruta.<\/p>\n<p>Por otro lado, nuestro <strong>Plan de Convivencia<\/strong>, pretende mejorar las relaciones en el centro, aportando al alumnado herramientas para la soluci\u00f3n pac\u00edfica de conflictos y fomentando el respeto a los dem\u00e1s y a las diferencias.<\/p>\n<p>El Comedor Escolar, Servicio Complementario del centro, por sus caracter\u00edsticas, proporciona un espacio muy adecuado para crear h\u00e1bitos de higiene y salud, as\u00ed como, para trabajar valores de socializaci\u00f3n y de convivencia entre los ni\u00f1os\/as. Todo ello en consonancia con el Proyecto \u201cCreciendo en Salud\u201d y nuestro Plan de Convivencia.<\/p>\n<p>&nbsp;<\/p>\n<p><strong>Objetivos del comedor Escolar:<\/strong><\/p>\n<p>Educaci\u00f3n para la Salud:<\/p>\n<ul>\n<li>Sensibilizar sobre la importancia de llevar una alimentaci\u00f3n variada y equilibrada basada en la dieta mediterr\u00e1nea, haciendo especial \u00e9nfasis en el aumento del consumo de frutas y hortalizas.<\/li>\n<li>Fomentar h\u00e1bitos de higiene en relaci\u00f3n con la alimentaci\u00f3n.<\/li>\n<li>Desarrollar h\u00e1bitos relacionados con las normas de educaci\u00f3n b\u00e1sicas en la mesa y el uso adecuado de los cubiertos y menaje.<\/li>\n<\/ul>\n<p>Educaci\u00f3n para la convivencia:<\/p>\n<ul>\n<li>Promover el bienestar personal fomentando la regulaci\u00f3n y autonom\u00eda emocional.<\/li>\n<li>Promover el bienestar social fomentando actitudes de respeto a los dem\u00e1s, as\u00ed como habilidades para la resoluci\u00f3n pac\u00edfica de conflictos.<\/li>\n<\/ul>\n<p>Corresponsabilidad familia-escuela:<\/p>\n<ul>\n<li>Potenciar la corresponsabilidad entre las familias y la escuela, potenciando el desarrollo de actitudes y h\u00e1bitos saludables tambi\u00e9n en el entorno familiar.<\/li>\n<\/ul>\n<p>&nbsp;<\/p>\n<p><strong>Alergias e intolerancias alimentarias:<\/strong><\/p>\n<p>La legislaci\u00f3n vigente establece que se ofrecer\u00e1n men\u00fas alternativos para aquellos comensales que, por prescripci\u00f3n m\u00e9dica, requieran un men\u00fa especial o tengan intolerancia a ciertos alimentos. En estos casos, los interesados han de presentar el correspondiente informe m\u00e9dico en el centro y mantenerlo actualizado.<\/p>\n<p>&nbsp;<\/p>\n<p>Los comedores escolares son un servicio complementario que resulta de gran utilidad a padres y madres para ayudarles a&nbsp;conciliar la vida laboral y familiar. Tienen una duraci\u00f3n de hasta dos horas desde que acaba la jornada escolar de la ma\u00f1ana (de 14.00 a 16.00 horas).<\/p>\n<p>Los comedores son adem\u00e1s una pieza importante&nbsp;en todas las medidas dirigidas a mejorar los h\u00e1bitos alimenticios de los ni\u00f1os y ni\u00f1as y prevenir problemas de salud como la obesidad.<\/p>\n<p>Los comedores escolares de los centros p\u00fablicos andaluces promueven una alimentaci\u00f3n saludable que est\u00e1 supervisada por nutricionistas y que, entre otros aspectos, se caracteriza por:<\/p>\n<p>Una mayor proporci\u00f3n de verdura en los men\u00fas<\/p>\n<p>Fruta fresca como postre al menos cuatro d\u00edas a la semana<\/p>\n<p>Uso de aceite de oliva virgen extra<\/p>\n<p>M\u00e1s pescado que carne, que debe ser magra<\/p>\n<p>Prohibici\u00f3n de los alimentos precocinados y limitaci\u00f3n de los fritos<\/p>\n<p>Apuesta por la dieta mediterr\u00e1nea y los productos ecol\u00f3gicos<\/p>\n<p>&nbsp;<\/p>\n<p>&nbsp;<\/p>\n","protected":false},"excerpt":{"rendered":"<p>COMEDOR ESCOLAR &nbsp;El Comedor Escolar de nuestro Centro es un servicio ofrecido por la Residencia Escolar la Aduana. Es un comedor de gesti\u00f3n directa y forma parte del plan del Plan de Apertura Centros (horario de 14:00 a 16:00 horas de lunes a viernes). El Comedor Escolar y su relaci\u00f3n con nuestro Plan de Centro: &hellip; <\/p>\n<p><a class=\"more-link btn\" href=\"https:\/\/blogsaverroes.juntadeandalucia.es\/ceiptirsodemolina\/comedor-escolar\/\">Seguir leyendo<\/a><\/p>\n","protected":false},"author":1,"featured_media":0,"parent":0,"menu_order":0,"comment_status":"closed","ping_status":"open","template":"","meta":{"ngg_post_thumbnail":0,"footnotes":"","_mc_calendar":[]},"aioseo_notices":[],"_links":{"self":[{"href":"https:\/\/blogsaverroes.juntadeandalucia.es\/ceiptirsodemolina\/wp-json\/wp\/v2\/pages\/99"}],"collection":[{"href":"https:\/\/blogsaverroes.juntadeandalucia.es\/ceiptirsodemolina\/wp-json\/wp\/v2\/pages"}],"about":[{"href":"https:\/\/blogsaverroes.juntadeandalucia.es\/ceiptirsodemolina\/wp-json\/wp\/v2\/types\/page"}],"author":[{"embeddable":true,"href":"https:\/\/blogsaverroes.juntadeandalucia.es\/ceiptirsodemolina\/wp-json\/wp\/v2\/users\/1"}],"replies":[{"embeddable":true,"href":"https:\/\/blogsaverroes.juntadeandalucia.es\/ceiptirsodemolina\/wp-json\/wp\/v2\/comments?post=99"}],"version-history":[{"count":7,"href":"https:\/\/blogsaverroes.juntadeandalucia.es\/ceiptirsodemolina\/wp-json\/wp\/v2\/pages\/99\/revisions"}],"predecessor-version":[{"id":2890,"href":"https:\/\/blogsaverroes.juntadeandalucia.es\/ceiptirsodemolina\/wp-json\/wp\/v2\/pages\/99\/revisions\/2890"}],"wp:attachment":[{"href":"https:\/\/blogsaverroes.juntadeandalucia.es\/ceiptirsodemolina\/wp-json\/wp\/v2\/media?parent=99"}],"curies":[{"name":"wp","href":"https:\/\/api.w.org\/{rel}","templated":true}]}}

<h4 style="text-align: center"><a href="https://blogsaverroes.juntadeandalucia.es/ceiptirsodemolina/files/2019/11/cuchara.png"><img decoding="async" class="alignnone size-medium wp-image-2185" src="https://blogsaverroes.juntadeandalucia.es/ceiptirsodemolina/files/2019/11/cuchara-300x77.png" alt="" width="300" height="77" srcset="https://blogsaverroes.juntadeandalucia.es/ceiptirsodemolina/files/2019/11/cuchara-300x77.png 300w, https://blogsaverroes.juntadeandalucia.es/ceiptirsodemolina/files/2019/11/cuchara-768x197.png 768w, https://blogsaverroes.juntadeandalucia.es/ceiptirsodemolina/files/2019/11/cuchara-24x6.png 24w, https://blogsaverroes.juntadeandalucia.es/ceiptirsodemolina/files/2019/11/cuchara-36x9.png 36w, https://blogsaverroes.juntadeandalucia.es/ceiptirsodemolina/files/2019/11/cuchara-48x12.png 48w, https://blogsaverroes.juntadeandalucia.es/ceiptirsodemolina/files/2019/11/cuchara.png 828w" sizes="(max-width: 300px) 100vw, 300px" /></a></h4>
<p><strong>COMEDOR ESCOLAR</strong></p>
<p><strong>&nbsp;</strong><strong>El Comedor Escolar de nuestro Centro es un servicio ofrecido por la Residencia Escolar la Aduana</strong><strong>. </strong>Es un <strong>comedor</strong> de<strong> gestión directa </strong>y forma parte del plan del Plan de Apertura Centros (horario de 14:00 a 16:00 horas de lunes a viernes).</p>
<p><a href="https://blogsaverroes.juntadeandalucia.es/ceiptirsodemolina/files/2019/11/arbol-creciendo-en-salud.png"><img fetchpriority="high" decoding="async" class="alignnone wp-image-2186" src="https://blogsaverroes.juntadeandalucia.es/ceiptirsodemolina/files/2019/11/arbol-creciendo-en-salud-279x300.png" alt="" width="230" height="247" srcset="https://blogsaverroes.juntadeandalucia.es/ceiptirsodemolina/files/2019/11/arbol-creciendo-en-salud-279x300.png 279w, https://blogsaverroes.juntadeandalucia.es/ceiptirsodemolina/files/2019/11/arbol-creciendo-en-salud-22x24.png 22w, https://blogsaverroes.juntadeandalucia.es/ceiptirsodemolina/files/2019/11/arbol-creciendo-en-salud-33x36.png 33w, https://blogsaverroes.juntadeandalucia.es/ceiptirsodemolina/files/2019/11/arbol-creciendo-en-salud-45x48.png 45w, https://blogsaverroes.juntadeandalucia.es/ceiptirsodemolina/files/2019/11/arbol-creciendo-en-salud.png 436w" sizes="(max-width: 230px) 100vw, 230px" /></a> <a href="https://blogsaverroes.juntadeandalucia.es/ceiptirsodemolina/files/2019/11/convivencia-escolar.png"><img decoding="async" class="alignnone wp-image-2187" src="https://blogsaverroes.juntadeandalucia.es/ceiptirsodemolina/files/2019/11/convivencia-escolar-300x140.png" alt="" width="251" height="117" srcset="https://blogsaverroes.juntadeandalucia.es/ceiptirsodemolina/files/2019/11/convivencia-escolar-300x140.png 300w, https://blogsaverroes.juntadeandalucia.es/ceiptirsodemolina/files/2019/11/convivencia-escolar-24x11.png 24w, https://blogsaverroes.juntadeandalucia.es/ceiptirsodemolina/files/2019/11/convivencia-escolar-36x17.png 36w, https://blogsaverroes.juntadeandalucia.es/ceiptirsodemolina/files/2019/11/convivencia-escolar-48x22.png 48w, https://blogsaverroes.juntadeandalucia.es/ceiptirsodemolina/files/2019/11/convivencia-escolar.png 332w" sizes="(max-width: 251px) 100vw, 251px" /></a> <a href="https://blogsaverroes.juntadeandalucia.es/ceiptirsodemolina/files/2019/11/plan-consumo-de-frutas.png"><img loading="lazy" decoding="async" class="alignnone wp-image-2188" src="https://blogsaverroes.juntadeandalucia.es/ceiptirsodemolina/files/2019/11/plan-consumo-de-frutas.png" alt="" width="178" height="129" srcset="https://blogsaverroes.juntadeandalucia.es/ceiptirsodemolina/files/2019/11/plan-consumo-de-frutas.png 264w, https://blogsaverroes.juntadeandalucia.es/ceiptirsodemolina/files/2019/11/plan-consumo-de-frutas-24x17.png 24w, https://blogsaverroes.juntadeandalucia.es/ceiptirsodemolina/files/2019/11/plan-consumo-de-frutas-36x26.png 36w, https://blogsaverroes.juntadeandalucia.es/ceiptirsodemolina/files/2019/11/plan-consumo-de-frutas-48x35.png 48w" sizes="(max-width: 178px) 100vw, 178px" /></a></p>
<p><strong>El Comedor Escolar y su relación con nuestro Plan de Centro:</strong></p>
<p>Nuestro centro cuenta con el <strong>Proyecto “Creciendo en Salud</strong>”, que pretende desarrollar en el alumnado hábitos de vida saludable, atendiendo a la educación emocional y social, al fomento de la actividad física y a la facilitación de claves para valorar una dieta saludable como la dieta mediterránea.</p>
<p>En relación con este programa se participa, desde hace varios años, en el Plan de consumo de fruta.</p>
<p>Por otro lado, nuestro <strong>Plan de Convivencia</strong>, pretende mejorar las relaciones en el centro, aportando al alumnado herramientas para la solución pacífica de conflictos y fomentando el respeto a los demás y a las diferencias.</p>
<p>El Comedor Escolar, Servicio Complementario del centro, por sus características, proporciona un espacio muy adecuado para crear hábitos de higiene y salud, así como, para trabajar valores de socialización y de convivencia entre los niños/as. Todo ello en consonancia con el Proyecto “Creciendo en Salud” y nuestro Plan de Convivencia.</p>
<p>&nbsp;</p>
<p><strong>Objetivos del comedor Escolar:</strong></p>
<p>Educación para la Salud:</p>
<ul>
<li>Sensibilizar sobre la importancia de llevar una alimentación variada y equilibrada basada en la dieta mediterránea, haciendo especial énfasis en el aumento del consumo de frutas y hortalizas.</li>
<li>Fomentar hábitos de higiene en relación con la alimentación.</li>
<li>Desarrollar hábitos relacionados con las normas de educación básicas en la mesa y el uso adecuado de los cubiertos y menaje.</li>
</ul>
<p>Educación para la convivencia:</p>
<ul>
<li>Promover el bienestar personal fomentando la regulación y autonomía emocional.</li>
<li>Promover el bienestar social fomentando actitudes de respeto a los demás, así como habilidades para la resolución pacífica de conflictos.</li>
</ul>
<p>Corresponsabilidad familia-escuela:</p>
<ul>
<li>Potenciar la corresponsabilidad entre las familias y la escuela, potenciando el desarrollo de actitudes y hábitos saludables también en el entorno familiar.</li>
</ul>
<p>&nbsp;</p>
<p><strong>Alergias e intolerancias alimentarias:</strong></p>
<p>La legislación vigente establece que se ofrecerán menús alternativos para aquellos comensales que, por prescripción médica, requieran un menú especial o tengan intolerancia a ciertos alimentos. En estos casos, los interesados han de presentar el correspondiente informe médico en el centro y mantenerlo actualizado.</p>
<p>&nbsp;</p>
<p>Los comedores escolares son un servicio complementario que resulta de gran utilidad a padres y madres para ayudarles a&nbsp;conciliar la vida laboral y familiar. Tienen una duración de hasta dos horas desde que acaba la jornada escolar de la mañana (de 14.00 a 16.00 horas).</p>
<p>Los comedores son además una pieza importante&nbsp;en todas las medidas dirigidas a mejorar los hábitos alimenticios de los niños y niñas y prevenir problemas de salud como la obesidad.</p>
<p>Los comedores escolares de los centros públicos andaluces promueven una alimentación saludable que está supervisada por nutricionistas y que, entre otros aspectos, se caracteriza por:</p>
<p>Una mayor proporción de verdura en los menús</p>
<p>Fruta fresca como postre al menos cuatro días a la semana</p>
<p>Uso de aceite de oliva virgen extra</p>
<p>Más pescado que carne, que debe ser magra</p>
<p>Prohibición de los alimentos precocinados y limitación de los fritos</p>
<p>Apuesta por la dieta mediterránea y los productos ecológicos</p>
<p>&nbsp;</p>
<p>&nbsp;</p>

<p>COMEDOR ESCOLAR &nbsp;El Comedor Escolar de nuestro Centro es un servicio ofrecido por la Residencia Escolar la Aduana. Es un comedor de gestión directa y forma parte del plan del Plan de Apertura Centros (horario de 14:00 a 16:00 horas de lunes a viernes). El Comedor Escolar y su relación con nuestro Plan de Centro: &hellip; </p>
<p><a class="more-link btn" href="https://blogsaverroes.juntadeandalucia.es/ceiptirsodemolina/comedor-escolar/">Seguir leyendo</a></p>
