{"id":1408,"date":"2021-08-30T17:47:24","date_gmt":"2021-08-30T16:47:24","guid":{"rendered":"https:\/\/blogsaverroes.juntadeandalucia.es\/ceiptorrijos\/?page_id=1408"},"modified":"2024-03-05T09:29:17","modified_gmt":"2024-03-05T08:29:17","slug":"tde","status":"publish","type":"page","link":"https:\/\/blogsaverroes.juntadeandalucia.es\/ceiptorrijos\/tde\/","title":{"rendered":"STEAM"},"content":{"rendered":"<p><span style=\"font-size: 14pt\"><strong>LA FORMACI\u00d3N DE USUARIOS ES MUY IMPORTANTE, LA PROTECCI\u00d3N DE DATOS O EL USO CORRECTO DE LICENCIAS ES INFORMACI\u00d3N QUE DEBEMOS MANEJAR TODA LA COMUNIDAD EDUCATIVA. POR ELLO OS DEJAMOS ALGUNA INFORGRAF\u00cdA DE INTER\u00c9S<\/strong><\/span><\/p>\n<div>\n<div style=\"width: 100%\">\n<div style=\"padding-bottom: 56.25%;padding-top: 0;height: 0\">\n<div style=\"width: 100%\">\n<div style=\"padding-bottom: 56.25%;padding-top: 0;height: 0\">\n<div style=\"width: 100%\">\n<div style=\"padding-bottom: 56.25%;padding-top: 0;height: 0\"><iframe loading=\"lazy\" src=\"https:\/\/view.genial.ly\/6400a197ee93770011ab3ff0\" width=\"1200\" height=\"675\" frameborder=\"0\" scrolling=\"yes\"><\/iframe><\/div>\n<\/div>\n<\/div>\n<\/div>\n<\/div>\n<\/div>\n<\/div>\n<div>&nbsp;<\/div>\n<div>&nbsp;<\/div>\n<div>&nbsp;<\/div>\n<div>&nbsp;<\/div>\n<p>&nbsp;<\/p>\n<p>&nbsp;<\/p>\n<p>&nbsp;<\/p>\n<p>&nbsp;<\/p>\n<p><strong><span style=\"font-size: 14pt\">PLAN DE COMUNICACI\u00d3N DEL CENTRO<\/span><\/strong><\/p>\n<div style=\"width: 100%\">\n<div style=\"padding-bottom: 56.25%;padding-top: 0;height: 0\">\n<div style=\"width: 100%\">\n<div style=\"padding-bottom: 56.25%;padding-top: 0;height: 0\">\n<div style=\"width: 100%\">\n<div style=\"padding-bottom: 56.25%;padding-top: 0;height: 0\"><iframe loading=\"lazy\" src=\"https:\/\/view.genial.ly\/6400a4a705cc20001a2a240a\" width=\"1200\" height=\"675\" frameborder=\"0\" scrolling=\"yes\"><\/iframe><\/div>\n<\/div>\n<\/div>\n<\/div>\n<\/div>\n<\/div>\n<p>&nbsp;<\/p>\n<p>&nbsp;<\/p>\n<p>&nbsp;<\/p>\n<p>&nbsp;<\/p>\n<p>&nbsp;<\/p>\n<p>&nbsp;<\/p>\n<p>&nbsp;<\/p>\n<p><span style=\"font-size: 14pt\"><strong>CLASES DE PROGRAMACI\u00d3N DEL ALUMNADO DE 5\u00ba Y 6\u00ba DE PRIMARIA, INTEGRADAS EN EL \u00c1REA DE MATEM\u00c1TICAS<\/strong><\/span><\/p>\n\n\t\t<style type=\"text\/css\">\n\t\t\t#gallery-1 {\n\t\t\t\tmargin: auto;\n\t\t\t}\n\t\t\t#gallery-1 .gallery-item {\n\t\t\t\tfloat: left;\n\t\t\t\tmargin-top: 10px;\n\t\t\t\ttext-align: center;\n\t\t\t\twidth: 33%;\n\t\t\t}\n\t\t\t#gallery-1 img {\n\t\t\t\tborder: 2px solid #cfcfcf;\n\t\t\t}\n\t\t\t#gallery-1 .gallery-caption {\n\t\t\t\tmargin-left: 0;\n\t\t\t}\n\t\t\t\/* see gallery_shortcode() in wp-includes\/media.php *\/\n\t\t<\/style>\n\t\t<div id='gallery-1' class='gallery galleryid-1408 gallery-columns-3 gallery-size-large'><dl class='gallery-item'>\n\t\t\t<dt class='gallery-icon landscape'>\n\t\t\t\t<a href='https:\/\/blogsaverroes.juntadeandalucia.es\/ceiptorrijos\/tde\/rob2\/'><img loading=\"lazy\" decoding=\"async\" width=\"1024\" height=\"461\" src=\"https:\/\/blogsaverroes.juntadeandalucia.es\/ceiptorrijos\/files\/2024\/03\/ROB2-1024x461.jpg\" class=\"attachment-large size-large\" alt=\"\" srcset=\"https:\/\/blogsaverroes.juntadeandalucia.es\/ceiptorrijos\/files\/2024\/03\/ROB2-980x441.jpg 980w, https:\/\/blogsaverroes.juntadeandalucia.es\/ceiptorrijos\/files\/2024\/03\/ROB2-480x216.jpg 480w\" sizes=\"(min-width: 0px) and (max-width: 480px) 480px, (min-width: 481px) and (max-width: 980px) 980px, (min-width: 981px) 1024px, 100vw\" \/><\/a>\n\t\t\t<\/dt><\/dl><dl class='gallery-item'>\n\t\t\t<dt class='gallery-icon landscape'>\n\t\t\t\t<a href='https:\/\/blogsaverroes.juntadeandalucia.es\/ceiptorrijos\/tde\/rob4\/'><img loading=\"lazy\" decoding=\"async\" width=\"1024\" height=\"461\" src=\"https:\/\/blogsaverroes.juntadeandalucia.es\/ceiptorrijos\/files\/2024\/03\/ROB4-1024x461.jpg\" class=\"attachment-large size-large\" alt=\"\" srcset=\"https:\/\/blogsaverroes.juntadeandalucia.es\/ceiptorrijos\/files\/2024\/03\/ROB4-980x441.jpg 980w, https:\/\/blogsaverroes.juntadeandalucia.es\/ceiptorrijos\/files\/2024\/03\/ROB4-480x216.jpg 480w\" sizes=\"(min-width: 0px) and (max-width: 480px) 480px, (min-width: 481px) and (max-width: 980px) 980px, (min-width: 981px) 1024px, 100vw\" \/><\/a>\n\t\t\t<\/dt><\/dl><dl class='gallery-item'>\n\t\t\t<dt class='gallery-icon landscape'>\n\t\t\t\t<a href='https:\/\/blogsaverroes.juntadeandalucia.es\/ceiptorrijos\/tde\/robo3\/'><img loading=\"lazy\" decoding=\"async\" width=\"1024\" height=\"461\" src=\"https:\/\/blogsaverroes.juntadeandalucia.es\/ceiptorrijos\/files\/2024\/03\/ROBO3-1024x461.jpg\" class=\"attachment-large size-large\" alt=\"\" srcset=\"https:\/\/blogsaverroes.juntadeandalucia.es\/ceiptorrijos\/files\/2024\/03\/ROBO3-980x441.jpg 980w, https:\/\/blogsaverroes.juntadeandalucia.es\/ceiptorrijos\/files\/2024\/03\/ROBO3-480x216.jpg 480w\" sizes=\"(min-width: 0px) and (max-width: 480px) 480px, (min-width: 481px) and (max-width: 980px) 980px, (min-width: 981px) 1024px, 100vw\" \/><\/a>\n\t\t\t<\/dt><\/dl><br style=\"clear: both\" \/>\n\t\t<\/div>\n\n<p>&nbsp;<\/p>\n<p><span style=\"font-size: 14pt\"><strong>FORMACI\u00d3N EN PROGRAMACI\u00d3N Y ROB\u00d3TICA DEL PROFESORADO DE PRIMARIA<\/strong><\/span><\/p>\n<p>En el mes de Noviembre el profesorado del centro est\u00e1 haciendo, junto al claustro del CEIP Algazara, una formaci\u00f3n en programaci\u00f3n y rob\u00f3tica a trav\u00e9s del CEP de M\u00e1laga. Contamos con un gran Ponente, profesor del CEIP Rafael Alberti, centro con una gran trayectoria en este \u00e1mbito.<\/p>\n<p><a href=\"https:\/\/blogsaverroes.juntadeandalucia.es\/ceiptorrijos\/tde\/imagen-de-whatsapp-2023-11-21-a-las-13-00-51_64d91e87\/\" rel=\"attachment wp-att-2879\"><img loading=\"lazy\" decoding=\"async\" class=\"alignnone size-full wp-image-2879\" src=\"https:\/\/blogsaverroes.juntadeandalucia.es\/ceiptorrijos\/files\/2023\/11\/Imagen-de-WhatsApp-2023-11-21-a-las-13.00.51_64d91e87.jpg\" alt=\"\" width=\"2000\" height=\"900\" srcset=\"https:\/\/blogsaverroes.juntadeandalucia.es\/ceiptorrijos\/files\/2023\/11\/Imagen-de-WhatsApp-2023-11-21-a-las-13.00.51_64d91e87.jpg 2000w, https:\/\/blogsaverroes.juntadeandalucia.es\/ceiptorrijos\/files\/2023\/11\/Imagen-de-WhatsApp-2023-11-21-a-las-13.00.51_64d91e87-1280x576.jpg 1280w, https:\/\/blogsaverroes.juntadeandalucia.es\/ceiptorrijos\/files\/2023\/11\/Imagen-de-WhatsApp-2023-11-21-a-las-13.00.51_64d91e87-980x441.jpg 980w, https:\/\/blogsaverroes.juntadeandalucia.es\/ceiptorrijos\/files\/2023\/11\/Imagen-de-WhatsApp-2023-11-21-a-las-13.00.51_64d91e87-480x216.jpg 480w\" sizes=\"(min-width: 0px) and (max-width: 480px) 480px, (min-width: 481px) and (max-width: 980px) 980px, (min-width: 981px) and (max-width: 1280px) 1280px, (min-width: 1281px) 2000px, 100vw\" \/><\/a> <a href=\"https:\/\/blogsaverroes.juntadeandalucia.es\/ceiptorrijos\/tde\/imagen-de-whatsapp-2023-11-21-a-las-13-00-50_2ef35dfe\/\" rel=\"attachment wp-att-2880\"><img loading=\"lazy\" decoding=\"async\" class=\"alignnone size-full wp-image-2880\" src=\"https:\/\/blogsaverroes.juntadeandalucia.es\/ceiptorrijos\/files\/2023\/11\/Imagen-de-WhatsApp-2023-11-21-a-las-13.00.50_2ef35dfe.jpg\" alt=\"\" width=\"2000\" height=\"900\" srcset=\"https:\/\/blogsaverroes.juntadeandalucia.es\/ceiptorrijos\/files\/2023\/11\/Imagen-de-WhatsApp-2023-11-21-a-las-13.00.50_2ef35dfe.jpg 2000w, https:\/\/blogsaverroes.juntadeandalucia.es\/ceiptorrijos\/files\/2023\/11\/Imagen-de-WhatsApp-2023-11-21-a-las-13.00.50_2ef35dfe-1280x576.jpg 1280w, https:\/\/blogsaverroes.juntadeandalucia.es\/ceiptorrijos\/files\/2023\/11\/Imagen-de-WhatsApp-2023-11-21-a-las-13.00.50_2ef35dfe-980x441.jpg 980w, https:\/\/blogsaverroes.juntadeandalucia.es\/ceiptorrijos\/files\/2023\/11\/Imagen-de-WhatsApp-2023-11-21-a-las-13.00.50_2ef35dfe-480x216.jpg 480w\" sizes=\"(min-width: 0px) and (max-width: 480px) 480px, (min-width: 481px) and (max-width: 980px) 980px, (min-width: 981px) and (max-width: 1280px) 1280px, (min-width: 1281px) 2000px, 100vw\" \/><\/a> <a href=\"https:\/\/blogsaverroes.juntadeandalucia.es\/ceiptorrijos\/tde\/imagen-de-whatsapp-2023-11-21-a-las-13-00-51_1a654168\/\" rel=\"attachment wp-att-2881\"><img loading=\"lazy\" decoding=\"async\" class=\"alignnone size-full wp-image-2881\" src=\"https:\/\/blogsaverroes.juntadeandalucia.es\/ceiptorrijos\/files\/2023\/11\/Imagen-de-WhatsApp-2023-11-21-a-las-13.00.51_1a654168.jpg\" alt=\"\" width=\"2000\" height=\"900\" srcset=\"https:\/\/blogsaverroes.juntadeandalucia.es\/ceiptorrijos\/files\/2023\/11\/Imagen-de-WhatsApp-2023-11-21-a-las-13.00.51_1a654168.jpg 2000w, https:\/\/blogsaverroes.juntadeandalucia.es\/ceiptorrijos\/files\/2023\/11\/Imagen-de-WhatsApp-2023-11-21-a-las-13.00.51_1a654168-1280x576.jpg 1280w, https:\/\/blogsaverroes.juntadeandalucia.es\/ceiptorrijos\/files\/2023\/11\/Imagen-de-WhatsApp-2023-11-21-a-las-13.00.51_1a654168-980x441.jpg 980w, https:\/\/blogsaverroes.juntadeandalucia.es\/ceiptorrijos\/files\/2023\/11\/Imagen-de-WhatsApp-2023-11-21-a-las-13.00.51_1a654168-480x216.jpg 480w\" sizes=\"(min-width: 0px) and (max-width: 480px) 480px, (min-width: 481px) and (max-width: 980px) 980px, (min-width: 981px) and (max-width: 1280px) 1280px, (min-width: 1281px) 2000px, 100vw\" \/><\/a><\/p>\n<p>&nbsp;<\/p>\n","protected":false},"excerpt":{"rendered":"<p>LA FORMACI\u00d3N DE USUARIOS ES MUY IMPORTANTE, LA PROTECCI\u00d3N DE DATOS O EL USO CORRECTO DE LICENCIAS ES INFORMACI\u00d3N QUE DEBEMOS MANEJAR TODA LA COMUNIDAD EDUCATIVA. POR ELLO OS DEJAMOS ALGUNA INFORGRAF\u00cdA DE INTER\u00c9S &nbsp; &nbsp; &nbsp; &nbsp; &nbsp; &nbsp; &nbsp; &nbsp; PLAN DE COMUNICACI\u00d3N DEL CENTRO &nbsp; &nbsp; &nbsp; &nbsp; &nbsp; &nbsp; &nbsp; CLASES [&hellip;]<\/p>\n","protected":false},"author":12404,"featured_media":0,"parent":0,"menu_order":0,"comment_status":"closed","ping_status":"closed","template":"","meta":{"_et_pb_use_builder":"","_et_pb_old_content":"","_et_gb_content_width":"","ngg_post_thumbnail":0,"footnotes":""},"aioseo_notices":[],"_links":{"self":[{"href":"https:\/\/blogsaverroes.juntadeandalucia.es\/ceiptorrijos\/wp-json\/wp\/v2\/pages\/1408"}],"collection":[{"href":"https:\/\/blogsaverroes.juntadeandalucia.es\/ceiptorrijos\/wp-json\/wp\/v2\/pages"}],"about":[{"href":"https:\/\/blogsaverroes.juntadeandalucia.es\/ceiptorrijos\/wp-json\/wp\/v2\/types\/page"}],"author":[{"embeddable":true,"href":"https:\/\/blogsaverroes.juntadeandalucia.es\/ceiptorrijos\/wp-json\/wp\/v2\/users\/12404"}],"replies":[{"embeddable":true,"href":"https:\/\/blogsaverroes.juntadeandalucia.es\/ceiptorrijos\/wp-json\/wp\/v2\/comments?post=1408"}],"version-history":[{"count":11,"href":"https:\/\/blogsaverroes.juntadeandalucia.es\/ceiptorrijos\/wp-json\/wp\/v2\/pages\/1408\/revisions"}],"predecessor-version":[{"id":3026,"href":"https:\/\/blogsaverroes.juntadeandalucia.es\/ceiptorrijos\/wp-json\/wp\/v2\/pages\/1408\/revisions\/3026"}],"wp:attachment":[{"href":"https:\/\/blogsaverroes.juntadeandalucia.es\/ceiptorrijos\/wp-json\/wp\/v2\/media?parent=1408"}],"curies":[{"name":"wp","href":"https:\/\/api.w.org\/{rel}","templated":true}]}}