{"id":49,"date":"2015-03-13T08:47:05","date_gmt":"2015-03-13T08:47:05","guid":{"rendered":"http:\/\/blogsaverroes.juntadeandalucia.es\/pre\/ceip\/?page_id=49"},"modified":"2025-01-20T09:45:11","modified_gmt":"2025-01-20T08:45:11","slug":"documentosdecentro","status":"publish","type":"page","link":"https:\/\/blogsaverroes.juntadeandalucia.es\/ceipurbanopalma\/documentosdecentro\/","title":{"rendered":"Documentos de centro"},"content":{"rendered":"<p><a href=\"https:\/\/blogsaverroes.juntadeandalucia.es\/ceipurbanopalma\/documentosdecentro\/criterios-evaluacion\/\">Criterios de evaluaci\u00f3n<\/a><\/p>\n<p><a href=\"https:\/\/blogsaverroes.juntadeandalucia.es\/ceipurbanopalma\/files\/2025\/01\/Proyecto-Educativo-28-10-2024-Proyecto-Educativo-28-10-2024.pdf\">Proyecto Educativo<\/a><\/p>\n<p><a href=\"https:\/\/blogsaverroes.juntadeandalucia.es\/ceipurbanopalma\/files\/2024\/01\/Proyecto-de-Gestio\u0301n-2022.pdf\">Proyecto Gestio\u0301n<\/a><\/p>\n<p><a href=\"https:\/\/blogsaverroes.juntadeandalucia.es\/ceipurbanopalma\/files\/2024\/01\/ROF-16-10-23.pdf\">ROF (Reglamento de Organizaci\u00f3n y Funcionamiento)<\/a><\/p>\n<p><a href=\"https:\/\/blogsaverroes.juntadeandalucia.es\/ceipurbanopalma\/files\/2022\/11\/POAT-actualizado.pdf\">POAT (Plan de Orientaci\u00f3n y Acci\u00f3n Tutorial)<\/a><\/p>\n<p><a href=\"https:\/\/blogsaverroes.juntadeandalucia.es\/ceipurbanopalma\/files\/2022\/11\/Plan-de-Igualdad-10-02-2021.pdf\">Plan de Igualdad<\/a> &nbsp;<\/p>\n<p><a href=\"https:\/\/blogsaverroes.juntadeandalucia.es\/ceipurbanopalma\/files\/2022\/11\/Plan-de-Convivencia-24-10-2022.pdf\">Plan de Convivencia<\/a><\/p>\n<p><a href=\"https:\/\/blogsaverroes.juntadeandalucia.es\/ceipurbanopalma\/files\/2025\/01\/Plan-de-Formacion-24-25.pdf\">Plan de Formacio\u0301n&nbsp;<\/a><\/p>\n<p><a href=\"https:\/\/blogsaverroes.juntadeandalucia.es\/ceipurbanopalma\/files\/2024\/01\/Plan-Atencio\u0301n-a-la-diversidad-08.06-2023.pdf\">Plan de atenci\u00f3n a la diversidad<\/a><\/p>\n","protected":false},"excerpt":{"rendered":"<p>Criterios de evaluaci\u00f3n Proyecto Educativo Proyecto Gestio\u0301n ROF (Reglamento de Organizaci\u00f3n y Funcionamiento) POAT (Plan de Orientaci\u00f3n y Acci\u00f3n Tutorial) Plan de Igualdad &nbsp; Plan de Convivencia Plan de Formacio\u0301n&nbsp; Plan de atenci\u00f3n a la diversidad<\/p>\n","protected":false},"author":1,"featured_media":0,"parent":0,"menu_order":0,"comment_status":"closed","ping_status":"open","template":"template-sidebar-content.php","meta":{"ngg_post_thumbnail":0,"footnotes":"","_mc_calendar":[]},"aioseo_notices":[],"_links":{"self":[{"href":"https:\/\/blogsaverroes.juntadeandalucia.es\/ceipurbanopalma\/wp-json\/wp\/v2\/pages\/49"}],"collection":[{"href":"https:\/\/blogsaverroes.juntadeandalucia.es\/ceipurbanopalma\/wp-json\/wp\/v2\/pages"}],"about":[{"href":"https:\/\/blogsaverroes.juntadeandalucia.es\/ceipurbanopalma\/wp-json\/wp\/v2\/types\/page"}],"author":[{"embeddable":true,"href":"https:\/\/blogsaverroes.juntadeandalucia.es\/ceipurbanopalma\/wp-json\/wp\/v2\/users\/1"}],"replies":[{"embeddable":true,"href":"https:\/\/blogsaverroes.juntadeandalucia.es\/ceipurbanopalma\/wp-json\/wp\/v2\/comments?post=49"}],"version-history":[{"count":21,"href":"https:\/\/blogsaverroes.juntadeandalucia.es\/ceipurbanopalma\/wp-json\/wp\/v2\/pages\/49\/revisions"}],"predecessor-version":[{"id":4179,"href":"https:\/\/blogsaverroes.juntadeandalucia.es\/ceipurbanopalma\/wp-json\/wp\/v2\/pages\/49\/revisions\/4179"}],"wp:attachment":[{"href":"https:\/\/blogsaverroes.juntadeandalucia.es\/ceipurbanopalma\/wp-json\/wp\/v2\/media?parent=49"}],"curies":[{"name":"wp","href":"https:\/\/api.w.org\/{rel}","templated":true}]}}