{"id":15283,"date":"2022-07-11T08:09:47","date_gmt":"2022-07-11T07:09:47","guid":{"rendered":"https:\/\/blogsaverroes.juntadeandalucia.es\/ceipva\/?page_id=15283"},"modified":"2022-08-16T12:14:13","modified_gmt":"2022-08-16T11:14:13","slug":"ampa","status":"publish","type":"page","link":"https:\/\/blogsaverroes.juntadeandalucia.es\/ceipva\/ampa\/","title":{"rendered":"AMPA"},"content":{"rendered":"<p>\u00bfC\u00f3mo podemos participar y ayudar en el Cole?<\/p>\n<p>A trav\u00e9s de nuestro Ampa, podr\u00e1s ayudar y&nbsp; participar activamente en muchas de las actividades que proponen y que llevan a cabo en colaboraci\u00f3n con el cole. Entre ellas podemos destacar las:<\/p>\n<p>-Casta\u00f1eras<img decoding=\"async\" src=\"https:\/\/ceipva.files.wordpress.com\/2021\/11\/img-20211117-wa0027.jpg?w=1024\"><\/p>\n<p>-D\u00eda de Andaluc\u00eda y desayuno andaluz.<\/p>\n<p><img decoding=\"async\" src=\"https:\/\/ceipva.files.wordpress.com\/2022\/03\/1645787987671-2.jpg?w=1024\"><\/p>\n<p><img decoding=\"async\" src=\"https:\/\/ceipva.files.wordpress.com\/2022\/03\/1645788054218.jpg?w=1024\"><\/p>\n<p>-Jornadas D\u00eda de la familia.<\/p>\n<p><img decoding=\"async\" src=\"https:\/\/ceipva.files.wordpress.com\/2017\/01\/82.jpg?w=288&amp;h=288&amp;crop=1\" alt=\"8\"><\/p>\n<p>-Convivencias<\/p>\n<p>-Fiesta de fin de curso.<\/p>\n<p>&nbsp;<\/p>\n<p>Os invitamos a participar activamente en nuestro AMPA y asociarte si a\u00fan no est\u00e1s apuntado.<\/p>\n<p><img loading=\"lazy\" decoding=\"async\" class=\"alignnone size-medium wp-image-15310\" src=\"https:\/\/blogsaverroes.juntadeandalucia.es\/ceipva\/files\/2022\/07\/asociate2-300x300.jpg\" alt=\"\" width=\"300\" height=\"300\" srcset=\"https:\/\/blogsaverroes.juntadeandalucia.es\/ceipva\/files\/2022\/07\/asociate2-300x300.jpg 300w, https:\/\/blogsaverroes.juntadeandalucia.es\/ceipva\/files\/2022\/07\/asociate2-1024x1024.jpg 1024w, https:\/\/blogsaverroes.juntadeandalucia.es\/ceipva\/files\/2022\/07\/asociate2-150x150.jpg 150w, https:\/\/blogsaverroes.juntadeandalucia.es\/ceipva\/files\/2022\/07\/asociate2-768x768.jpg 768w, https:\/\/blogsaverroes.juntadeandalucia.es\/ceipva\/files\/2022\/07\/asociate2-24x24.jpg 24w, https:\/\/blogsaverroes.juntadeandalucia.es\/ceipva\/files\/2022\/07\/asociate2-36x36.jpg 36w, https:\/\/blogsaverroes.juntadeandalucia.es\/ceipva\/files\/2022\/07\/asociate2-48x48.jpg 48w, https:\/\/blogsaverroes.juntadeandalucia.es\/ceipva\/files\/2022\/07\/asociate2.jpg 1440w\" sizes=\"(max-width: 300px) 100vw, 300px\" \/><\/p>\n<p>Si quieres m\u00e1s informaci\u00f3n pincha en su p\u00e1gina y podr\u00e1s ver m\u00e1s novedades&nbsp;<a href=\"https:\/\/ampaalrauz.wordpress.com\/\">https:\/\/ampaalrauz.wordpress.com\/<\/a><\/p>\n<p>&nbsp;<\/p>\n","protected":false},"excerpt":{"rendered":"<p>\u00bfC\u00f3mo podemos participar y ayudar en el Cole? A trav\u00e9s de nuestro Ampa, podr\u00e1s ayudar y&nbsp; participar activamente en muchas de las actividades que proponen y que llevan a cabo en colaboraci\u00f3n con el cole. Entre ellas podemos destacar las: -Casta\u00f1eras -D\u00eda de Andaluc\u00eda y desayuno andaluz. -Jornadas D\u00eda de la familia. -Convivencias -Fiesta de &hellip; <a href=\"https:\/\/blogsaverroes.juntadeandalucia.es\/ceipva\/ampa\/\" class=\"more-link\">Seguir leyendo <span class=\"screen-reader-text\">AMPA<\/span> <span class=\"meta-nav\">&rarr;<\/span><\/a><\/p>\n","protected":false},"author":8097,"featured_media":0,"parent":0,"menu_order":0,"comment_status":"closed","ping_status":"closed","template":"","meta":{"ngg_post_thumbnail":0,"footnotes":""},"aioseo_notices":[],"_links":{"self":[{"href":"https:\/\/blogsaverroes.juntadeandalucia.es\/ceipva\/wp-json\/wp\/v2\/pages\/15283"}],"collection":[{"href":"https:\/\/blogsaverroes.juntadeandalucia.es\/ceipva\/wp-json\/wp\/v2\/pages"}],"about":[{"href":"https:\/\/blogsaverroes.juntadeandalucia.es\/ceipva\/wp-json\/wp\/v2\/types\/page"}],"author":[{"embeddable":true,"href":"https:\/\/blogsaverroes.juntadeandalucia.es\/ceipva\/wp-json\/wp\/v2\/users\/8097"}],"replies":[{"embeddable":true,"href":"https:\/\/blogsaverroes.juntadeandalucia.es\/ceipva\/wp-json\/wp\/v2\/comments?post=15283"}],"version-history":[{"count":5,"href":"https:\/\/blogsaverroes.juntadeandalucia.es\/ceipva\/wp-json\/wp\/v2\/pages\/15283\/revisions"}],"predecessor-version":[{"id":15384,"href":"https:\/\/blogsaverroes.juntadeandalucia.es\/ceipva\/wp-json\/wp\/v2\/pages\/15283\/revisions\/15384"}],"wp:attachment":[{"href":"https:\/\/blogsaverroes.juntadeandalucia.es\/ceipva\/wp-json\/wp\/v2\/media?parent=15283"}],"curies":[{"name":"wp","href":"https:\/\/api.w.org\/{rel}","templated":true}]}}