{"id":15375,"date":"2022-08-14T11:14:08","date_gmt":"2022-08-14T10:14:08","guid":{"rendered":"https:\/\/blogsaverroes.juntadeandalucia.es\/ceipva\/?page_id=15375"},"modified":"2022-08-14T11:14:08","modified_gmt":"2022-08-14T10:14:08","slug":"impulsa","status":"publish","type":"page","link":"https:\/\/blogsaverroes.juntadeandalucia.es\/ceipva\/proyectos\/planes-del-centro\/impulsa\/","title":{"rendered":"IMPULSA"},"content":{"rendered":"<p><span style=\"text-decoration: underline\">Programa Impulsa<\/span><\/p>\n<p>El Programa IMPULSA se concibe como un conjunto de actuaciones dirigidas a mejorar la formaci\u00f3n del profesorado, as\u00ed como el grado de adquisici\u00f3n de las competencias clave y la motivaci\u00f3n del alumnado en riesgo de abandono escolar. Todas las actuaciones se desarrollar\u00e1n a trav\u00e9s de experiencias innovadoras, activas y experimentales que promuevan el saber hacer del alumnado partiendo de sus conocimientos y fomentando actitudes como la autonom\u00eda, la responsabilidad, el respeto, el trabajo en equipo, la igualdad de g\u00e9nero y la atenci\u00f3n a la diversidad, en especial al alumnado con necesidades espec\u00edficas de apoyo educativo (NEAE).<\/p>\n<p>Se compone de tres actuaciones diferenciadas:<\/p>\n<p>L\u00ednea de Actuaci\u00f3n I, Impulsa Formaci\u00f3n. Formaci\u00f3n para la intervenci\u00f3n en zonas desfavorecidas que consistir\u00e1 en un curso semipresencial, dividido en jornadas presenciales provinciales y un curso en el Aula Virtual de Formaci\u00f3n del Profesorado.<br \/>\nL\u00ednea de Actuaci\u00f3n II, Impulsa Proyectos para la Innovaci\u00f3n Educativa. Los centros docentes p\u00fablicos elaborar\u00e1n proyectos con medidas y actuaciones innovadoras espec\u00edficas que contribuyan al \u00e9xito educativo y a la prevenci\u00f3n del abandono escolar en consonancia con sus planes y programas.<br \/>\nL\u00ednea de Actuaci\u00f3n III, Impulsa Proyectos Socio-educativos. Los centros docentes p\u00fablicos elaborar\u00e1n proyectos destinados a la puesta en pr\u00e1ctica y mejora de las competencias clave y la educaci\u00f3n en valores adquiridos por el alumnado en los centros, a partir de experiencias motivadoras tales como semanas culturales, inmersiones ling\u00fc\u00edsticas, campamentos de rob\u00f3tica, campus de experiencias, etc.<\/p>\n","protected":false},"excerpt":{"rendered":"<p>Programa Impulsa El Programa IMPULSA se concibe como un conjunto de actuaciones dirigidas a mejorar la formaci\u00f3n del profesorado, as\u00ed como el grado de adquisici\u00f3n de las competencias clave y la motivaci\u00f3n del alumnado en riesgo de abandono escolar. Todas las actuaciones se desarrollar\u00e1n a trav\u00e9s de experiencias innovadoras, activas y experimentales que promuevan el &hellip; <a href=\"https:\/\/blogsaverroes.juntadeandalucia.es\/ceipva\/proyectos\/planes-del-centro\/impulsa\/\" class=\"more-link\">Seguir leyendo <span class=\"screen-reader-text\">IMPULSA<\/span> <span class=\"meta-nav\">&rarr;<\/span><\/a><\/p>\n","protected":false},"author":8097,"featured_media":0,"parent":1343,"menu_order":4,"comment_status":"closed","ping_status":"closed","template":"","meta":{"ngg_post_thumbnail":0,"footnotes":""},"aioseo_notices":[],"_links":{"self":[{"href":"https:\/\/blogsaverroes.juntadeandalucia.es\/ceipva\/wp-json\/wp\/v2\/pages\/15375"}],"collection":[{"href":"https:\/\/blogsaverroes.juntadeandalucia.es\/ceipva\/wp-json\/wp\/v2\/pages"}],"about":[{"href":"https:\/\/blogsaverroes.juntadeandalucia.es\/ceipva\/wp-json\/wp\/v2\/types\/page"}],"author":[{"embeddable":true,"href":"https:\/\/blogsaverroes.juntadeandalucia.es\/ceipva\/wp-json\/wp\/v2\/users\/8097"}],"replies":[{"embeddable":true,"href":"https:\/\/blogsaverroes.juntadeandalucia.es\/ceipva\/wp-json\/wp\/v2\/comments?post=15375"}],"version-history":[{"count":1,"href":"https:\/\/blogsaverroes.juntadeandalucia.es\/ceipva\/wp-json\/wp\/v2\/pages\/15375\/revisions"}],"predecessor-version":[{"id":15376,"href":"https:\/\/blogsaverroes.juntadeandalucia.es\/ceipva\/wp-json\/wp\/v2\/pages\/15375\/revisions\/15376"}],"up":[{"embeddable":true,"href":"https:\/\/blogsaverroes.juntadeandalucia.es\/ceipva\/wp-json\/wp\/v2\/pages\/1343"}],"wp:attachment":[{"href":"https:\/\/blogsaverroes.juntadeandalucia.es\/ceipva\/wp-json\/wp\/v2\/media?parent=15375"}],"curies":[{"name":"wp","href":"https:\/\/api.w.org\/{rel}","templated":true}]}}