{"id":2174,"date":"2022-02-04T00:16:16","date_gmt":"2022-02-03T23:16:16","guid":{"rendered":"https:\/\/blogsaverroes.juntadeandalucia.es\/ceipvalerianolopez\/?page_id=2174"},"modified":"2024-09-08T20:51:33","modified_gmt":"2024-09-08T18:51:33","slug":"aula-matinal","status":"publish","type":"page","link":"https:\/\/blogsaverroes.juntadeandalucia.es\/ceipvalerianolopez\/aula-matinal\/","title":{"rendered":"Aula Matinal"},"content":{"rendered":"<p style=\"text-align: justify\">El centro educativo ofrece el servicio de \u00ab<strong>Aula Matinal<\/strong>\u00bb para dar respuesta a la creciente demanda originada por las exigencias laborales de los padres y madres andaluzas, quienes se ven en la necesidad de delegar el cuidado de sus hijos e hijas durante el horario de 7:30 a 9:00 h., momento en el que da comienzo la actividad escolar.<\/p>\n<p><img loading=\"lazy\" decoding=\"async\" class=\"aligncenter size-full wp-image-2194\" src=\"https:\/\/blogsaverroes.juntadeandalucia.es\/ceipvalerianolopez\/files\/2022\/02\/aulamatinal.png\" alt=\"\" width=\"269\" height=\"132\"><\/p>\n<p style=\"text-align: justify\">Durante este per\u00edodo de tiempo, los ni\u00f1os y ni\u00f1as realizan diversas actividades de car\u00e1cter l\u00fadico y educativo adecuadas a su edad y desarrollo madurativo. Entre otras muchas, se realizan actividades pl\u00e1sticas, dibujo, lectura, psicomotricidad, juegos populares, etc.<\/p>\n<p style=\"text-align: justify\">La atenci\u00f3n al alumnado de aula matinal se realiza por personal cualificado, entre cuyas funciones est\u00e1n las medidas de vigilancia y atenci\u00f3n educativa que precisen los menores en funci\u00f3n de su edad y necesidades.<\/p>\n<p style=\"text-align: justify\">Recordamos que tienen preferencia como usuarios del aula matinal el alumnado cuyos tutores est\u00e9n trabajando en horario antes del inicio del colegio (aula matinal) y durante el horario de comida (comedor) para ello deber\u00e1 seleccionar las casillas correspondientes en la solicitud y acreditarlo seg\u00fan el&nbsp;<a href=\"http:\/\/juntadeandalucia.es\/boja\/2017\/78\/BOJA17-078-00027-7095-01_00112396.pdf\">decreto 6\/2017 y la orden de 17 de abril de 2017<\/a>.<\/p>\n<ul style=\"text-align: justify\">\n<li><a href=\"https:\/\/www.juntadeandalucia.es\/haciendayadministracionpublica\/rpa-icms-doc\/icmsDescargaDoc.do?tipo=4b40ba71bf0bae77c7a9e6765035191a&amp;id=7398742ec1c4291728dacb1565ee2f65\">Solicitud del servicio de aula matinal, comedor escolar o actividades extraescolares<\/a><\/li>\n<li><a href=\"https:\/\/www.juntadeandalucia.es\/haciendayadministracionpublica\/rpa-icms-doc\/icmsDescargaDoc.do?tipo=4b40ba71bf0bae77c7a9e6765035191a&amp;id=4aeeaa35f34f6d429505832acc6de2f3\">Gratuidad\/Bonificaci\u00f3n del precio p\u00fablico por los servicios complementarios de Aula matinal, comedor escolar y actividades extraescolares, y por el servicio de residencia escolar.<\/a><\/li>\n<\/ul>\n<p style=\"text-align: justify\">Para ello, las familias deben adjuntar a sus solicitudes:<\/p>\n<ol>\n<li style=\"text-align: justify\">Informe de vida laboral o certificado de la unidad de personal en caso de funcionarios, y certificaci\u00f3n de la duraci\u00f3n de la jornada y horario de trabajo.<\/li>\n<li style=\"text-align: justify\">Certificaci\u00f3n de alta en el impuesto de actividades econ\u00f3micas o alta en el censo de empresarios o copia autenticada de la licencia de apertura o alta en la Seguridad Social, y declaraci\u00f3n responsable del horario de la actividad.<\/li>\n<li style=\"text-align: justify\">Certificado actual de estudios y horario.<\/li>\n<\/ol>\n<p><img loading=\"lazy\" decoding=\"async\" class=\"aligncenter wp-image-3846 size-full\" src=\"https:\/\/blogsaverroes.juntadeandalucia.es\/ceipvalerianolopez\/files\/2024\/09\/PreciosPublicosSSCC24_25.jpg\" alt=\"\" width=\"940\" height=\"215\" srcset=\"https:\/\/blogsaverroes.juntadeandalucia.es\/ceipvalerianolopez\/files\/2024\/09\/PreciosPublicosSSCC24_25.jpg 940w, https:\/\/blogsaverroes.juntadeandalucia.es\/ceipvalerianolopez\/files\/2024\/09\/PreciosPublicosSSCC24_25-300x69.jpg 300w, https:\/\/blogsaverroes.juntadeandalucia.es\/ceipvalerianolopez\/files\/2024\/09\/PreciosPublicosSSCC24_25-768x176.jpg 768w\" sizes=\"(max-width: 940px) 100vw, 940px\" \/><\/p>\n","protected":false},"excerpt":{"rendered":"<p>El centro educativo ofrece el servicio de \u00abAula Matinal\u00bb para dar respuesta a la creciente demanda originada por las exigencias laborales de los padres y&hellip;<\/p>\n","protected":false},"author":8377,"featured_media":0,"parent":0,"menu_order":0,"comment_status":"closed","ping_status":"closed","template":"","meta":{"ngg_post_thumbnail":0,"footnotes":""},"aioseo_notices":[],"_links":{"self":[{"href":"https:\/\/blogsaverroes.juntadeandalucia.es\/ceipvalerianolopez\/wp-json\/wp\/v2\/pages\/2174"}],"collection":[{"href":"https:\/\/blogsaverroes.juntadeandalucia.es\/ceipvalerianolopez\/wp-json\/wp\/v2\/pages"}],"about":[{"href":"https:\/\/blogsaverroes.juntadeandalucia.es\/ceipvalerianolopez\/wp-json\/wp\/v2\/types\/page"}],"author":[{"embeddable":true,"href":"https:\/\/blogsaverroes.juntadeandalucia.es\/ceipvalerianolopez\/wp-json\/wp\/v2\/users\/8377"}],"replies":[{"embeddable":true,"href":"https:\/\/blogsaverroes.juntadeandalucia.es\/ceipvalerianolopez\/wp-json\/wp\/v2\/comments?post=2174"}],"version-history":[{"count":5,"href":"https:\/\/blogsaverroes.juntadeandalucia.es\/ceipvalerianolopez\/wp-json\/wp\/v2\/pages\/2174\/revisions"}],"predecessor-version":[{"id":3868,"href":"https:\/\/blogsaverroes.juntadeandalucia.es\/ceipvalerianolopez\/wp-json\/wp\/v2\/pages\/2174\/revisions\/3868"}],"wp:attachment":[{"href":"https:\/\/blogsaverroes.juntadeandalucia.es\/ceipvalerianolopez\/wp-json\/wp\/v2\/media?parent=2174"}],"curies":[{"name":"wp","href":"https:\/\/api.w.org\/{rel}","templated":true}]}}