{"id":2177,"date":"2022-02-04T00:16:16","date_gmt":"2022-02-03T23:16:16","guid":{"rendered":"https:\/\/blogsaverroes.juntadeandalucia.es\/ceipvalerianolopez\/?page_id=2177"},"modified":"2025-01-12T10:42:45","modified_gmt":"2025-01-12T09:42:45","slug":"comedor-escolar","status":"publish","type":"page","link":"https:\/\/blogsaverroes.juntadeandalucia.es\/ceipvalerianolopez\/comedor-escolar\/","title":{"rendered":"Comedor Escolar"},"content":{"rendered":"<p style=\"text-align: justify\">El centro educativo presta el servicio de <strong>comedor escolar<\/strong> para el alumnado de infantil y educaci\u00f3n primaria durante un tiempo m\u00e1ximo de dos horas a partir de la finalizaci\u00f3n de la jornada lectiva de ma\u00f1ana, <strong>de 14.00 a 16:00 horas<\/strong>. Dicho servicio est\u00e1 organizado en dos <strong>turnos de comida seg\u00fan el nivel educativo:<\/strong><\/p>\n<ul>\n<li><strong>Primer turno: Infantil y 1\u00ba y 2\u00ba Primaria 14:00h.<\/strong><\/li>\n<li><strong>Segundo turno: 3\u00ba y 4\u00ba Primaria 14:50h.<\/strong><\/li>\n<\/ul>\n<p><img loading=\"lazy\" decoding=\"async\" class=\"aligncenter size-medium wp-image-2197\" src=\"https:\/\/blogsaverroes.juntadeandalucia.es\/ceipvalerianolopez\/files\/2022\/02\/comedor-300x143.jpg\" alt=\"\" width=\"300\" height=\"143\" srcset=\"https:\/\/blogsaverroes.juntadeandalucia.es\/ceipvalerianolopez\/files\/2022\/02\/comedor-300x143.jpg 300w, https:\/\/blogsaverroes.juntadeandalucia.es\/ceipvalerianolopez\/files\/2022\/02\/comedor.jpg 503w\" sizes=\"(max-width: 300px) 100vw, 300px\" \/><\/p>\n<ul>\n<li style=\"text-align: justify\"><a href=\"https:\/\/drive.google.com\/file\/d\/1byb81EiJ9eFuvgUmVXk85wpiTI_LtrcE\/view?usp=sharing\">Solicitud del servicio de aula matinal, comedor escolar o actividades extraescolares<\/a><\/li>\n<li style=\"text-align: justify\"><a href=\"http:\/\/portals.ced.junta-andalucia.es\/educacion\/portals\/abaco-portlet\/content\/366fa583-9a6b-4c86-992e-be05f3d3a416\">Gratuidad\/Bonificaci\u00f3n del precio p\u00fablico por los servicios complementarios de Aula matinal, comedor escolar y actividades extraescolares, y por el servicio de residencia escolar.<\/a><\/li>\n<\/ul>\n<p style=\"text-align: justify\">Recordamos que tienen preferencia como usuarios del comedor el alumnado cuyos tutores est\u00e9n trabajando en horario antes del inicio del colegio (aula matinal) y durante el horario de comida (comedor) para ello deber\u00e1 seleccionar las casillas correspondientes en la solicitud y acreditarlo seg\u00fan el&nbsp;<a href=\"http:\/\/juntadeandalucia.es\/boja\/2017\/78\/BOJA17-078-00027-7095-01_00112396.pdf\">decreto 6\/2017 y la orden de 17 de abril de 2017<\/a>. Para ello, las familias deben adjuntar a sus solicitudes:<\/p>\n<ol>\n<li style=\"text-align: justify\">Para acreditar la actividad laboral o profesional de las personas que ostenten la guarda y custodia del alumnado ser\u00e1 necesario presentar, por cada uno de ellos:<br \/>\na) Informe de vida laboral expedido por el organismo oficial competente en la materia o certificado de la unidad de personal de su destino como funcionario.<br \/>\nb) Certificaci\u00f3n de la empresa justificativo de la duraci\u00f3n de la jornada, as\u00ed como el horario de trabajo a efectos de lo establecido en los art\u00edculos 11.2.c) y 15.2.c) del Decreto 6\/2017, de 16 de enero.<br \/>\nc) En el caso de que desarrollen su actividad laboral por cuenta propia, deber\u00e1n presentar una certificaci\u00f3n demostrativa del alta en el Impuesto de Actividades Econ\u00f3micas y una declaraci\u00f3n responsable de la persona interesada sobre la vigencia de la misma y del horario que requiere la actividad.&nbsp;<\/li>\n<\/ol>\n<p style=\"text-align: justify\">La atenci\u00f3n al alumnado en el comedor escolar se lleva a cabo por personal cualificado cuyas funciones son las siguientes:<\/p>\n<p>a) Atender y custodiar al alumnado durante las comidas y en el tiempo anterior y posterior a las mismas, as\u00ed como, en su caso, durante el traslado del alumnado al centro con comedor.<br \/>\nb) Resolver las incidencias que pudieran presentarse durante ese per\u00edodo.<br \/>\nc) Prestar especial atenci\u00f3n a la labor educativa del comedor: adquisici\u00f3n de h\u00e1bitos sociales e higi\u00e9nico-sanitarios y correcta utilizaci\u00f3n del menaje del comedor.<br \/>\nd) Cualquier otra funci\u00f3n que le pueda ser encomendada por la persona que ejerce la direcci\u00f3n del centro, para el adecuado funcionamiento del comedor escolar.<\/p>\n<p style=\"text-align: justify\">Estos profesionales ejercen una labor educativa dirigida a favorecer la adquisici\u00f3n de buenos h\u00e1bitos sociales, higi\u00e9nicos y alimenticios. Por ejemplo, introduciendo pr\u00e1cticas como el lavado previo de las manos o el cepillado de los dientes despu\u00e9s de las comidas. Adem\u00e1s de la labor educativa que se realiza durante las comidas, despu\u00e9s de estas las empresas que atienden el comedor escolar deben ofrecer al alumnado actividades l\u00fadicas, deportivas o educativas que permitan un uso provechoso de este tiempo.<\/p>\n<p style=\"text-align: justify\">El servicio de comedor escolar se solicita en el mes de junio en la matriculaci\u00f3n del alumnado y la solicitud de bonificaciones al precio p\u00fablico de dicho servicio se realiza a principios del mes de septiembre para posibilitar que los ingresos de referencia para el c\u00e1lculo de la bonificaci\u00f3n sea el del a\u00f1o inmediatamente anterior, y adecuarse en lo posible a la capacidad econ\u00f3mica real de las familias.<\/p>\n<p style=\"text-align: justify\">Los men\u00fas que se sirven en los comedores escolares p\u00fablicos siguen las recomendaciones de los organismos responsables en materia de sanidad en cuanto a alimentaci\u00f3n saludable.<\/p>\n","protected":false},"excerpt":{"rendered":"<p>El centro educativo presta el servicio de comedor escolar para el alumnado de infantil y educaci\u00f3n primaria durante un tiempo m\u00e1ximo de dos horas a&hellip;<\/p>\n","protected":false},"author":8377,"featured_media":0,"parent":0,"menu_order":0,"comment_status":"closed","ping_status":"closed","template":"","meta":{"ngg_post_thumbnail":0,"footnotes":""},"aioseo_notices":[],"_links":{"self":[{"href":"https:\/\/blogsaverroes.juntadeandalucia.es\/ceipvalerianolopez\/wp-json\/wp\/v2\/pages\/2177"}],"collection":[{"href":"https:\/\/blogsaverroes.juntadeandalucia.es\/ceipvalerianolopez\/wp-json\/wp\/v2\/pages"}],"about":[{"href":"https:\/\/blogsaverroes.juntadeandalucia.es\/ceipvalerianolopez\/wp-json\/wp\/v2\/types\/page"}],"author":[{"embeddable":true,"href":"https:\/\/blogsaverroes.juntadeandalucia.es\/ceipvalerianolopez\/wp-json\/wp\/v2\/users\/8377"}],"replies":[{"embeddable":true,"href":"https:\/\/blogsaverroes.juntadeandalucia.es\/ceipvalerianolopez\/wp-json\/wp\/v2\/comments?post=2177"}],"version-history":[{"count":4,"href":"https:\/\/blogsaverroes.juntadeandalucia.es\/ceipvalerianolopez\/wp-json\/wp\/v2\/pages\/2177\/revisions"}],"predecessor-version":[{"id":3976,"href":"https:\/\/blogsaverroes.juntadeandalucia.es\/ceipvalerianolopez\/wp-json\/wp\/v2\/pages\/2177\/revisions\/3976"}],"wp:attachment":[{"href":"https:\/\/blogsaverroes.juntadeandalucia.es\/ceipvalerianolopez\/wp-json\/wp\/v2\/media?parent=2177"}],"curies":[{"name":"wp","href":"https:\/\/api.w.org\/{rel}","templated":true}]}}

<p style="text-align: justify">El centro educativo presta el servicio de <strong>comedor escolar</strong> para el alumnado de infantil y educación primaria durante un tiempo máximo de dos horas a partir de la finalización de la jornada lectiva de mañana, <strong>de 14.00 a 16:00 horas</strong>. Dicho servicio está organizado en dos <strong>turnos de comida según el nivel educativo:</strong></p>
<ul>
<li><strong>Primer turno: Infantil y 1º y 2º Primaria 14:00h.</strong></li>
<li><strong>Segundo turno: 3º y 4º Primaria 14:50h.</strong></li>
</ul>
<p><img loading="lazy" decoding="async" class="aligncenter size-medium wp-image-2197" src="https://blogsaverroes.juntadeandalucia.es/ceipvalerianolopez/files/2022/02/comedor-300x143.jpg" alt="" width="300" height="143" srcset="https://blogsaverroes.juntadeandalucia.es/ceipvalerianolopez/files/2022/02/comedor-300x143.jpg 300w, https://blogsaverroes.juntadeandalucia.es/ceipvalerianolopez/files/2022/02/comedor.jpg 503w" sizes="(max-width: 300px) 100vw, 300px" /></p>
<ul>
<li style="text-align: justify"><a href="https://drive.google.com/file/d/1byb81EiJ9eFuvgUmVXk85wpiTI_LtrcE/view?usp=sharing">Solicitud del servicio de aula matinal, comedor escolar o actividades extraescolares</a></li>
<li style="text-align: justify"><a href="http://portals.ced.junta-andalucia.es/educacion/portals/abaco-portlet/content/366fa583-9a6b-4c86-992e-be05f3d3a416">Gratuidad/Bonificación del precio público por los servicios complementarios de Aula matinal, comedor escolar y actividades extraescolares, y por el servicio de residencia escolar.</a></li>
</ul>
<p style="text-align: justify">Recordamos que tienen preferencia como usuarios del comedor el alumnado cuyos tutores estén trabajando en horario antes del inicio del colegio (aula matinal) y durante el horario de comida (comedor) para ello deberá seleccionar las casillas correspondientes en la solicitud y acreditarlo según el&nbsp;<a href="http://juntadeandalucia.es/boja/2017/78/BOJA17-078-00027-7095-01_00112396.pdf">decreto 6/2017 y la orden de 17 de abril de 2017</a>. Para ello, las familias deben adjuntar a sus solicitudes:</p>
<ol>
<li style="text-align: justify">Para acreditar la actividad laboral o profesional de las personas que ostenten la guarda y custodia del alumnado será necesario presentar, por cada uno de ellos:<br />
a) Informe de vida laboral expedido por el organismo oficial competente en la materia o certificado de la unidad de personal de su destino como funcionario.<br />
b) Certificación de la empresa justificativo de la duración de la jornada, así como el horario de trabajo a efectos de lo establecido en los artículos 11.2.c) y 15.2.c) del Decreto 6/2017, de 16 de enero.<br />
c) En el caso de que desarrollen su actividad laboral por cuenta propia, deberán presentar una certificación demostrativa del alta en el Impuesto de Actividades Económicas y una declaración responsable de la persona interesada sobre la vigencia de la misma y del horario que requiere la actividad.&nbsp;</li>
</ol>
<p style="text-align: justify">La atención al alumnado en el comedor escolar se lleva a cabo por personal cualificado cuyas funciones son las siguientes:</p>
<p>a) Atender y custodiar al alumnado durante las comidas y en el tiempo anterior y posterior a las mismas, así como, en su caso, durante el traslado del alumnado al centro con comedor.<br />
b) Resolver las incidencias que pudieran presentarse durante ese período.<br />
c) Prestar especial atención a la labor educativa del comedor: adquisición de hábitos sociales e higiénico-sanitarios y correcta utilización del menaje del comedor.<br />
d) Cualquier otra función que le pueda ser encomendada por la persona que ejerce la dirección del centro, para el adecuado funcionamiento del comedor escolar.</p>
<p style="text-align: justify">Estos profesionales ejercen una labor educativa dirigida a favorecer la adquisición de buenos hábitos sociales, higiénicos y alimenticios. Por ejemplo, introduciendo prácticas como el lavado previo de las manos o el cepillado de los dientes después de las comidas. Además de la labor educativa que se realiza durante las comidas, después de estas las empresas que atienden el comedor escolar deben ofrecer al alumnado actividades lúdicas, deportivas o educativas que permitan un uso provechoso de este tiempo.</p>
<p style="text-align: justify">El servicio de comedor escolar se solicita en el mes de junio en la matriculación del alumnado y la solicitud de bonificaciones al precio público de dicho servicio se realiza a principios del mes de septiembre para posibilitar que los ingresos de referencia para el cálculo de la bonificación sea el del año inmediatamente anterior, y adecuarse en lo posible a la capacidad económica real de las familias.</p>
<p style="text-align: justify">Los menús que se sirven en los comedores escolares públicos siguen las recomendaciones de los organismos responsables en materia de sanidad en cuanto a alimentación saludable.</p>

<p>El centro educativo presta el servicio de comedor escolar para el alumnado de infantil y educación primaria durante un tiempo máximo de dos horas a&hellip;</p>
