{"id":2178,"date":"2022-02-04T00:16:16","date_gmt":"2022-02-03T23:16:16","guid":{"rendered":"https:\/\/blogsaverroes.juntadeandalucia.es\/ceipvalerianolopez\/?page_id=2178"},"modified":"2024-09-08T20:26:34","modified_gmt":"2024-09-08T18:26:34","slug":"extraescolares","status":"publish","type":"page","link":"https:\/\/blogsaverroes.juntadeandalucia.es\/ceipvalerianolopez\/extraescolares\/","title":{"rendered":"Extraescolares"},"content":{"rendered":"<div class=\"xdj266r x11i5rnm xat24cr x1mh8g0r x1vvkbs x126k92a\">\n<div dir=\"auto\">INFORMACI\u00d3N ACTIVIDADES EXTRAESCOLARES 24\/25<\/div>\n<\/div>\n<div class=\"x11i5rnm xat24cr x1mh8g0r x1vvkbs xtlvy1s x126k92a\">\n<div dir=\"auto\">Las actividades extraescolares se desarrollar\u00e1n de octubre a mayo. Durante el mes de septiembre se informar\u00e1 de los talleres definitivos ya que es necesario contar con 10 usuarios para su inicio.<\/div>\n<div dir=\"auto\">&nbsp;<\/div>\n<\/div>\n<div class=\"x11i5rnm xat24cr x1mh8g0r x1vvkbs xtlvy1s x126k92a\">\n<div dir=\"auto\">Aunque se hizo una preinscripci\u00f3n con la matr\u00edcula en junio, es necesario CONFIRMAR PLAZA antes del 20 de septiembre al correo de administraci\u00f3n para poder dar inicio a cada actividad: 29016173.administracion@g.educaand.es<\/div>\n<div dir=\"auto\">&nbsp;<\/div>\n<div dir=\"auto\">&#8211; Precio sin bonificaci\u00f3n 17,51\u20ac por taller al mes (2 d\u00edas a la semana). Aquellas familias que tengan bonificaci\u00f3n solo se les bonifica el primer taller y para dar de baja siempre antes de la \u00faltima semana del mes.<\/div>\n<div dir=\"auto\">&nbsp;<\/div>\n<\/div>\n<div class=\"x11i5rnm xat24cr x1mh8g0r x1vvkbs xtlvy1s x126k92a\">\n<div dir=\"auto\">El programa PROA (Acompa\u00f1amiento escolar o refuerzo), se ofertar\u00e1 los martes y jueves de 16:00 a 18:00 impartido por t\u00e9cnicos titulados. Destinado a alumnado de 3\u00ba a 6\u00ba de primaria. Es una actividad gratuita al estar subvencionada por la Junta de Andaluc\u00eda. La fecha de inicio del PROA est\u00e1 pendiente de publicar por la Junta de Andaluc\u00eda (2\u00ba quincena de Octubre).<\/div>\n<div dir=\"auto\">&nbsp;<\/div>\n<\/div>\n<div class=\"x11i5rnm xat24cr x1mh8g0r x1vvkbs xtlvy1s x126k92a\">\n<div dir=\"auto\">Para el Programa + Deporte (Colpbol, Baloncesto, F\u00fatbol) estamos pendientes de confirmaci\u00f3n de fechas de inicio y grupos. Al igual que el PROA una vez nos confirmen se avisar\u00e1 a las familias interesadas. Es una actividad gratuita y subvencionada de enero a mayo, y con un importe de 5\u20ac\/mes de octubre a diciembre que gestiona las 24Horas deportivas de Estepona.<\/div>\n<\/div>\n<p><span style=\"text-decoration: underline\">Las actividades extraescolares para el presente curso 2024\/2025 son:<\/span><\/p>\n<p><img loading=\"lazy\" decoding=\"async\" class=\"aligncenter size-large wp-image-3860\" src=\"https:\/\/blogsaverroes.juntadeandalucia.es\/ceipvalerianolopez\/files\/2024\/09\/Extraescolares-y-Programas-PROA-y-Mas-Deporte-1024x724.png\" alt=\"\" width=\"832\" height=\"588\" srcset=\"https:\/\/blogsaverroes.juntadeandalucia.es\/ceipvalerianolopez\/files\/2024\/09\/Extraescolares-y-Programas-PROA-y-Mas-Deporte-1024x724.png 1024w, https:\/\/blogsaverroes.juntadeandalucia.es\/ceipvalerianolopez\/files\/2024\/09\/Extraescolares-y-Programas-PROA-y-Mas-Deporte-300x212.png 300w, https:\/\/blogsaverroes.juntadeandalucia.es\/ceipvalerianolopez\/files\/2024\/09\/Extraescolares-y-Programas-PROA-y-Mas-Deporte-768x543.png 768w, https:\/\/blogsaverroes.juntadeandalucia.es\/ceipvalerianolopez\/files\/2024\/09\/Extraescolares-y-Programas-PROA-y-Mas-Deporte-1536x1086.png 1536w, https:\/\/blogsaverroes.juntadeandalucia.es\/ceipvalerianolopez\/files\/2024\/09\/Extraescolares-y-Programas-PROA-y-Mas-Deporte.png 2000w\" sizes=\"(max-width: 832px) 100vw, 832px\" \/><\/p>\n<p>&nbsp;<\/p>\n<p>Os recordamos tel\u00e9fono del centro 951270596 y correo administraci\u00f3n 29016173.administracion@g.educaand.es<\/p>\n<p>Para dar de baja en cualquier actividad extraescolar siempre antes de la \u00faltima semana del mes.&nbsp;<\/p>\n<p style=\"text-align: justify\">Seg\u00fan normativa, los centros docentes p\u00fablicos que impartan segundo ciclo de educaci\u00f3n infantil, educaci\u00f3n primaria y educaci\u00f3n secundaria podr\u00e1n mantener abiertas sus instalaciones hasta las 18:00 horas con la finalidad de programar actividades de apoyo y refuerzo, dirigidas al alumnado que presente dificultades de aprendizaje, y ofrecer actividades extraescolares que aborden aspectos formativos de inter\u00e9s para el alumnado.<\/p>\n<p style=\"text-align: justify\">Las actividades extraescolares tienen un car\u00e1cter voluntario para el alumnado y en ning\u00fan caso forman parte del proceso de evaluaci\u00f3n del alumnado. La atenci\u00f3n a este tipo de alumnado se realiza con personal que cuenta con la formaci\u00f3n y cualificaci\u00f3n adecuada a las actividades a desarrollar.<\/p>\n","protected":false},"excerpt":{"rendered":"<p>INFORMACI\u00d3N ACTIVIDADES EXTRAESCOLARES 24\/25 Las actividades extraescolares se desarrollar\u00e1n de octubre a mayo. Durante el mes de septiembre se informar\u00e1 de los talleres definitivos ya&hellip;<\/p>\n","protected":false},"author":8377,"featured_media":0,"parent":0,"menu_order":0,"comment_status":"closed","ping_status":"closed","template":"","meta":{"ngg_post_thumbnail":0,"footnotes":""},"aioseo_notices":[],"_links":{"self":[{"href":"https:\/\/blogsaverroes.juntadeandalucia.es\/ceipvalerianolopez\/wp-json\/wp\/v2\/pages\/2178"}],"collection":[{"href":"https:\/\/blogsaverroes.juntadeandalucia.es\/ceipvalerianolopez\/wp-json\/wp\/v2\/pages"}],"about":[{"href":"https:\/\/blogsaverroes.juntadeandalucia.es\/ceipvalerianolopez\/wp-json\/wp\/v2\/types\/page"}],"author":[{"embeddable":true,"href":"https:\/\/blogsaverroes.juntadeandalucia.es\/ceipvalerianolopez\/wp-json\/wp\/v2\/users\/8377"}],"replies":[{"embeddable":true,"href":"https:\/\/blogsaverroes.juntadeandalucia.es\/ceipvalerianolopez\/wp-json\/wp\/v2\/comments?post=2178"}],"version-history":[{"count":11,"href":"https:\/\/blogsaverroes.juntadeandalucia.es\/ceipvalerianolopez\/wp-json\/wp\/v2\/pages\/2178\/revisions"}],"predecessor-version":[{"id":3862,"href":"https:\/\/blogsaverroes.juntadeandalucia.es\/ceipvalerianolopez\/wp-json\/wp\/v2\/pages\/2178\/revisions\/3862"}],"wp:attachment":[{"href":"https:\/\/blogsaverroes.juntadeandalucia.es\/ceipvalerianolopez\/wp-json\/wp\/v2\/media?parent=2178"}],"curies":[{"name":"wp","href":"https:\/\/api.w.org\/{rel}","templated":true}]}}