{"id":2367,"date":"2022-04-29T13:23:26","date_gmt":"2022-04-29T11:23:26","guid":{"rendered":"https:\/\/blogsaverroes.juntadeandalucia.es\/ceipvalerianolopez\/?page_id=2367"},"modified":"2022-12-04T12:52:56","modified_gmt":"2022-12-04T11:52:56","slug":"proa-transformate","status":"publish","type":"page","link":"https:\/\/blogsaverroes.juntadeandalucia.es\/ceipvalerianolopez\/proa-transformate\/","title":{"rendered":"PROA+ TRANSF\u00d3RMATE"},"content":{"rendered":"<p><img loading=\"lazy\" decoding=\"async\" class=\"aligncenter size-medium wp-image-2375\" src=\"https:\/\/blogsaverroes.juntadeandalucia.es\/ceipvalerianolopez\/files\/2022\/04\/Proa-2-defi-300x91.png\" alt=\"\" width=\"300\" height=\"91\" srcset=\"https:\/\/blogsaverroes.juntadeandalucia.es\/ceipvalerianolopez\/files\/2022\/04\/Proa-2-defi-300x91.png 300w, https:\/\/blogsaverroes.juntadeandalucia.es\/ceipvalerianolopez\/files\/2022\/04\/Proa-2-defi-1024x310.png 1024w, https:\/\/blogsaverroes.juntadeandalucia.es\/ceipvalerianolopez\/files\/2022\/04\/Proa-2-defi-768x233.png 768w, https:\/\/blogsaverroes.juntadeandalucia.es\/ceipvalerianolopez\/files\/2022\/04\/Proa-2-defi-1536x465.png 1536w, https:\/\/blogsaverroes.juntadeandalucia.es\/ceipvalerianolopez\/files\/2022\/04\/Proa-2-defi.png 1678w\" sizes=\"(max-width: 300px) 100vw, 300px\" \/> <a href=\"https:\/\/blogsaverroes.juntadeandalucia.es\/ceipvalerianolopez\/files\/2022\/04\/PROA-Transf\u00f3rmate-cartel.pdf\">PROA+ Transf\u00f3rmate cartel<\/a><\/p>\n<p style=\"text-align: justify\">El Programa PROA + es un proyecto puesto en marcha por la Consejer\u00eda de Educaci\u00f3n y Deporte de la Junta de Andaluc\u00eda y financiado por el Ministerio de Educaci\u00f3n y Formaci\u00f3n Profesional, cuyo objetivo es fortalecer los centros p\u00fablicos que se han visto agravados durante la suspensi\u00f3n del periodo lectivo presencial del curso 19-20. Es por ello, que estos centros requieren de un apoyo adicional para responder a las demandas de reajuste organizativo, curricular, metodol\u00f3gico y de refuerzo docente con el fin de compensar el impacto del confinamiento y el cierre de centros educativos desde el 14 de marzo de 2020 debido al COVID-19.<\/p>\n<p style=\"text-align: justify\">Este nuevo programa de cooperaci\u00f3n territorial, PROA + 20-21, se engloban en el programa m\u00e1s amplio, PROA + 21-27.<\/p>\n<p style=\"text-align: justify\">Objetivos del programa:<\/p>\n<ul style=\"text-align: justify\">\n<li>Continuidad y avance educativo del alumnado m\u00e1s vulnerable.<\/li>\n<li>Reforzamiento y mejora de los centros educativos.<\/li>\n<li>Refuerzo de la equidad educativa en la red de centros.<\/li>\n<li>Impulso competencias claves y aprendizajes esenciales.<\/li>\n<li>Refuerzo de la dotaci\u00f3n de equipos de docente y de orientaci\u00f3n.<\/li>\n<li>Incremento del bienestar socioemocional del alumnado y profesorado.<\/li>\n<\/ul>\n<p style=\"text-align: justify\">Actuaciones:<\/p>\n<ul style=\"text-align: justify\">\n<li>Adecuaci\u00f3n del proyecto educativo del centro<\/li>\n<li>Plan de acompa\u00f1amiento motivacional y de refuerzo escolar<\/li>\n<li>Implicaci\u00f3n y colaboraci\u00f3n familia y entorno comunitario<\/li>\n<li>Impulso de competencias docentes y orientadoras<\/li>\n<\/ul>\n<p><strong>Pulsa aqu\u00ed<\/strong> para conocer las actividades realizadas en el centro para este plan, coordinadas por el profe y director del centro Gabriel Jes\u00fas: <a href=\"https:\/\/blogsaverroes.juntadeandalucia.es\/ceipvalerianolopez\/category\/planes-y-programas\/proa-transformate\/\">https:\/\/blogsaverroes.juntadeandalucia.es\/ceipvalerianolopez\/category\/planes-y-programas\/proa-transformate\/<\/a><\/p>\n<p style=\"text-align: justify\">Para saber m\u00e1s sobre el programa os invitamos a acceder a los siguientes enlaces:<\/p>\n<p><a href=\"https:\/\/www.educacionyfp.gob.es\/mc\/sgctie\/cooperacion-territorial\/programas-cooperacion\/proa.html\">PROA+<\/a><\/p>\n<p><a href=\"https:\/\/www.juntadeandalucia.es\/educacion\/portals\/delegate\/content\/cc0a3f25-dce3-4673-ba99-b9525736b00d\/Resoluci%C3%B3n%20Programa%20PROA+%20(pdf)\">Resoluci\u00f3n del 27 de enero de 2021<\/a><\/p>\n<div class=\"wp-block-file\"><img loading=\"lazy\" decoding=\"async\" class=\"aligncenter size-medium wp-image-2373\" src=\"https:\/\/blogsaverroes.juntadeandalucia.es\/ceipvalerianolopez\/files\/2022\/04\/Logo-PRTR-vertical_COLOR-300x169.jpg\" alt=\"\" width=\"300\" height=\"169\" srcset=\"https:\/\/blogsaverroes.juntadeandalucia.es\/ceipvalerianolopez\/files\/2022\/04\/Logo-PRTR-vertical_COLOR-300x169.jpg 300w, https:\/\/blogsaverroes.juntadeandalucia.es\/ceipvalerianolopez\/files\/2022\/04\/Logo-PRTR-vertical_COLOR-1024x576.jpg 1024w, https:\/\/blogsaverroes.juntadeandalucia.es\/ceipvalerianolopez\/files\/2022\/04\/Logo-PRTR-vertical_COLOR-768x432.jpg 768w, https:\/\/blogsaverroes.juntadeandalucia.es\/ceipvalerianolopez\/files\/2022\/04\/Logo-PRTR-vertical_COLOR-1536x864.jpg 1536w, https:\/\/blogsaverroes.juntadeandalucia.es\/ceipvalerianolopez\/files\/2022\/04\/Logo-PRTR-vertical_COLOR.jpg 1920w\" sizes=\"(max-width: 300px) 100vw, 300px\" \/> <img loading=\"lazy\" decoding=\"async\" class=\"aligncenter size-medium wp-image-2372\" src=\"https:\/\/blogsaverroes.juntadeandalucia.es\/ceipvalerianolopez\/files\/2022\/04\/ES-Financiado-por-la-Uni\u00f3n-Europea_POS-300x88.jpg\" alt=\"\" width=\"300\" height=\"88\" srcset=\"https:\/\/blogsaverroes.juntadeandalucia.es\/ceipvalerianolopez\/files\/2022\/04\/ES-Financiado-por-la-Uni\u00f3n-Europea_POS-300x88.jpg 300w, https:\/\/blogsaverroes.juntadeandalucia.es\/ceipvalerianolopez\/files\/2022\/04\/ES-Financiado-por-la-Uni\u00f3n-Europea_POS.jpg 640w\" sizes=\"(max-width: 300px) 100vw, 300px\" \/> <img loading=\"lazy\" decoding=\"async\" class=\"aligncenter size-medium wp-image-2374\" src=\"https:\/\/blogsaverroes.juntadeandalucia.es\/ceipvalerianolopez\/files\/2022\/04\/MEFP.Gob_-300x81.jpg\" alt=\"\" width=\"300\" height=\"81\" srcset=\"https:\/\/blogsaverroes.juntadeandalucia.es\/ceipvalerianolopez\/files\/2022\/04\/MEFP.Gob_-300x81.jpg 300w, https:\/\/blogsaverroes.juntadeandalucia.es\/ceipvalerianolopez\/files\/2022\/04\/MEFP.Gob_.jpg 640w\" sizes=\"(max-width: 300px) 100vw, 300px\" \/><\/div>\n","protected":false},"excerpt":{"rendered":"<p>PROA+ Transf\u00f3rmate cartel El Programa PROA + es un proyecto puesto en marcha por la Consejer\u00eda de Educaci\u00f3n y Deporte de la Junta de Andaluc\u00eda&hellip;<\/p>\n","protected":false},"author":8377,"featured_media":0,"parent":0,"menu_order":0,"comment_status":"closed","ping_status":"closed","template":"","meta":{"ngg_post_thumbnail":0,"footnotes":""},"aioseo_notices":[],"_links":{"self":[{"href":"https:\/\/blogsaverroes.juntadeandalucia.es\/ceipvalerianolopez\/wp-json\/wp\/v2\/pages\/2367"}],"collection":[{"href":"https:\/\/blogsaverroes.juntadeandalucia.es\/ceipvalerianolopez\/wp-json\/wp\/v2\/pages"}],"about":[{"href":"https:\/\/blogsaverroes.juntadeandalucia.es\/ceipvalerianolopez\/wp-json\/wp\/v2\/types\/page"}],"author":[{"embeddable":true,"href":"https:\/\/blogsaverroes.juntadeandalucia.es\/ceipvalerianolopez\/wp-json\/wp\/v2\/users\/8377"}],"replies":[{"embeddable":true,"href":"https:\/\/blogsaverroes.juntadeandalucia.es\/ceipvalerianolopez\/wp-json\/wp\/v2\/comments?post=2367"}],"version-history":[{"count":5,"href":"https:\/\/blogsaverroes.juntadeandalucia.es\/ceipvalerianolopez\/wp-json\/wp\/v2\/pages\/2367\/revisions"}],"predecessor-version":[{"id":3069,"href":"https:\/\/blogsaverroes.juntadeandalucia.es\/ceipvalerianolopez\/wp-json\/wp\/v2\/pages\/2367\/revisions\/3069"}],"wp:attachment":[{"href":"https:\/\/blogsaverroes.juntadeandalucia.es\/ceipvalerianolopez\/wp-json\/wp\/v2\/media?parent=2367"}],"curies":[{"name":"wp","href":"https:\/\/api.w.org\/{rel}","templated":true}]}}

PROA+ TRANSFÓRMATE

<p><img loading="lazy" decoding="async" class="aligncenter size-medium wp-image-2375" src="https://blogsaverroes.juntadeandalucia.es/ceipvalerianolopez/files/2022/04/Proa-2-defi-300x91.png" alt="" width="300" height="91" srcset="https://blogsaverroes.juntadeandalucia.es/ceipvalerianolopez/files/2022/04/Proa-2-defi-300x91.png 300w, https://blogsaverroes.juntadeandalucia.es/ceipvalerianolopez/files/2022/04/Proa-2-defi-1024x310.png 1024w, https://blogsaverroes.juntadeandalucia.es/ceipvalerianolopez/files/2022/04/Proa-2-defi-768x233.png 768w, https://blogsaverroes.juntadeandalucia.es/ceipvalerianolopez/files/2022/04/Proa-2-defi-1536x465.png 1536w, https://blogsaverroes.juntadeandalucia.es/ceipvalerianolopez/files/2022/04/Proa-2-defi.png 1678w" sizes="(max-width: 300px) 100vw, 300px" /> <a href="https://blogsaverroes.juntadeandalucia.es/ceipvalerianolopez/files/2022/04/PROA-Transfórmate-cartel.pdf">PROA+ Transfórmate cartel</a></p>
<p style="text-align: justify">El Programa PROA + es un proyecto puesto en marcha por la Consejería de Educación y Deporte de la Junta de Andalucía y financiado por el Ministerio de Educación y Formación Profesional, cuyo objetivo es fortalecer los centros públicos que se han visto agravados durante la suspensión del periodo lectivo presencial del curso 19-20. Es por ello, que estos centros requieren de un apoyo adicional para responder a las demandas de reajuste organizativo, curricular, metodológico y de refuerzo docente con el fin de compensar el impacto del confinamiento y el cierre de centros educativos desde el 14 de marzo de 2020 debido al COVID-19.</p>
<p style="text-align: justify">Este nuevo programa de cooperación territorial, PROA + 20-21, se engloban en el programa más amplio, PROA + 21-27.</p>
<p style="text-align: justify">Objetivos del programa:</p>
<ul style="text-align: justify">
<li>Continuidad y avance educativo del alumnado más vulnerable.</li>
<li>Reforzamiento y mejora de los centros educativos.</li>
<li>Refuerzo de la equidad educativa en la red de centros.</li>
<li>Impulso competencias claves y aprendizajes esenciales.</li>
<li>Refuerzo de la dotación de equipos de docente y de orientación.</li>
<li>Incremento del bienestar socioemocional del alumnado y profesorado.</li>
</ul>
<p style="text-align: justify">Actuaciones:</p>
<ul style="text-align: justify">
<li>Adecuación del proyecto educativo del centro</li>
<li>Plan de acompañamiento motivacional y de refuerzo escolar</li>
<li>Implicación y colaboración familia y entorno comunitario</li>
<li>Impulso de competencias docentes y orientadoras</li>
</ul>
<p><strong>Pulsa aquí</strong> para conocer las actividades realizadas en el centro para este plan, coordinadas por el profe y director del centro Gabriel Jesús: <a href="https://blogsaverroes.juntadeandalucia.es/ceipvalerianolopez/category/planes-y-programas/proa-transformate/">https://blogsaverroes.juntadeandalucia.es/ceipvalerianolopez/category/planes-y-programas/proa-transformate/</a></p>
<p style="text-align: justify">Para saber más sobre el programa os invitamos a acceder a los siguientes enlaces:</p>
<p><a href="https://www.educacionyfp.gob.es/mc/sgctie/cooperacion-territorial/programas-cooperacion/proa.html">PROA+</a></p>
<p><a href="https://www.juntadeandalucia.es/educacion/portals/delegate/content/cc0a3f25-dce3-4673-ba99-b9525736b00d/Resoluci%C3%B3n%20Programa%20PROA+%20(pdf)">Resolución del 27 de enero de 2021</a></p>
<div class="wp-block-file"><img loading="lazy" decoding="async" class="aligncenter size-medium wp-image-2373" src="https://blogsaverroes.juntadeandalucia.es/ceipvalerianolopez/files/2022/04/Logo-PRTR-vertical_COLOR-300x169.jpg" alt="" width="300" height="169" srcset="https://blogsaverroes.juntadeandalucia.es/ceipvalerianolopez/files/2022/04/Logo-PRTR-vertical_COLOR-300x169.jpg 300w, https://blogsaverroes.juntadeandalucia.es/ceipvalerianolopez/files/2022/04/Logo-PRTR-vertical_COLOR-1024x576.jpg 1024w, https://blogsaverroes.juntadeandalucia.es/ceipvalerianolopez/files/2022/04/Logo-PRTR-vertical_COLOR-768x432.jpg 768w, https://blogsaverroes.juntadeandalucia.es/ceipvalerianolopez/files/2022/04/Logo-PRTR-vertical_COLOR-1536x864.jpg 1536w, https://blogsaverroes.juntadeandalucia.es/ceipvalerianolopez/files/2022/04/Logo-PRTR-vertical_COLOR.jpg 1920w" sizes="(max-width: 300px) 100vw, 300px" /> <img loading="lazy" decoding="async" class="aligncenter size-medium wp-image-2372" src="https://blogsaverroes.juntadeandalucia.es/ceipvalerianolopez/files/2022/04/ES-Financiado-por-la-Unión-Europea_POS-300x88.jpg" alt="" width="300" height="88" srcset="https://blogsaverroes.juntadeandalucia.es/ceipvalerianolopez/files/2022/04/ES-Financiado-por-la-Unión-Europea_POS-300x88.jpg 300w, https://blogsaverroes.juntadeandalucia.es/ceipvalerianolopez/files/2022/04/ES-Financiado-por-la-Unión-Europea_POS.jpg 640w" sizes="(max-width: 300px) 100vw, 300px" /> <img loading="lazy" decoding="async" class="aligncenter size-medium wp-image-2374" src="https://blogsaverroes.juntadeandalucia.es/ceipvalerianolopez/files/2022/04/MEFP.Gob_-300x81.jpg" alt="" width="300" height="81" srcset="https://blogsaverroes.juntadeandalucia.es/ceipvalerianolopez/files/2022/04/MEFP.Gob_-300x81.jpg 300w, https://blogsaverroes.juntadeandalucia.es/ceipvalerianolopez/files/2022/04/MEFP.Gob_.jpg 640w" sizes="(max-width: 300px) 100vw, 300px" /></div>

<p>PROA+ Transfórmate cartel El Programa PROA + es un proyecto puesto en marcha por la Consejería de Educación y Deporte de la Junta de Andalucía&hellip;</p>
