{"id":2542,"date":"2022-10-16T22:41:51","date_gmt":"2022-10-16T20:41:51","guid":{"rendered":"https:\/\/blogsaverroes.juntadeandalucia.es\/ceipvalerianolopez\/?page_id=2542"},"modified":"2022-11-06T01:00:35","modified_gmt":"2022-11-06T00:00:35","slug":"claustro","status":"publish","type":"page","link":"https:\/\/blogsaverroes.juntadeandalucia.es\/ceipvalerianolopez\/claustro\/","title":{"rendered":"Claustro"},"content":{"rendered":"<p><strong>El Claustro de profesores<\/strong> es el \u00f3rgano propio de participaci\u00f3n del profesorado en el gobierno del centro, que tiene la responsabilidad de planificar, coordinar y, en su caso, decidir o informar sobre todos los aspectos educativos del mismo.<\/p>\n<p>COMPETENCIAS DEL CLAUSTRO DE PROFESORES.<\/p>\n<p>&nbsp; El Claustro de profesores tendr\u00e1 las siguientes competencias:<\/p>\n<ul>\n<li>Formular al equipo directivo y al Consejo Escolar propuestas para la elaboraci\u00f3n del Plan de Centro.<\/li>\n<li>Aprobar y evaluar los aspectos educativos del Plan de Centro.<\/li>\n<li>Aprobar las programaciones did\u00e1cticas y las propuestas pedag\u00f3gicas.<\/li>\n<li>Fijar criterios referentes a la orientaci\u00f3n y tutor\u00eda del alumnado.<\/li>\n<li>Promover iniciativas en el \u00e1mbito de la experimentaci\u00f3n, de la innovaci\u00f3n y de la investigaci\u00f3n pedag\u00f3gica y en la formaci\u00f3n del profesorado del centro.<\/li>\n<li>Elegir sus representantes en el Consejo Escolar del centro y participar en la selecci\u00f3n del director\/a.<\/li>\n<li>Conocer las candidaturas a la direcci\u00f3n y los proyectos de direcci\u00f3n presentados por las personas candidatas.<\/li>\n<li>Analizar y valorar el funcionamiento general del centro, la evoluci\u00f3n del rendimiento escolar y los resultados de las evaluaciones internas y externas.<\/li>\n<li>Informar el reglamento de organizaci\u00f3n y funcionamiento del centro.<\/li>\n<li>Informar la memoria de autoevaluaci\u00f3n.<\/li>\n<li>Conocer la resoluci\u00f3n de conflictos disciplinarios y la imposici\u00f3n de sanciones y velar para que \u00e9stas se atengan a la normativa vigente.<\/li>\n<li>Proponer medidas e iniciativas que favorezcan la convivencia en el centro.<\/li>\n<li>Cualesquiera otras que le sean atribuidas por el reglamento de organizaci\u00f3n y funcionamiento del centro o por orden de la persona titular de la consejer\u00eda competente en materia de educaci\u00f3n.<\/li>\n<\/ul>\n","protected":false},"excerpt":{"rendered":"<p>El Claustro de profesores es el \u00f3rgano propio de participaci\u00f3n del profesorado en el gobierno del centro, que tiene la responsabilidad de planificar, coordinar y,&hellip;<\/p>\n","protected":false},"author":8377,"featured_media":0,"parent":0,"menu_order":0,"comment_status":"closed","ping_status":"closed","template":"","meta":{"ngg_post_thumbnail":0,"footnotes":""},"aioseo_notices":[],"_links":{"self":[{"href":"https:\/\/blogsaverroes.juntadeandalucia.es\/ceipvalerianolopez\/wp-json\/wp\/v2\/pages\/2542"}],"collection":[{"href":"https:\/\/blogsaverroes.juntadeandalucia.es\/ceipvalerianolopez\/wp-json\/wp\/v2\/pages"}],"about":[{"href":"https:\/\/blogsaverroes.juntadeandalucia.es\/ceipvalerianolopez\/wp-json\/wp\/v2\/types\/page"}],"author":[{"embeddable":true,"href":"https:\/\/blogsaverroes.juntadeandalucia.es\/ceipvalerianolopez\/wp-json\/wp\/v2\/users\/8377"}],"replies":[{"embeddable":true,"href":"https:\/\/blogsaverroes.juntadeandalucia.es\/ceipvalerianolopez\/wp-json\/wp\/v2\/comments?post=2542"}],"version-history":[{"count":4,"href":"https:\/\/blogsaverroes.juntadeandalucia.es\/ceipvalerianolopez\/wp-json\/wp\/v2\/pages\/2542\/revisions"}],"predecessor-version":[{"id":2679,"href":"https:\/\/blogsaverroes.juntadeandalucia.es\/ceipvalerianolopez\/wp-json\/wp\/v2\/pages\/2542\/revisions\/2679"}],"wp:attachment":[{"href":"https:\/\/blogsaverroes.juntadeandalucia.es\/ceipvalerianolopez\/wp-json\/wp\/v2\/media?parent=2542"}],"curies":[{"name":"wp","href":"https:\/\/api.w.org\/{rel}","templated":true}]}}