{"id":291,"date":"2016-11-28T20:32:42","date_gmt":"2016-11-28T20:32:42","guid":{"rendered":"http:\/\/www.colegiovalerianolopez.com\/?page_id=291"},"modified":"2025-11-13T23:50:46","modified_gmt":"2025-11-13T22:50:46","slug":"plan-de-centro","status":"publish","type":"page","link":"https:\/\/blogsaverroes.juntadeandalucia.es\/ceipvalerianolopez\/plan-de-centro\/","title":{"rendered":"Plan de Centro"},"content":{"rendered":"<p style=\"text-align: justify\">El&nbsp;<strong>Plan de Centro<\/strong>&nbsp;es el documento que expresa nuestras se\u00f1as de identidad. Es el aut\u00e9ntico referente, con car\u00e1cter sist\u00e9mico e integrador, del principio de autonom\u00eda pedag\u00f3gica, de organizaci\u00f3n y de gesti\u00f3n .<\/p>\n<p style=\"text-align: justify\">La Ley 17\/2007, de 10 de diciembre, de Educaci\u00f3n de Andaluc\u00eda, establece, en su Art.126, los documentos que integran el Plan de Centro. Son los siguientes:<\/p>\n<ul style=\"text-align: justify\">\n<li>El Proyecto Educativo .<\/li>\n<li>El Reglamento de Organizaci\u00f3n y Funcionamiento.<\/li>\n<li>El Proyecto de Gesti\u00f3n del Centro .<\/li>\n<\/ul>\n<p style=\"text-align: justify\">El Plan de Centro se revisa de forma anual, es decir se elabora cada a\u00f1o adapt\u00e1ndose a las circunstancias, dificultades, avances, deliberaciones y acuerdos del Claustro y del Consejo Escolar. A mitad de curso se realiza una revisi\u00f3n y es al final del curso cuando se eval\u00faa el grado de cumplimiento del Plan de Centro. Nuestro Colegio es de titularidad p\u00fablica y depende de la Junta de Andaluc\u00eda.<\/p>\n<p style=\"text-align: justify\">Aqu\u00ed pod\u00e9is encontrar los documentos que conforman el Plan&nbsp;de Centro de Nuestro Cole:<\/p>\n<h1 style=\"text-align: center\">Plan de Centro 25\/26<\/h1>\n<p style=\"text-align: center\"><a href=\"https:\/\/drive.google.com\/file\/d\/1re4pOR7zp7_ZbwYOzlFFUzCfxcqfx7I4\/view?usp=sharing\">CERTIFICACI\u00d3N APROBACI\u00d3N MODIFICACIONES AL PLAN DE CENTRO CONSEJO ESCOLAR VL 25_26<\/a><\/p>\n<p>&nbsp;<\/p>\n<p style=\"text-align: center\"><iframe loading=\"lazy\" src=\"https:\/\/drive.google.com\/file\/d\/1VneSfjGarfvFuo3YFH7ULfZY1qcoaGGv\/preview\" width=\"740\" height=\"1000\"><span data-mce-type=\"bookmark\" style=\"width: 0px;overflow: hidden;line-height: 0\" class=\"mce_SELRES_start\">\ufeff<\/span><span data-mce-type=\"bookmark\" style=\"width: 0px;overflow: hidden;line-height: 0\" class=\"mce_SELRES_start\">\ufeff<\/span><span data-mce-type=\"bookmark\" style=\"width: 0px;overflow: hidden;line-height: 0\" class=\"mce_SELRES_start\">\ufeff<\/span><span data-mce-type=\"bookmark\" style=\"width: 0px;overflow: hidden;line-height: 0\" class=\"mce_SELRES_start\">\ufeff<\/span><span data-mce-type=\"bookmark\" style=\"width: 0px;overflow: hidden;line-height: 0\" class=\"mce_SELRES_start\">\ufeff<\/span><span data-mce-type=\"bookmark\" style=\"width: 0px;overflow: hidden;line-height: 0\" class=\"mce_SELRES_start\">\ufeff<\/span><\/iframe><\/p>\n<p style=\"text-align: center\">&nbsp;<\/p>\n<p style=\"text-align: center\">&nbsp;<\/p>\n","protected":false},"excerpt":{"rendered":"<p>El&nbsp;Plan de Centro&nbsp;es el documento que expresa nuestras se\u00f1as de identidad. Es el aut\u00e9ntico referente, con car\u00e1cter sist\u00e9mico e integrador, del principio de autonom\u00eda pedag\u00f3gica,&hellip;<\/p>\n","protected":false},"author":8377,"featured_media":2666,"parent":0,"menu_order":0,"comment_status":"closed","ping_status":"closed","template":"","meta":{"ngg_post_thumbnail":0,"footnotes":""},"aioseo_notices":[],"_links":{"self":[{"href":"https:\/\/blogsaverroes.juntadeandalucia.es\/ceipvalerianolopez\/wp-json\/wp\/v2\/pages\/291"}],"collection":[{"href":"https:\/\/blogsaverroes.juntadeandalucia.es\/ceipvalerianolopez\/wp-json\/wp\/v2\/pages"}],"about":[{"href":"https:\/\/blogsaverroes.juntadeandalucia.es\/ceipvalerianolopez\/wp-json\/wp\/v2\/types\/page"}],"author":[{"embeddable":true,"href":"https:\/\/blogsaverroes.juntadeandalucia.es\/ceipvalerianolopez\/wp-json\/wp\/v2\/users\/8377"}],"replies":[{"embeddable":true,"href":"https:\/\/blogsaverroes.juntadeandalucia.es\/ceipvalerianolopez\/wp-json\/wp\/v2\/comments?post=291"}],"version-history":[{"count":24,"href":"https:\/\/blogsaverroes.juntadeandalucia.es\/ceipvalerianolopez\/wp-json\/wp\/v2\/pages\/291\/revisions"}],"predecessor-version":[{"id":1332,"href":"https:\/\/blogsaverroes.juntadeandalucia.es\/ceipvalerianolopez\/wp-json\/wp\/v2\/pages\/291\/revisions\/1332"}],"wp:featuredmedia":[{"embeddable":true,"href":"https:\/\/blogsaverroes.juntadeandalucia.es\/ceipvalerianolopez\/wp-json\/wp\/v2\/media\/2666"}],"wp:attachment":[{"href":"https:\/\/blogsaverroes.juntadeandalucia.es\/ceipvalerianolopez\/wp-json\/wp\/v2\/media?parent=291"}],"curies":[{"name":"wp","href":"https:\/\/api.w.org\/{rel}","templated":true}]}}

<p style="text-align: justify">El&nbsp;<strong>Plan de Centro</strong>&nbsp;es el documento que expresa nuestras señas de identidad. Es el auténtico referente, con carácter sistémico e integrador, del principio de autonomía pedagógica, de organización y de gestión .</p>
<p style="text-align: justify">La Ley 17/2007, de 10 de diciembre, de Educación de Andalucía, establece, en su Art.126, los documentos que integran el Plan de Centro. Son los siguientes:</p>
<ul style="text-align: justify">
<li>El Proyecto Educativo .</li>
<li>El Reglamento de Organización y Funcionamiento.</li>
<li>El Proyecto de Gestión del Centro .</li>
</ul>
<p style="text-align: justify">El Plan de Centro se revisa de forma anual, es decir se elabora cada año adaptándose a las circunstancias, dificultades, avances, deliberaciones y acuerdos del Claustro y del Consejo Escolar. A mitad de curso se realiza una revisión y es al final del curso cuando se evalúa el grado de cumplimiento del Plan de Centro. Nuestro Colegio es de titularidad pública y depende de la Junta de Andalucía.</p>
<p style="text-align: justify">Aquí podéis encontrar los documentos que conforman el Plan&nbsp;de Centro de Nuestro Cole:</p>
<h1 style="text-align: center">Plan de Centro 25/26</h1>
<p style="text-align: center"><a href="https://drive.google.com/file/d/1re4pOR7zp7_ZbwYOzlFFUzCfxcqfx7I4/view?usp=sharing">CERTIFICACIÓN APROBACIÓN MODIFICACIONES AL PLAN DE CENTRO CONSEJO ESCOLAR VL 25_26</a></p>
<p>&nbsp;</p>
<p style="text-align: center"><iframe loading="lazy" src="https://drive.google.com/file/d/1VneSfjGarfvFuo3YFH7ULfZY1qcoaGGv/preview" width="740" height="1000"><span data-mce-type="bookmark" style="width: 0px;overflow: hidden;line-height: 0" class="mce_SELRES_start">﻿</span><span data-mce-type="bookmark" style="width: 0px;overflow: hidden;line-height: 0" class="mce_SELRES_start">﻿</span><span data-mce-type="bookmark" style="width: 0px;overflow: hidden;line-height: 0" class="mce_SELRES_start">﻿</span><span data-mce-type="bookmark" style="width: 0px;overflow: hidden;line-height: 0" class="mce_SELRES_start">﻿</span><span data-mce-type="bookmark" style="width: 0px;overflow: hidden;line-height: 0" class="mce_SELRES_start">﻿</span><span data-mce-type="bookmark" style="width: 0px;overflow: hidden;line-height: 0" class="mce_SELRES_start">﻿</span></iframe></p>
<p style="text-align: center">&nbsp;</p>
<p style="text-align: center">&nbsp;</p>

<p>El&nbsp;Plan de Centro&nbsp;es el documento que expresa nuestras señas de identidad. Es el auténtico referente, con carácter sistémico e integrador, del principio de autonomía pedagógica,&hellip;</p>
