{"id":23,"date":"2019-02-12T20:39:28","date_gmt":"2019-02-12T20:39:28","guid":{"rendered":"https:\/\/blogsaverroes.juntadeandalucia.es\/ceipvalverdeyperales\/?page_id=23"},"modified":"2026-04-14T10:45:15","modified_gmt":"2026-04-14T10:45:15","slug":"equipo-directivo","status":"publish","type":"page","link":"https:\/\/blogsaverroes.juntadeandalucia.es\/ceipvalverdeyperales\/equipo-directivo\/","title":{"rendered":"Equipo Directivo"},"content":{"rendered":"<p><strong>Direcci\u00f3n:<\/strong> Teresa Casado Trenas<\/p>\n<p><strong>Jefatura de Estudios:<\/strong> Lourdes L\u00f3pez Barea<\/p>\n<p><strong>Secretar\u00eda:<\/strong> M\u00aa Elena D\u00edez Rodr\u00edguez<\/p>\n","protected":false},"excerpt":{"rendered":"<p>Direcci\u00f3n: Teresa Casado Trenas Jefatura de Estudios: Lourdes L\u00f3pez Barea Secretar\u00eda: M\u00aa Elena D\u00edez Rodr\u00edguez<\/p>\n","protected":false},"author":7147,"featured_media":0,"parent":0,"menu_order":0,"comment_status":"closed","ping_status":"closed","template":"","meta":{"ngg_post_thumbnail":0,"footnotes":""},"aioseo_notices":[],"_links":{"self":[{"href":"https:\/\/blogsaverroes.juntadeandalucia.es\/ceipvalverdeyperales\/wp-json\/wp\/v2\/pages\/23"}],"collection":[{"href":"https:\/\/blogsaverroes.juntadeandalucia.es\/ceipvalverdeyperales\/wp-json\/wp\/v2\/pages"}],"about":[{"href":"https:\/\/blogsaverroes.juntadeandalucia.es\/ceipvalverdeyperales\/wp-json\/wp\/v2\/types\/page"}],"author":[{"embeddable":true,"href":"https:\/\/blogsaverroes.juntadeandalucia.es\/ceipvalverdeyperales\/wp-json\/wp\/v2\/users\/7147"}],"replies":[{"embeddable":true,"href":"https:\/\/blogsaverroes.juntadeandalucia.es\/ceipvalverdeyperales\/wp-json\/wp\/v2\/comments?post=23"}],"version-history":[{"count":3,"href":"https:\/\/blogsaverroes.juntadeandalucia.es\/ceipvalverdeyperales\/wp-json\/wp\/v2\/pages\/23\/revisions"}],"predecessor-version":[{"id":2797,"href":"https:\/\/blogsaverroes.juntadeandalucia.es\/ceipvalverdeyperales\/wp-json\/wp\/v2\/pages\/23\/revisions\/2797"}],"wp:attachment":[{"href":"https:\/\/blogsaverroes.juntadeandalucia.es\/ceipvalverdeyperales\/wp-json\/wp\/v2\/media?parent=23"}],"curies":[{"name":"wp","href":"https:\/\/api.w.org\/{rel}","templated":true}]}}

<p><strong>Dirección:</strong> Teresa Casado Trenas</p>
<p><strong>Jefatura de Estudios:</strong> Lourdes López Barea</p>
<p><strong>Secretaría:</strong> Mª Elena Díez Rodríguez</p>

<p>Dirección: Teresa Casado Trenas Jefatura de Estudios: Lourdes López Barea Secretaría: Mª Elena Díez Rodríguez</p>
