{"id":39,"date":"2019-02-12T21:06:28","date_gmt":"2019-02-12T21:06:28","guid":{"rendered":"https:\/\/blogsaverroes.juntadeandalucia.es\/ceipvalverdeyperales\/?page_id=39"},"modified":"2024-04-05T11:02:39","modified_gmt":"2024-04-05T11:02:39","slug":"descarga-de-documentos","status":"publish","type":"page","link":"https:\/\/blogsaverroes.juntadeandalucia.es\/ceipvalverdeyperales\/descarga-de-documentos\/","title":{"rendered":"Descarga de Documentos"},"content":{"rendered":"<p style=\"text-align: center\"><strong>En los siguientes enlaces podr\u00e9is acceder y descargar los documentos que hay que presentar en la Secretar\u00eda del Centro en los distintos plazos del proceso de Escolarizaci\u00f3n.<\/strong><\/p>\n<p style=\"text-align: center\"><span style=\"font-size: 18pt\"><strong>DOCUMENTOS A PRESENTAR PARA LA ADMISI\u00d3N Y MATRICULACI\u00d3N<\/strong><\/span><\/p>\n<p>&nbsp;<\/p>\n<p><strong>ANEXO III &#8211; ADMISI\u00d3N EN CENTROS EN MARZO:<\/strong><\/p>\n<p><a href=\"https:\/\/www.juntadeandalucia.es\/educacion\/portales\/documents\/100629\/669352\/3_Anexo%20III_002535_5.pdf\/16050806-cd1f-89da-678f-001bb54aab73?version=1.0\">https:\/\/www.juntadeandalucia.es\/educacion\/portales\/documents\/100629\/669352\/3_Anexo%20III_002535_5.pdf\/16050806-cd1f-89da-678f-001bb54aab73?version=1.0<\/a><\/p>\n<p>&nbsp;<\/p>\n<p><strong>ANEXO&nbsp; IX &#8211; ADMISI\u00d3N EXTRAORDINARIA&nbsp;<\/strong><\/p>\n<p><a href=\"https:\/\/www.juntadeandalucia.es\/educacion\/portales\/documents\/100629\/669352\/9_Anexo%20IX_002541_4.pdf\/fdf4344b-6c9e-be16-e927-4e63760f0992?version=1.0\">https:\/\/www.juntadeandalucia.es\/educacion\/portales\/documents\/100629\/669352\/9_Anexo%20IX_002541_4.pdf\/fdf4344b-6c9e-be16-e927-4e63760f0992?version=1.0<\/a><\/p>\n<p>&nbsp;<\/p>\n<p><strong>MATR\u00cdCULA DE PRIMARIA:<\/strong><\/p>\n<p><a href=\"https:\/\/www.juntadeandalucia.es\/educacion\/portales\/documents\/100629\/669349\/5_Anexo%20V_002537_4.pdf\/acd7344a-e127-4e2c-5be7-b1f12b0a07c2?version=1.1\">https:\/\/www.juntadeandalucia.es\/educacion\/portales\/documents\/100629\/669349\/5_Anexo%20V_002537_4.pdf\/acd7344a-e127-4e2c-5be7-b1f12b0a07c2?version=1.1<\/a><\/p>\n<p>&nbsp;<\/p>\n<p><strong>MATR\u00cdCULA DE INFANTIL:<\/strong><\/p>\n<p><a href=\"https:\/\/www.juntadeandalucia.es\/educacion\/portales\/documents\/100629\/669349\/4_Anexo%20IV_002536_4.pdf\/2857e311-abaf-10f1-c03a-b980ff594de5?version=1.0\">https:\/\/www.juntadeandalucia.es\/educacion\/portales\/documents\/100629\/669349\/4_Anexo%20IV_002536_4.pdf\/2857e311-abaf-10f1-c03a-b980ff594de5?version=1.0<\/a><\/p>\n<p>&nbsp;<\/p>\n<p><strong>MATR\u00cdCULA AULA ESPEC\u00cdFICA:<\/strong><\/p>\n<p><a href=\"https:\/\/www.juntadeandalucia.es\/educacion\/portales\/documents\/100629\/669349\/6_Anexo%20VI_002538_4.pdf\/f1ed4477-b8d8-c190-5578-7125d1ab2074?version=1.0\">https:\/\/www.juntadeandalucia.es\/educacion\/portales\/documents\/100629\/669349\/6_Anexo%20VI_002538_4.pdf\/f1ed4477-b8d8-c190-5578-7125d1ab2074?version=1.0<\/a><\/p>\n<p>&nbsp;<\/p>\n<p style=\"text-align: center\"><strong>ANEXO PARA LA ELECCI\u00d3N DE RELIGI\u00d3N <\/strong><strong>(CAT\u00d3LICA O VALORES)<\/strong><\/p>\n<p><a href=\"https:\/\/www.juntadeandalucia.es\/educacion\/portales\/documents\/100629\/669349\/06.%20ANEXO%20RELIGION.pdf\/b7b1a1ac-aa79-a70f-4667-75af06005072?version=1.0\">https:\/\/www.juntadeandalucia.es\/educacion\/portales\/documents\/100629\/669349\/06.%20ANEXO%20RELIGION.pdf\/b7b1a1ac-aa79-a70f-4667-75af06005072?version=1.0<\/a><\/p>\n<p>&nbsp;<\/p>\n<p style=\"text-align: center\"><strong>ANEXO&nbsp; de SOLICITUD DE SERVICIOS (Comedor-Matinal-Extraescolares)<\/strong><\/p>\n<p><a href=\"https:\/\/blogsaverroes.juntadeandalucia.es\/ceipvalverdeyperales\/descarga-de-documentos\/anexo_ii_inscripcion_en_los_servicios_de_am_ce_y_aaex-2\/\" rel=\"attachment wp-att-1717\">Anexo_II_Inscripcion_en_los_Servicios_de_AM_CE_y_AAEX<\/a><\/p>\n<p>&nbsp;<\/p>\n<p style=\"text-align: center\"><strong>ANEXO SOLICITAR BONIFICACI\u00d3N DEL PRECIO DE LOS SERVICIOS.<\/strong><\/p>\n<p><a href=\"https:\/\/blogsaverroes.juntadeandalucia.es\/ceipvalverdeyperales\/descarga-de-documentos\/anexo_v_solicitud_de_bonificacion_am_ce_y_aaex-2\/\" rel=\"attachment wp-att-1718\">Anexo_V_Solicitud_de_bonificacion_AM_CE_y_AAEX<\/a><\/p>\n<p>&nbsp;<\/p>\n<p><strong>SOLICITUD DE BAJA EN LOS SERVICIOS.<\/strong><\/p>\n<p><a href=\"https:\/\/blogsaverroes.juntadeandalucia.es\/ceipvalverdeyperales\/descarga-de-documentos\/solicitud_baja_paf-2\/\" rel=\"attachment wp-att-1719\">solicitud_baja_paf<\/a><\/p>\n<p>&nbsp;<\/p>\n<p><strong>FICHA DE DATOS PARA USUARIOS DEL COMEDOR<\/strong><\/p>\n<p><a href=\"https:\/\/blogsaverroes.juntadeandalucia.es\/ceipvalverdeyperales\/descarga-de-documentos\/ficha-usuario-comedor\/\" rel=\"attachment wp-att-1720\">ficha-usuario comedor<\/a><\/p>\n<p>&nbsp;<\/p>\n<p style=\"text-align: center\"><strong>AUTORIZACIONES RECOGIDA DE ALUMNADO Y PUBLICACI\u00d3N DE&nbsp; IM\u00c1GENES<\/strong><\/p>\n<p>&nbsp;<\/p>\n<p><strong><a href=\"https:\/\/blogsaverroes.juntadeandalucia.es\/ceipvalverdeyperales\/files\/2019\/03\/Declaraci\u00f3n-JUrada-1.doc\">Declaraci\u00f3n Jurada<\/a><\/strong><\/p>\n<p>&nbsp;<\/p>\n<p>&nbsp;<\/p>\n<p>&nbsp;<\/p>\n<p>&nbsp;<\/p>\n","protected":false},"excerpt":{"rendered":"<p>En los siguientes enlaces podr\u00e9is acceder y descargar los documentos que hay que presentar en la Secretar\u00eda del Centro en los distintos plazos del proceso de Escolarizaci\u00f3n. DOCUMENTOS A PRESENTAR PARA LA ADMISI\u00d3N Y MATRICULACI\u00d3N &nbsp; ANEXO III &#8211; ADMISI\u00d3N EN CENTROS EN MARZO: https:\/\/www.juntadeandalucia.es\/educacion\/portales\/documents\/100629\/669352\/3_Anexo%20III_002535_5.pdf\/16050806-cd1f-89da-678f-001bb54aab73?version=1.0 &nbsp; ANEXO&nbsp; IX &#8211; ADMISI\u00d3N EXTRAORDINARIA&nbsp; https:\/\/www.juntadeandalucia.es\/educacion\/portales\/documents\/100629\/669352\/9_Anexo%20IX_002541_4.pdf\/fdf4344b-6c9e-be16-e927-4e63760f0992?version=1.0 &nbsp; MATR\u00cdCULA DE &hellip; <\/p>\n<p class=\"link-more\"><a href=\"https:\/\/blogsaverroes.juntadeandalucia.es\/ceipvalverdeyperales\/descarga-de-documentos\/\" class=\"more-link\">Continuar leyendo<span class=\"screen-reader-text\"> \u00abDescarga de Documentos\u00bb<\/span><\/a><\/p>\n","protected":false},"author":7147,"featured_media":0,"parent":0,"menu_order":0,"comment_status":"closed","ping_status":"closed","template":"","meta":{"ngg_post_thumbnail":0,"footnotes":""},"aioseo_notices":[],"_links":{"self":[{"href":"https:\/\/blogsaverroes.juntadeandalucia.es\/ceipvalverdeyperales\/wp-json\/wp\/v2\/pages\/39"}],"collection":[{"href":"https:\/\/blogsaverroes.juntadeandalucia.es\/ceipvalverdeyperales\/wp-json\/wp\/v2\/pages"}],"about":[{"href":"https:\/\/blogsaverroes.juntadeandalucia.es\/ceipvalverdeyperales\/wp-json\/wp\/v2\/types\/page"}],"author":[{"embeddable":true,"href":"https:\/\/blogsaverroes.juntadeandalucia.es\/ceipvalverdeyperales\/wp-json\/wp\/v2\/users\/7147"}],"replies":[{"embeddable":true,"href":"https:\/\/blogsaverroes.juntadeandalucia.es\/ceipvalverdeyperales\/wp-json\/wp\/v2\/comments?post=39"}],"version-history":[{"count":5,"href":"https:\/\/blogsaverroes.juntadeandalucia.es\/ceipvalverdeyperales\/wp-json\/wp\/v2\/pages\/39\/revisions"}],"predecessor-version":[{"id":1721,"href":"https:\/\/blogsaverroes.juntadeandalucia.es\/ceipvalverdeyperales\/wp-json\/wp\/v2\/pages\/39\/revisions\/1721"}],"wp:attachment":[{"href":"https:\/\/blogsaverroes.juntadeandalucia.es\/ceipvalverdeyperales\/wp-json\/wp\/v2\/media?parent=39"}],"curies":[{"name":"wp","href":"https:\/\/api.w.org\/{rel}","templated":true}]}}

<p style="text-align: center"><strong>En los siguientes enlaces podréis acceder y descargar los documentos que hay que presentar en la Secretaría del Centro en los distintos plazos del proceso de Escolarización.</strong></p>
<p style="text-align: center"><span style="font-size: 18pt"><strong>DOCUMENTOS A PRESENTAR PARA LA ADMISIÓN Y MATRICULACIÓN</strong></span></p>
<p>&nbsp;</p>
<p><strong>ANEXO III &#8211; ADMISIÓN EN CENTROS EN MARZO:</strong></p>
<p><a href="https://www.juntadeandalucia.es/educacion/portales/documents/100629/669352/3_Anexo%20III_002535_5.pdf/16050806-cd1f-89da-678f-001bb54aab73?version=1.0">https://www.juntadeandalucia.es/educacion/portales/documents/100629/669352/3_Anexo%20III_002535_5.pdf/16050806-cd1f-89da-678f-001bb54aab73?version=1.0</a></p>
<p>&nbsp;</p>
<p><strong>ANEXO&nbsp; IX &#8211; ADMISIÓN EXTRAORDINARIA&nbsp;</strong></p>
<p><a href="https://www.juntadeandalucia.es/educacion/portales/documents/100629/669352/9_Anexo%20IX_002541_4.pdf/fdf4344b-6c9e-be16-e927-4e63760f0992?version=1.0">https://www.juntadeandalucia.es/educacion/portales/documents/100629/669352/9_Anexo%20IX_002541_4.pdf/fdf4344b-6c9e-be16-e927-4e63760f0992?version=1.0</a></p>
<p>&nbsp;</p>
<p><strong>MATRÍCULA DE PRIMARIA:</strong></p>
<p><a href="https://www.juntadeandalucia.es/educacion/portales/documents/100629/669349/5_Anexo%20V_002537_4.pdf/acd7344a-e127-4e2c-5be7-b1f12b0a07c2?version=1.1">https://www.juntadeandalucia.es/educacion/portales/documents/100629/669349/5_Anexo%20V_002537_4.pdf/acd7344a-e127-4e2c-5be7-b1f12b0a07c2?version=1.1</a></p>
<p>&nbsp;</p>
<p><strong>MATRÍCULA DE INFANTIL:</strong></p>
<p><a href="https://www.juntadeandalucia.es/educacion/portales/documents/100629/669349/4_Anexo%20IV_002536_4.pdf/2857e311-abaf-10f1-c03a-b980ff594de5?version=1.0">https://www.juntadeandalucia.es/educacion/portales/documents/100629/669349/4_Anexo%20IV_002536_4.pdf/2857e311-abaf-10f1-c03a-b980ff594de5?version=1.0</a></p>
<p>&nbsp;</p>
<p><strong>MATRÍCULA AULA ESPECÍFICA:</strong></p>
<p><a href="https://www.juntadeandalucia.es/educacion/portales/documents/100629/669349/6_Anexo%20VI_002538_4.pdf/f1ed4477-b8d8-c190-5578-7125d1ab2074?version=1.0">https://www.juntadeandalucia.es/educacion/portales/documents/100629/669349/6_Anexo%20VI_002538_4.pdf/f1ed4477-b8d8-c190-5578-7125d1ab2074?version=1.0</a></p>
<p>&nbsp;</p>
<p style="text-align: center"><strong>ANEXO PARA LA ELECCIÓN DE RELIGIÓN </strong><strong>(CATÓLICA O VALORES)</strong></p>
<p><a href="https://www.juntadeandalucia.es/educacion/portales/documents/100629/669349/06.%20ANEXO%20RELIGION.pdf/b7b1a1ac-aa79-a70f-4667-75af06005072?version=1.0">https://www.juntadeandalucia.es/educacion/portales/documents/100629/669349/06.%20ANEXO%20RELIGION.pdf/b7b1a1ac-aa79-a70f-4667-75af06005072?version=1.0</a></p>
<p>&nbsp;</p>
<p style="text-align: center"><strong>ANEXO&nbsp; de SOLICITUD DE SERVICIOS (Comedor-Matinal-Extraescolares)</strong></p>
<p><a href="https://blogsaverroes.juntadeandalucia.es/ceipvalverdeyperales/descarga-de-documentos/anexo_ii_inscripcion_en_los_servicios_de_am_ce_y_aaex-2/" rel="attachment wp-att-1717">Anexo_II_Inscripcion_en_los_Servicios_de_AM_CE_y_AAEX</a></p>
<p>&nbsp;</p>
<p style="text-align: center"><strong>ANEXO SOLICITAR BONIFICACIÓN DEL PRECIO DE LOS SERVICIOS.</strong></p>
<p><a href="https://blogsaverroes.juntadeandalucia.es/ceipvalverdeyperales/descarga-de-documentos/anexo_v_solicitud_de_bonificacion_am_ce_y_aaex-2/" rel="attachment wp-att-1718">Anexo_V_Solicitud_de_bonificacion_AM_CE_y_AAEX</a></p>
<p>&nbsp;</p>
<p><strong>SOLICITUD DE BAJA EN LOS SERVICIOS.</strong></p>
<p><a href="https://blogsaverroes.juntadeandalucia.es/ceipvalverdeyperales/descarga-de-documentos/solicitud_baja_paf-2/" rel="attachment wp-att-1719">solicitud_baja_paf</a></p>
<p>&nbsp;</p>
<p><strong>FICHA DE DATOS PARA USUARIOS DEL COMEDOR</strong></p>
<p><a href="https://blogsaverroes.juntadeandalucia.es/ceipvalverdeyperales/descarga-de-documentos/ficha-usuario-comedor/" rel="attachment wp-att-1720">ficha-usuario comedor</a></p>
<p>&nbsp;</p>
<p style="text-align: center"><strong>AUTORIZACIONES RECOGIDA DE ALUMNADO Y PUBLICACIÓN DE&nbsp; IMÁGENES</strong></p>
<p>&nbsp;</p>
<p><strong><a href="https://blogsaverroes.juntadeandalucia.es/ceipvalverdeyperales/files/2019/03/Declaración-JUrada-1.doc">Declaración Jurada</a></strong></p>
<p>&nbsp;</p>
<p>&nbsp;</p>
<p>&nbsp;</p>
<p>&nbsp;</p>

<p>En los siguientes enlaces podréis acceder y descargar los documentos que hay que presentar en la Secretaría del Centro en los distintos plazos del proceso de Escolarización. DOCUMENTOS A PRESENTAR PARA LA ADMISIÓN Y MATRICULACIÓN &nbsp; ANEXO III &#8211; ADMISIÓN EN CENTROS EN MARZO: https://www.juntadeandalucia.es/educacion/portales/documents/100629/669352/3_Anexo%20III_002535_5.pdf/16050806-cd1f-89da-678f-001bb54aab73?version=1.0 &nbsp; ANEXO&nbsp; IX &#8211; ADMISIÓN EXTRAORDINARIA&nbsp; https://www.juntadeandalucia.es/educacion/portales/documents/100629/669352/9_Anexo%20IX_002541_4.pdf/fdf4344b-6c9e-be16-e927-4e63760f0992?version=1.0 &nbsp; MATRÍCULA DE &hellip; </p>
<p class="link-more"><a href="https://blogsaverroes.juntadeandalucia.es/ceipvalverdeyperales/descarga-de-documentos/" class="more-link">Continuar leyendo<span class="screen-reader-text"> «Descarga de Documentos»</span></a></p>
