{"id":539,"date":"2019-03-22T09:15:09","date_gmt":"2019-03-22T09:15:09","guid":{"rendered":"https:\/\/blogsaverroes.juntadeandalucia.es\/ceipvalverdeyperales\/?page_id=539"},"modified":"2024-01-24T09:57:52","modified_gmt":"2024-01-24T09:57:52","slug":"escuelas-deportivas","status":"publish","type":"page","link":"https:\/\/blogsaverroes.juntadeandalucia.es\/ceipvalverdeyperales\/escuelas-deportivas\/","title":{"rendered":"Escuelas Deportivas"},"content":{"rendered":"<p><a href=\"https:\/\/blogsaverroes.juntadeandalucia.es\/ceipvalverdeyperales\/actividades-extraescolares\/whatsapp-image-2024-01-18-at-12-07-19\/\" rel=\"attachment wp-att-1200\"><img loading=\"lazy\" decoding=\"async\" class=\"alignnone size-large wp-image-1200\" src=\"https:\/\/blogsaverroes.juntadeandalucia.es\/ceipvalverdeyperales\/files\/2024\/01\/WhatsApp-Image-2024-01-18-at-12.07.19-1024x724.jpeg\" alt=\"\" width=\"525\" height=\"371\" srcset=\"https:\/\/blogsaverroes.juntadeandalucia.es\/ceipvalverdeyperales\/files\/2024\/01\/WhatsApp-Image-2024-01-18-at-12.07.19-1024x724.jpeg 1024w, https:\/\/blogsaverroes.juntadeandalucia.es\/ceipvalverdeyperales\/files\/2024\/01\/WhatsApp-Image-2024-01-18-at-12.07.19-300x212.jpeg 300w, https:\/\/blogsaverroes.juntadeandalucia.es\/ceipvalverdeyperales\/files\/2024\/01\/WhatsApp-Image-2024-01-18-at-12.07.19-768x543.jpeg 768w, https:\/\/blogsaverroes.juntadeandalucia.es\/ceipvalverdeyperales\/files\/2024\/01\/WhatsApp-Image-2024-01-18-at-12.07.19-1536x1086.jpeg 1536w, https:\/\/blogsaverroes.juntadeandalucia.es\/ceipvalverdeyperales\/files\/2024\/01\/WhatsApp-Image-2024-01-18-at-12.07.19.jpeg 1546w\" sizes=\"(max-width: 525px) 100vw, 525px\" \/><\/a>Programa que se proyecta como veh\u00edculo de iniciaci\u00f3n y promoci\u00f3n deportiva. La finalidad principal es realizar una oferta multideportiva gratuita, en horario no lectivo, con la intenci\u00f3n de fomentar el deporte en edad escolar, promocionando la educaci\u00f3n en valores y el desarrollo pleno e integral de la personalidad del alumnado.<\/p>\n<p>El horario y los d\u00edas en que se desarrolla esta actividad son los siguientes:<\/p>\n<p><a href=\"https:\/\/blogsaverroes.juntadeandalucia.es\/ceipvalverdeyperales\/actividades-extraescolares\/whatsapp-image-2024-01-18-at-12-07-19-1\/\" rel=\"attachment wp-att-1201\"><img loading=\"lazy\" decoding=\"async\" class=\"alignnone size-large wp-image-1201\" src=\"https:\/\/blogsaverroes.juntadeandalucia.es\/ceipvalverdeyperales\/files\/2024\/01\/WhatsApp-Image-2024-01-18-at-12.07.19-1-1024x724.jpeg\" alt=\"\" width=\"525\" height=\"371\" srcset=\"https:\/\/blogsaverroes.juntadeandalucia.es\/ceipvalverdeyperales\/files\/2024\/01\/WhatsApp-Image-2024-01-18-at-12.07.19-1-1024x724.jpeg 1024w, https:\/\/blogsaverroes.juntadeandalucia.es\/ceipvalverdeyperales\/files\/2024\/01\/WhatsApp-Image-2024-01-18-at-12.07.19-1-300x212.jpeg 300w, https:\/\/blogsaverroes.juntadeandalucia.es\/ceipvalverdeyperales\/files\/2024\/01\/WhatsApp-Image-2024-01-18-at-12.07.19-1-768x543.jpeg 768w, https:\/\/blogsaverroes.juntadeandalucia.es\/ceipvalverdeyperales\/files\/2024\/01\/WhatsApp-Image-2024-01-18-at-12.07.19-1-1536x1086.jpeg 1536w, https:\/\/blogsaverroes.juntadeandalucia.es\/ceipvalverdeyperales\/files\/2024\/01\/WhatsApp-Image-2024-01-18-at-12.07.19-1.jpeg 1600w\" sizes=\"(max-width: 525px) 100vw, 525px\" \/><\/a><\/p>\n","protected":false},"excerpt":{"rendered":"<p>Programa que se proyecta como veh\u00edculo de iniciaci\u00f3n y promoci\u00f3n deportiva. La finalidad principal es realizar una oferta multideportiva gratuita, en horario no lectivo, con la intenci\u00f3n de fomentar el deporte en edad escolar, promocionando la educaci\u00f3n en valores y el desarrollo pleno e integral de la personalidad del alumnado. El horario y los d\u00edas &hellip; <\/p>\n<p class=\"link-more\"><a href=\"https:\/\/blogsaverroes.juntadeandalucia.es\/ceipvalverdeyperales\/escuelas-deportivas\/\" class=\"more-link\">Continuar leyendo<span class=\"screen-reader-text\"> \u00abEscuelas Deportivas\u00bb<\/span><\/a><\/p>\n","protected":false},"author":7147,"featured_media":0,"parent":0,"menu_order":0,"comment_status":"closed","ping_status":"closed","template":"","meta":{"ngg_post_thumbnail":0,"footnotes":""},"aioseo_notices":[],"_links":{"self":[{"href":"https:\/\/blogsaverroes.juntadeandalucia.es\/ceipvalverdeyperales\/wp-json\/wp\/v2\/pages\/539"}],"collection":[{"href":"https:\/\/blogsaverroes.juntadeandalucia.es\/ceipvalverdeyperales\/wp-json\/wp\/v2\/pages"}],"about":[{"href":"https:\/\/blogsaverroes.juntadeandalucia.es\/ceipvalverdeyperales\/wp-json\/wp\/v2\/types\/page"}],"author":[{"embeddable":true,"href":"https:\/\/blogsaverroes.juntadeandalucia.es\/ceipvalverdeyperales\/wp-json\/wp\/v2\/users\/7147"}],"replies":[{"embeddable":true,"href":"https:\/\/blogsaverroes.juntadeandalucia.es\/ceipvalverdeyperales\/wp-json\/wp\/v2\/comments?post=539"}],"version-history":[{"count":4,"href":"https:\/\/blogsaverroes.juntadeandalucia.es\/ceipvalverdeyperales\/wp-json\/wp\/v2\/pages\/539\/revisions"}],"predecessor-version":[{"id":1217,"href":"https:\/\/blogsaverroes.juntadeandalucia.es\/ceipvalverdeyperales\/wp-json\/wp\/v2\/pages\/539\/revisions\/1217"}],"wp:attachment":[{"href":"https:\/\/blogsaverroes.juntadeandalucia.es\/ceipvalverdeyperales\/wp-json\/wp\/v2\/media?parent=539"}],"curies":[{"name":"wp","href":"https:\/\/api.w.org\/{rel}","templated":true}]}}

<p><a href="https://blogsaverroes.juntadeandalucia.es/ceipvalverdeyperales/actividades-extraescolares/whatsapp-image-2024-01-18-at-12-07-19/" rel="attachment wp-att-1200"><img loading="lazy" decoding="async" class="alignnone size-large wp-image-1200" src="https://blogsaverroes.juntadeandalucia.es/ceipvalverdeyperales/files/2024/01/WhatsApp-Image-2024-01-18-at-12.07.19-1024x724.jpeg" alt="" width="525" height="371" srcset="https://blogsaverroes.juntadeandalucia.es/ceipvalverdeyperales/files/2024/01/WhatsApp-Image-2024-01-18-at-12.07.19-1024x724.jpeg 1024w, https://blogsaverroes.juntadeandalucia.es/ceipvalverdeyperales/files/2024/01/WhatsApp-Image-2024-01-18-at-12.07.19-300x212.jpeg 300w, https://blogsaverroes.juntadeandalucia.es/ceipvalverdeyperales/files/2024/01/WhatsApp-Image-2024-01-18-at-12.07.19-768x543.jpeg 768w, https://blogsaverroes.juntadeandalucia.es/ceipvalverdeyperales/files/2024/01/WhatsApp-Image-2024-01-18-at-12.07.19-1536x1086.jpeg 1536w, https://blogsaverroes.juntadeandalucia.es/ceipvalverdeyperales/files/2024/01/WhatsApp-Image-2024-01-18-at-12.07.19.jpeg 1546w" sizes="(max-width: 525px) 100vw, 525px" /></a>Programa que se proyecta como vehículo de iniciación y promoción deportiva. La finalidad principal es realizar una oferta multideportiva gratuita, en horario no lectivo, con la intención de fomentar el deporte en edad escolar, promocionando la educación en valores y el desarrollo pleno e integral de la personalidad del alumnado.</p>
<p>El horario y los días en que se desarrolla esta actividad son los siguientes:</p>
<p><a href="https://blogsaverroes.juntadeandalucia.es/ceipvalverdeyperales/actividades-extraescolares/whatsapp-image-2024-01-18-at-12-07-19-1/" rel="attachment wp-att-1201"><img loading="lazy" decoding="async" class="alignnone size-large wp-image-1201" src="https://blogsaverroes.juntadeandalucia.es/ceipvalverdeyperales/files/2024/01/WhatsApp-Image-2024-01-18-at-12.07.19-1-1024x724.jpeg" alt="" width="525" height="371" srcset="https://blogsaverroes.juntadeandalucia.es/ceipvalverdeyperales/files/2024/01/WhatsApp-Image-2024-01-18-at-12.07.19-1-1024x724.jpeg 1024w, https://blogsaverroes.juntadeandalucia.es/ceipvalverdeyperales/files/2024/01/WhatsApp-Image-2024-01-18-at-12.07.19-1-300x212.jpeg 300w, https://blogsaverroes.juntadeandalucia.es/ceipvalverdeyperales/files/2024/01/WhatsApp-Image-2024-01-18-at-12.07.19-1-768x543.jpeg 768w, https://blogsaverroes.juntadeandalucia.es/ceipvalverdeyperales/files/2024/01/WhatsApp-Image-2024-01-18-at-12.07.19-1-1536x1086.jpeg 1536w, https://blogsaverroes.juntadeandalucia.es/ceipvalverdeyperales/files/2024/01/WhatsApp-Image-2024-01-18-at-12.07.19-1.jpeg 1600w" sizes="(max-width: 525px) 100vw, 525px" /></a></p>

<p>Programa que se proyecta como vehículo de iniciación y promoción deportiva. La finalidad principal es realizar una oferta multideportiva gratuita, en horario no lectivo, con la intención de fomentar el deporte en edad escolar, promocionando la educación en valores y el desarrollo pleno e integral de la personalidad del alumnado. El horario y los días &hellip; </p>
<p class="link-more"><a href="https://blogsaverroes.juntadeandalucia.es/ceipvalverdeyperales/escuelas-deportivas/" class="more-link">Continuar leyendo<span class="screen-reader-text"> «Escuelas Deportivas»</span></a></p>
