{"id":68,"date":"2019-02-14T13:02:07","date_gmt":"2019-02-14T13:02:07","guid":{"rendered":"https:\/\/blogsaverroes.juntadeandalucia.es\/ceipvalverdeyperales\/?page_id=68"},"modified":"2024-01-25T10:43:48","modified_gmt":"2024-01-25T10:43:48","slug":"actividades-extraescolares","status":"publish","type":"page","link":"https:\/\/blogsaverroes.juntadeandalucia.es\/ceipvalverdeyperales\/actividades-extraescolares\/","title":{"rendered":"Actividades Extraescolares"},"content":{"rendered":"<p><span style=\"font-size: 18pt\"><strong><span style=\"color: #993300\">Ingl\u00e9s:<\/span><\/strong><\/span><\/p>\n<p><span style=\"font-size: 18pt\"><span style=\"color: #993300\">Lunes y Mi\u00e9rcoles de 16:00 a 17:00 y de 17:00 a 18:00<\/span>&nbsp; &nbsp; &nbsp; &nbsp;<\/span><\/p>\n<p><span style=\"font-size: 18pt\"><span style=\"color: #800080\"><strong>Refuerzo educativo:<\/strong>&nbsp; <\/span><\/span><\/p>\n<p><span style=\"font-size: 18pt\"><span style=\"color: #800080\">Martes y Jueves de 17:00 a 18:00<\/span>&nbsp; &nbsp;&nbsp;<\/span><\/p>\n<p><span style=\"font-size: 18pt\"><strong><span style=\"color: #008080\">Inform\u00e1tica: <\/span><\/strong><\/span><\/p>\n<p><span style=\"font-size: 18pt\"><span style=\"color: #008080\">Martes y Jueves de 16:00 a 17:00<\/span><\/span><\/p>\n<p><span style=\"font-size: 18pt;color: #993366\"><strong>Rob\u00f3tica:<\/strong><\/span><\/p>\n<p><span style=\"font-size: 18pt;color: #993366\">Martes y Jueves de 16: 00 a 18:00<\/span><\/p>\n<p><span style=\"color: #339966\"><strong><span style=\"font-size: 18pt\">Manualidades y Teatro:<\/span><\/strong><\/span><\/p>\n<p><span style=\"font-size: 18pt;color: #339966\">Martes y Jueves&nbsp; 17:00 a 18:00<\/span><\/p>\n<p><span style=\"color: #ff6600\"><strong><span style=\"font-size: 18pt\">M\u00fasica y Movimiento:<\/span><\/strong><\/span><\/p>\n<p><span style=\"font-size: 18pt;color: #ff6600\">Lunes y Mi\u00e9rcoles 17:00 a 18:00<\/span><\/p>\n<p><span style=\"font-size: 18pt;color: #00ffff\"><strong>Escuelas Deportivas:<\/strong><\/span><\/p>\n<p><span style=\"color: #00ffff;font-size: 18pt\">Martes y Jueves de 17:00 a 18:00<\/span><\/p>\n<p><span style=\"color: #00ffff;font-size: 18pt\">Lunes y Mi\u00e9rcoles de 16:00 a 17:00<\/span><\/p>\n<p><a href=\"https:\/\/blogsaverroes.juntadeandalucia.es\/ceipvalverdeyperales\/actividades-extraescolares\/whatsapp-image-2024-01-18-at-12-07-19\/\" rel=\"attachment wp-att-1200\"><img loading=\"lazy\" decoding=\"async\" class=\"alignnone size-large wp-image-1200\" src=\"https:\/\/blogsaverroes.juntadeandalucia.es\/ceipvalverdeyperales\/files\/2024\/01\/WhatsApp-Image-2024-01-18-at-12.07.19-1024x724.jpeg\" alt=\"\" width=\"525\" height=\"371\" srcset=\"https:\/\/blogsaverroes.juntadeandalucia.es\/ceipvalverdeyperales\/files\/2024\/01\/WhatsApp-Image-2024-01-18-at-12.07.19-1024x724.jpeg 1024w, https:\/\/blogsaverroes.juntadeandalucia.es\/ceipvalverdeyperales\/files\/2024\/01\/WhatsApp-Image-2024-01-18-at-12.07.19-300x212.jpeg 300w, https:\/\/blogsaverroes.juntadeandalucia.es\/ceipvalverdeyperales\/files\/2024\/01\/WhatsApp-Image-2024-01-18-at-12.07.19-768x543.jpeg 768w, https:\/\/blogsaverroes.juntadeandalucia.es\/ceipvalverdeyperales\/files\/2024\/01\/WhatsApp-Image-2024-01-18-at-12.07.19-1536x1086.jpeg 1536w, https:\/\/blogsaverroes.juntadeandalucia.es\/ceipvalverdeyperales\/files\/2024\/01\/WhatsApp-Image-2024-01-18-at-12.07.19.jpeg 1546w\" sizes=\"(max-width: 525px) 100vw, 525px\" \/><\/a> <a href=\"https:\/\/blogsaverroes.juntadeandalucia.es\/ceipvalverdeyperales\/actividades-extraescolares\/whatsapp-image-2024-01-18-at-12-07-19-1\/\" rel=\"attachment wp-att-1201\"><img loading=\"lazy\" decoding=\"async\" class=\"alignnone size-large wp-image-1201\" src=\"https:\/\/blogsaverroes.juntadeandalucia.es\/ceipvalverdeyperales\/files\/2024\/01\/WhatsApp-Image-2024-01-18-at-12.07.19-1-1024x724.jpeg\" alt=\"\" width=\"525\" height=\"371\" srcset=\"https:\/\/blogsaverroes.juntadeandalucia.es\/ceipvalverdeyperales\/files\/2024\/01\/WhatsApp-Image-2024-01-18-at-12.07.19-1-1024x724.jpeg 1024w, https:\/\/blogsaverroes.juntadeandalucia.es\/ceipvalverdeyperales\/files\/2024\/01\/WhatsApp-Image-2024-01-18-at-12.07.19-1-300x212.jpeg 300w, https:\/\/blogsaverroes.juntadeandalucia.es\/ceipvalverdeyperales\/files\/2024\/01\/WhatsApp-Image-2024-01-18-at-12.07.19-1-768x543.jpeg 768w, https:\/\/blogsaverroes.juntadeandalucia.es\/ceipvalverdeyperales\/files\/2024\/01\/WhatsApp-Image-2024-01-18-at-12.07.19-1-1536x1086.jpeg 1536w, https:\/\/blogsaverroes.juntadeandalucia.es\/ceipvalverdeyperales\/files\/2024\/01\/WhatsApp-Image-2024-01-18-at-12.07.19-1.jpeg 1600w\" sizes=\"(max-width: 525px) 100vw, 525px\" \/><\/a><\/p>\n<p><a href=\"https:\/\/blogsaverroes.juntadeandalucia.es\/ceipvalverdeyperales\/actividades-extraescolares\/whatsapp-image-2024-01-25-at-10-01-48\/\" rel=\"attachment wp-att-1307\"><span style=\"color: #0000ff;font-family: impact, sans-serif;font-size: 24pt\">AULA DE TEATRO<\/span><img loading=\"lazy\" decoding=\"async\" class=\"alignnone size-full wp-image-1307\" src=\"https:\/\/blogsaverroes.juntadeandalucia.es\/ceipvalverdeyperales\/files\/2024\/01\/WhatsApp-Image-2024-01-25-at-10.01.48.jpeg\" alt=\"\" width=\"1024\" height=\"768\" srcset=\"https:\/\/blogsaverroes.juntadeandalucia.es\/ceipvalverdeyperales\/files\/2024\/01\/WhatsApp-Image-2024-01-25-at-10.01.48.jpeg 1024w, https:\/\/blogsaverroes.juntadeandalucia.es\/ceipvalverdeyperales\/files\/2024\/01\/WhatsApp-Image-2024-01-25-at-10.01.48-300x225.jpeg 300w, https:\/\/blogsaverroes.juntadeandalucia.es\/ceipvalverdeyperales\/files\/2024\/01\/WhatsApp-Image-2024-01-25-at-10.01.48-768x576.jpeg 768w\" sizes=\"(max-width: 767px) 89vw, (max-width: 1000px) 54vw, (max-width: 1071px) 543px, 580px\" \/><\/a><\/p>\n<p>&nbsp;<\/p>\n<p><img loading=\"lazy\" decoding=\"async\" class=\"alignnone wp-image-190\" src=\"https:\/\/blogsaverroes.juntadeandalucia.es\/ceipvalverdeyperales\/files\/2019\/02\/file1-8-300x227.jpeg\" alt=\"\" width=\"270\" height=\"204\" srcset=\"https:\/\/blogsaverroes.juntadeandalucia.es\/ceipvalverdeyperales\/files\/2019\/02\/file1-8-300x227.jpeg 300w, https:\/\/blogsaverroes.juntadeandalucia.es\/ceipvalverdeyperales\/files\/2019\/02\/file1-8-768x581.jpeg 768w, https:\/\/blogsaverroes.juntadeandalucia.es\/ceipvalverdeyperales\/files\/2019\/02\/file1-8-1024x775.jpeg 1024w, https:\/\/blogsaverroes.juntadeandalucia.es\/ceipvalverdeyperales\/files\/2019\/02\/file1-8-24x18.jpeg 24w, https:\/\/blogsaverroes.juntadeandalucia.es\/ceipvalverdeyperales\/files\/2019\/02\/file1-8-36x27.jpeg 36w, https:\/\/blogsaverroes.juntadeandalucia.es\/ceipvalverdeyperales\/files\/2019\/02\/file1-8-48x36.jpeg 48w, https:\/\/blogsaverroes.juntadeandalucia.es\/ceipvalverdeyperales\/files\/2019\/02\/file1-8.jpeg 1242w\" sizes=\"(max-width: 270px) 100vw, 270px\" \/>&nbsp; &nbsp; &nbsp; &nbsp; &nbsp; &nbsp; &nbsp; &nbsp; &nbsp; &nbsp; &nbsp;<img loading=\"lazy\" decoding=\"async\" class=\"alignnone wp-image-191\" src=\"https:\/\/blogsaverroes.juntadeandalucia.es\/ceipvalverdeyperales\/files\/2019\/02\/file2-8-169x300.jpeg\" alt=\"\" width=\"144\" height=\"256\" srcset=\"https:\/\/blogsaverroes.juntadeandalucia.es\/ceipvalverdeyperales\/files\/2019\/02\/file2-8-169x300.jpeg 169w, https:\/\/blogsaverroes.juntadeandalucia.es\/ceipvalverdeyperales\/files\/2019\/02\/file2-8-768x1365.jpeg 768w, https:\/\/blogsaverroes.juntadeandalucia.es\/ceipvalverdeyperales\/files\/2019\/02\/file2-8-576x1024.jpeg 576w, https:\/\/blogsaverroes.juntadeandalucia.es\/ceipvalverdeyperales\/files\/2019\/02\/file2-8-14x24.jpeg 14w, https:\/\/blogsaverroes.juntadeandalucia.es\/ceipvalverdeyperales\/files\/2019\/02\/file2-8-20x36.jpeg 20w, https:\/\/blogsaverroes.juntadeandalucia.es\/ceipvalverdeyperales\/files\/2019\/02\/file2-8-27x48.jpeg 27w, https:\/\/blogsaverroes.juntadeandalucia.es\/ceipvalverdeyperales\/files\/2019\/02\/file2-8.jpeg 900w\" sizes=\"(max-width: 144px) 100vw, 144px\" \/><\/p>\n<p><img loading=\"lazy\" decoding=\"async\" class=\"alignnone wp-image-192\" src=\"https:\/\/blogsaverroes.juntadeandalucia.es\/ceipvalverdeyperales\/files\/2019\/02\/file5-3-225x300.jpeg\" alt=\"\" width=\"191\" height=\"255\" srcset=\"https:\/\/blogsaverroes.juntadeandalucia.es\/ceipvalverdeyperales\/files\/2019\/02\/file5-3-225x300.jpeg 225w, https:\/\/blogsaverroes.juntadeandalucia.es\/ceipvalverdeyperales\/files\/2019\/02\/file5-3-768x1024.jpeg 768w, https:\/\/blogsaverroes.juntadeandalucia.es\/ceipvalverdeyperales\/files\/2019\/02\/file5-3-18x24.jpeg 18w, https:\/\/blogsaverroes.juntadeandalucia.es\/ceipvalverdeyperales\/files\/2019\/02\/file5-3-27x36.jpeg 27w, https:\/\/blogsaverroes.juntadeandalucia.es\/ceipvalverdeyperales\/files\/2019\/02\/file5-3-36x48.jpeg 36w, https:\/\/blogsaverroes.juntadeandalucia.es\/ceipvalverdeyperales\/files\/2019\/02\/file5-3.jpeg 1200w\" sizes=\"(max-width: 191px) 100vw, 191px\" \/>&nbsp; &nbsp; &nbsp; &nbsp; &nbsp; &nbsp; &nbsp; &nbsp;<img loading=\"lazy\" decoding=\"async\" class=\"alignnone wp-image-194\" src=\"https:\/\/blogsaverroes.juntadeandalucia.es\/ceipvalverdeyperales\/files\/2019\/02\/file4-6-300x225.jpeg\" alt=\"\" width=\"271\" height=\"203\" srcset=\"https:\/\/blogsaverroes.juntadeandalucia.es\/ceipvalverdeyperales\/files\/2019\/02\/file4-6-300x225.jpeg 300w, https:\/\/blogsaverroes.juntadeandalucia.es\/ceipvalverdeyperales\/files\/2019\/02\/file4-6-768x576.jpeg 768w, https:\/\/blogsaverroes.juntadeandalucia.es\/ceipvalverdeyperales\/files\/2019\/02\/file4-6-1024x768.jpeg 1024w, https:\/\/blogsaverroes.juntadeandalucia.es\/ceipvalverdeyperales\/files\/2019\/02\/file4-6-24x18.jpeg 24w, https:\/\/blogsaverroes.juntadeandalucia.es\/ceipvalverdeyperales\/files\/2019\/02\/file4-6-36x27.jpeg 36w, https:\/\/blogsaverroes.juntadeandalucia.es\/ceipvalverdeyperales\/files\/2019\/02\/file4-6-48x36.jpeg 48w, https:\/\/blogsaverroes.juntadeandalucia.es\/ceipvalverdeyperales\/files\/2019\/02\/file4-6.jpeg 1600w\" sizes=\"(max-width: 271px) 100vw, 271px\" \/><\/p>\n","protected":false},"excerpt":{"rendered":"<p>Ingl\u00e9s: Lunes y Mi\u00e9rcoles de 16:00 a 17:00 y de 17:00 a 18:00&nbsp; &nbsp; &nbsp; &nbsp; Refuerzo educativo:&nbsp; Martes y Jueves de 17:00 a 18:00&nbsp; &nbsp;&nbsp; Inform\u00e1tica: Martes y Jueves de 16:00 a 17:00 Rob\u00f3tica: Martes y Jueves de 16: 00 a 18:00 Manualidades y Teatro: Martes y Jueves&nbsp; 17:00 a 18:00 M\u00fasica y Movimiento: &hellip; <\/p>\n<p class=\"link-more\"><a href=\"https:\/\/blogsaverroes.juntadeandalucia.es\/ceipvalverdeyperales\/actividades-extraescolares\/\" class=\"more-link\">Continuar leyendo<span class=\"screen-reader-text\"> \u00abActividades Extraescolares\u00bb<\/span><\/a><\/p>\n","protected":false},"author":7147,"featured_media":0,"parent":0,"menu_order":0,"comment_status":"closed","ping_status":"closed","template":"","meta":{"ngg_post_thumbnail":0,"footnotes":""},"aioseo_notices":[],"_links":{"self":[{"href":"https:\/\/blogsaverroes.juntadeandalucia.es\/ceipvalverdeyperales\/wp-json\/wp\/v2\/pages\/68"}],"collection":[{"href":"https:\/\/blogsaverroes.juntadeandalucia.es\/ceipvalverdeyperales\/wp-json\/wp\/v2\/pages"}],"about":[{"href":"https:\/\/blogsaverroes.juntadeandalucia.es\/ceipvalverdeyperales\/wp-json\/wp\/v2\/types\/page"}],"author":[{"embeddable":true,"href":"https:\/\/blogsaverroes.juntadeandalucia.es\/ceipvalverdeyperales\/wp-json\/wp\/v2\/users\/7147"}],"replies":[{"embeddable":true,"href":"https:\/\/blogsaverroes.juntadeandalucia.es\/ceipvalverdeyperales\/wp-json\/wp\/v2\/comments?post=68"}],"version-history":[{"count":10,"href":"https:\/\/blogsaverroes.juntadeandalucia.es\/ceipvalverdeyperales\/wp-json\/wp\/v2\/pages\/68\/revisions"}],"predecessor-version":[{"id":1308,"href":"https:\/\/blogsaverroes.juntadeandalucia.es\/ceipvalverdeyperales\/wp-json\/wp\/v2\/pages\/68\/revisions\/1308"}],"wp:attachment":[{"href":"https:\/\/blogsaverroes.juntadeandalucia.es\/ceipvalverdeyperales\/wp-json\/wp\/v2\/media?parent=68"}],"curies":[{"name":"wp","href":"https:\/\/api.w.org\/{rel}","templated":true}]}}

<p><span style="font-size: 18pt"><strong><span style="color: #993300">Inglés:</span></strong></span></p>
<p><span style="font-size: 18pt"><span style="color: #993300">Lunes y Miércoles de 16:00 a 17:00 y de 17:00 a 18:00</span>&nbsp; &nbsp; &nbsp; &nbsp;</span></p>
<p><span style="font-size: 18pt"><span style="color: #800080"><strong>Refuerzo educativo:</strong>&nbsp; </span></span></p>
<p><span style="font-size: 18pt"><span style="color: #800080">Martes y Jueves de 17:00 a 18:00</span>&nbsp; &nbsp;&nbsp;</span></p>
<p><span style="font-size: 18pt"><strong><span style="color: #008080">Informática: </span></strong></span></p>
<p><span style="font-size: 18pt"><span style="color: #008080">Martes y Jueves de 16:00 a 17:00</span></span></p>
<p><span style="font-size: 18pt;color: #993366"><strong>Robótica:</strong></span></p>
<p><span style="font-size: 18pt;color: #993366">Martes y Jueves de 16: 00 a 18:00</span></p>
<p><span style="color: #339966"><strong><span style="font-size: 18pt">Manualidades y Teatro:</span></strong></span></p>
<p><span style="font-size: 18pt;color: #339966">Martes y Jueves&nbsp; 17:00 a 18:00</span></p>
<p><span style="color: #ff6600"><strong><span style="font-size: 18pt">Música y Movimiento:</span></strong></span></p>
<p><span style="font-size: 18pt;color: #ff6600">Lunes y Miércoles 17:00 a 18:00</span></p>
<p><span style="font-size: 18pt;color: #00ffff"><strong>Escuelas Deportivas:</strong></span></p>
<p><span style="color: #00ffff;font-size: 18pt">Martes y Jueves de 17:00 a 18:00</span></p>
<p><span style="color: #00ffff;font-size: 18pt">Lunes y Miércoles de 16:00 a 17:00</span></p>
<p><a href="https://blogsaverroes.juntadeandalucia.es/ceipvalverdeyperales/actividades-extraescolares/whatsapp-image-2024-01-18-at-12-07-19/" rel="attachment wp-att-1200"><img loading="lazy" decoding="async" class="alignnone size-large wp-image-1200" src="https://blogsaverroes.juntadeandalucia.es/ceipvalverdeyperales/files/2024/01/WhatsApp-Image-2024-01-18-at-12.07.19-1024x724.jpeg" alt="" width="525" height="371" srcset="https://blogsaverroes.juntadeandalucia.es/ceipvalverdeyperales/files/2024/01/WhatsApp-Image-2024-01-18-at-12.07.19-1024x724.jpeg 1024w, https://blogsaverroes.juntadeandalucia.es/ceipvalverdeyperales/files/2024/01/WhatsApp-Image-2024-01-18-at-12.07.19-300x212.jpeg 300w, https://blogsaverroes.juntadeandalucia.es/ceipvalverdeyperales/files/2024/01/WhatsApp-Image-2024-01-18-at-12.07.19-768x543.jpeg 768w, https://blogsaverroes.juntadeandalucia.es/ceipvalverdeyperales/files/2024/01/WhatsApp-Image-2024-01-18-at-12.07.19-1536x1086.jpeg 1536w, https://blogsaverroes.juntadeandalucia.es/ceipvalverdeyperales/files/2024/01/WhatsApp-Image-2024-01-18-at-12.07.19.jpeg 1546w" sizes="(max-width: 525px) 100vw, 525px" /></a> <a href="https://blogsaverroes.juntadeandalucia.es/ceipvalverdeyperales/actividades-extraescolares/whatsapp-image-2024-01-18-at-12-07-19-1/" rel="attachment wp-att-1201"><img loading="lazy" decoding="async" class="alignnone size-large wp-image-1201" src="https://blogsaverroes.juntadeandalucia.es/ceipvalverdeyperales/files/2024/01/WhatsApp-Image-2024-01-18-at-12.07.19-1-1024x724.jpeg" alt="" width="525" height="371" srcset="https://blogsaverroes.juntadeandalucia.es/ceipvalverdeyperales/files/2024/01/WhatsApp-Image-2024-01-18-at-12.07.19-1-1024x724.jpeg 1024w, https://blogsaverroes.juntadeandalucia.es/ceipvalverdeyperales/files/2024/01/WhatsApp-Image-2024-01-18-at-12.07.19-1-300x212.jpeg 300w, https://blogsaverroes.juntadeandalucia.es/ceipvalverdeyperales/files/2024/01/WhatsApp-Image-2024-01-18-at-12.07.19-1-768x543.jpeg 768w, https://blogsaverroes.juntadeandalucia.es/ceipvalverdeyperales/files/2024/01/WhatsApp-Image-2024-01-18-at-12.07.19-1-1536x1086.jpeg 1536w, https://blogsaverroes.juntadeandalucia.es/ceipvalverdeyperales/files/2024/01/WhatsApp-Image-2024-01-18-at-12.07.19-1.jpeg 1600w" sizes="(max-width: 525px) 100vw, 525px" /></a></p>
<p><a href="https://blogsaverroes.juntadeandalucia.es/ceipvalverdeyperales/actividades-extraescolares/whatsapp-image-2024-01-25-at-10-01-48/" rel="attachment wp-att-1307"><span style="color: #0000ff;font-family: impact, sans-serif;font-size: 24pt">AULA DE TEATRO</span><img loading="lazy" decoding="async" class="alignnone size-full wp-image-1307" src="https://blogsaverroes.juntadeandalucia.es/ceipvalverdeyperales/files/2024/01/WhatsApp-Image-2024-01-25-at-10.01.48.jpeg" alt="" width="1024" height="768" srcset="https://blogsaverroes.juntadeandalucia.es/ceipvalverdeyperales/files/2024/01/WhatsApp-Image-2024-01-25-at-10.01.48.jpeg 1024w, https://blogsaverroes.juntadeandalucia.es/ceipvalverdeyperales/files/2024/01/WhatsApp-Image-2024-01-25-at-10.01.48-300x225.jpeg 300w, https://blogsaverroes.juntadeandalucia.es/ceipvalverdeyperales/files/2024/01/WhatsApp-Image-2024-01-25-at-10.01.48-768x576.jpeg 768w" sizes="(max-width: 767px) 89vw, (max-width: 1000px) 54vw, (max-width: 1071px) 543px, 580px" /></a></p>
<p>&nbsp;</p>
<p><img loading="lazy" decoding="async" class="alignnone wp-image-190" src="https://blogsaverroes.juntadeandalucia.es/ceipvalverdeyperales/files/2019/02/file1-8-300x227.jpeg" alt="" width="270" height="204" srcset="https://blogsaverroes.juntadeandalucia.es/ceipvalverdeyperales/files/2019/02/file1-8-300x227.jpeg 300w, https://blogsaverroes.juntadeandalucia.es/ceipvalverdeyperales/files/2019/02/file1-8-768x581.jpeg 768w, https://blogsaverroes.juntadeandalucia.es/ceipvalverdeyperales/files/2019/02/file1-8-1024x775.jpeg 1024w, https://blogsaverroes.juntadeandalucia.es/ceipvalverdeyperales/files/2019/02/file1-8-24x18.jpeg 24w, https://blogsaverroes.juntadeandalucia.es/ceipvalverdeyperales/files/2019/02/file1-8-36x27.jpeg 36w, https://blogsaverroes.juntadeandalucia.es/ceipvalverdeyperales/files/2019/02/file1-8-48x36.jpeg 48w, https://blogsaverroes.juntadeandalucia.es/ceipvalverdeyperales/files/2019/02/file1-8.jpeg 1242w" sizes="(max-width: 270px) 100vw, 270px" />&nbsp; &nbsp; &nbsp; &nbsp; &nbsp; &nbsp; &nbsp; &nbsp; &nbsp; &nbsp; &nbsp;<img loading="lazy" decoding="async" class="alignnone wp-image-191" src="https://blogsaverroes.juntadeandalucia.es/ceipvalverdeyperales/files/2019/02/file2-8-169x300.jpeg" alt="" width="144" height="256" srcset="https://blogsaverroes.juntadeandalucia.es/ceipvalverdeyperales/files/2019/02/file2-8-169x300.jpeg 169w, https://blogsaverroes.juntadeandalucia.es/ceipvalverdeyperales/files/2019/02/file2-8-768x1365.jpeg 768w, https://blogsaverroes.juntadeandalucia.es/ceipvalverdeyperales/files/2019/02/file2-8-576x1024.jpeg 576w, https://blogsaverroes.juntadeandalucia.es/ceipvalverdeyperales/files/2019/02/file2-8-14x24.jpeg 14w, https://blogsaverroes.juntadeandalucia.es/ceipvalverdeyperales/files/2019/02/file2-8-20x36.jpeg 20w, https://blogsaverroes.juntadeandalucia.es/ceipvalverdeyperales/files/2019/02/file2-8-27x48.jpeg 27w, https://blogsaverroes.juntadeandalucia.es/ceipvalverdeyperales/files/2019/02/file2-8.jpeg 900w" sizes="(max-width: 144px) 100vw, 144px" /></p>
<p><img loading="lazy" decoding="async" class="alignnone wp-image-192" src="https://blogsaverroes.juntadeandalucia.es/ceipvalverdeyperales/files/2019/02/file5-3-225x300.jpeg" alt="" width="191" height="255" srcset="https://blogsaverroes.juntadeandalucia.es/ceipvalverdeyperales/files/2019/02/file5-3-225x300.jpeg 225w, https://blogsaverroes.juntadeandalucia.es/ceipvalverdeyperales/files/2019/02/file5-3-768x1024.jpeg 768w, https://blogsaverroes.juntadeandalucia.es/ceipvalverdeyperales/files/2019/02/file5-3-18x24.jpeg 18w, https://blogsaverroes.juntadeandalucia.es/ceipvalverdeyperales/files/2019/02/file5-3-27x36.jpeg 27w, https://blogsaverroes.juntadeandalucia.es/ceipvalverdeyperales/files/2019/02/file5-3-36x48.jpeg 36w, https://blogsaverroes.juntadeandalucia.es/ceipvalverdeyperales/files/2019/02/file5-3.jpeg 1200w" sizes="(max-width: 191px) 100vw, 191px" />&nbsp; &nbsp; &nbsp; &nbsp; &nbsp; &nbsp; &nbsp; &nbsp;<img loading="lazy" decoding="async" class="alignnone wp-image-194" src="https://blogsaverroes.juntadeandalucia.es/ceipvalverdeyperales/files/2019/02/file4-6-300x225.jpeg" alt="" width="271" height="203" srcset="https://blogsaverroes.juntadeandalucia.es/ceipvalverdeyperales/files/2019/02/file4-6-300x225.jpeg 300w, https://blogsaverroes.juntadeandalucia.es/ceipvalverdeyperales/files/2019/02/file4-6-768x576.jpeg 768w, https://blogsaverroes.juntadeandalucia.es/ceipvalverdeyperales/files/2019/02/file4-6-1024x768.jpeg 1024w, https://blogsaverroes.juntadeandalucia.es/ceipvalverdeyperales/files/2019/02/file4-6-24x18.jpeg 24w, https://blogsaverroes.juntadeandalucia.es/ceipvalverdeyperales/files/2019/02/file4-6-36x27.jpeg 36w, https://blogsaverroes.juntadeandalucia.es/ceipvalverdeyperales/files/2019/02/file4-6-48x36.jpeg 48w, https://blogsaverroes.juntadeandalucia.es/ceipvalverdeyperales/files/2019/02/file4-6.jpeg 1600w" sizes="(max-width: 271px) 100vw, 271px" /></p>

<p>Inglés: Lunes y Miércoles de 16:00 a 17:00 y de 17:00 a 18:00&nbsp; &nbsp; &nbsp; &nbsp; Refuerzo educativo:&nbsp; Martes y Jueves de 17:00 a 18:00&nbsp; &nbsp;&nbsp; Informática: Martes y Jueves de 16:00 a 17:00 Robótica: Martes y Jueves de 16: 00 a 18:00 Manualidades y Teatro: Martes y Jueves&nbsp; 17:00 a 18:00 Música y Movimiento: &hellip; </p>
<p class="link-more"><a href="https://blogsaverroes.juntadeandalucia.es/ceipvalverdeyperales/actividades-extraescolares/" class="more-link">Continuar leyendo<span class="screen-reader-text"> «Actividades Extraescolares»</span></a></p>
