{"id":1039,"date":"2023-03-22T11:37:37","date_gmt":"2023-03-22T10:37:37","guid":{"rendered":"https:\/\/blogsaverroes.juntadeandalucia.es\/ceipveintiochodefebrero\/?page_id=1039"},"modified":"2024-11-08T11:31:19","modified_gmt":"2024-11-08T10:31:19","slug":"equipo-directivo","status":"publish","type":"page","link":"https:\/\/blogsaverroes.juntadeandalucia.es\/ceipveintiochodefebrero\/equipo-directivo\/","title":{"rendered":"Equipo directivo"},"content":{"rendered":"<p><strong>Directora:<\/strong><\/p>\n<p>D\u00f1a. Emelina Garc\u00eda S\u00e1nchez.<\/p>\n<p><strong>Jefa de estudios:<\/strong><\/p>\n<p>D\u00f1a. Gema Mar\u00eda Vald\u00e9s Cano<\/p>\n<p><strong>Secretaria:<\/strong><\/p>\n<p>D\u00f1a. Adelina Collado Vel\u00e1zquez.<\/p>\n","protected":false},"excerpt":{"rendered":"<p>Directora: D\u00f1a. Emelina Garc\u00eda S\u00e1nchez. Jefa de estudios: D\u00f1a. Gema Mar\u00eda Vald\u00e9s Cano Secretaria: D\u00f1a. Adelina Collado Vel\u00e1zquez.<\/p>\n","protected":false},"author":15861,"featured_media":0,"parent":0,"menu_order":0,"comment_status":"closed","ping_status":"closed","template":"","meta":{"_et_pb_use_builder":"","_et_pb_old_content":"","_et_gb_content_width":"","ngg_post_thumbnail":0,"footnotes":""},"aioseo_notices":[],"_links":{"self":[{"href":"https:\/\/blogsaverroes.juntadeandalucia.es\/ceipveintiochodefebrero\/wp-json\/wp\/v2\/pages\/1039"}],"collection":[{"href":"https:\/\/blogsaverroes.juntadeandalucia.es\/ceipveintiochodefebrero\/wp-json\/wp\/v2\/pages"}],"about":[{"href":"https:\/\/blogsaverroes.juntadeandalucia.es\/ceipveintiochodefebrero\/wp-json\/wp\/v2\/types\/page"}],"author":[{"embeddable":true,"href":"https:\/\/blogsaverroes.juntadeandalucia.es\/ceipveintiochodefebrero\/wp-json\/wp\/v2\/users\/15861"}],"replies":[{"embeddable":true,"href":"https:\/\/blogsaverroes.juntadeandalucia.es\/ceipveintiochodefebrero\/wp-json\/wp\/v2\/comments?post=1039"}],"version-history":[{"count":3,"href":"https:\/\/blogsaverroes.juntadeandalucia.es\/ceipveintiochodefebrero\/wp-json\/wp\/v2\/pages\/1039\/revisions"}],"predecessor-version":[{"id":1331,"href":"https:\/\/blogsaverroes.juntadeandalucia.es\/ceipveintiochodefebrero\/wp-json\/wp\/v2\/pages\/1039\/revisions\/1331"}],"wp:attachment":[{"href":"https:\/\/blogsaverroes.juntadeandalucia.es\/ceipveintiochodefebrero\/wp-json\/wp\/v2\/media?parent=1039"}],"curies":[{"name":"wp","href":"https:\/\/api.w.org\/{rel}","templated":true}]}}

<p><strong>Directora:</strong></p>
<p>Dña. Emelina García Sánchez.</p>
<p><strong>Jefa de estudios:</strong></p>
<p>Dña. Gema María Valdés Cano</p>
<p><strong>Secretaria:</strong></p>
<p>Dña. Adelina Collado Velázquez.</p>

<p>Directora: Dña. Emelina García Sánchez. Jefa de estudios: Dña. Gema María Valdés Cano Secretaria: Dña. Adelina Collado Velázquez.</p>
