{"id":1142,"date":"2023-03-24T13:06:56","date_gmt":"2023-03-24T12:06:56","guid":{"rendered":"https:\/\/blogsaverroes.juntadeandalucia.es\/ceipveintiochodefebrero\/?page_id=1142"},"modified":"2024-11-08T11:34:59","modified_gmt":"2024-11-08T10:34:59","slug":"participacion","status":"publish","type":"page","link":"https:\/\/blogsaverroes.juntadeandalucia.es\/ceipveintiochodefebrero\/participacion\/","title":{"rendered":"Participaci\u00f3n"},"content":{"rendered":"<p>La ley de Educaci\u00f3n de Andaluc\u00eda regula en el Cap\u00edtulo IV del T\u00edtulo I la participaci\u00f3n de las familias en el proceso de ense\u00f1anza y aprendizaje de sus hijos e hijas.<\/p>\n<p>Los cauces de participaci\u00f3n de las familias en el centro, vienen recogidos en nuestro reglamento de organizaci\u00f3n y funcionamiento.<\/p>\n<p><strong>Cauces de participaci\u00f3n de las familias.<\/strong><\/p>\n<p>&#8211;&nbsp;<strong>Reuniones de principio de curso<\/strong>&nbsp;para informar a padres, madres y tutores legales de la normativa del centro, criterios de evaluaci\u00f3n, etc.<\/p>\n<p>&#8211;&nbsp;<strong>Asistencia a tutor\u00edas<\/strong>. A petici\u00f3n de las familias o por parte del profesorado.<\/p>\n<p>&#8211;&nbsp;<strong>En el consejo escolar<\/strong>. A nuestro centro, al ser de m\u00e1s de 18 unidades, le corresponden 9 padres o madres; as\u00ed como 1 representante del AMPA. Las personas elegidas tienen un mandato de 4 a\u00f1os; cada dos a\u00f1os se van renovando los representantes.<\/p>\n<p>&#8211;&nbsp;<strong>A trav\u00e9s de los delegados de padres y madres<\/strong>. Elecci\u00f3n cada curso acad\u00e9mico, en el primer trimestre del curso. Se elige un padre o madre de cada una de las clases. Figura que est\u00e1 en funcionamiento desde el curso 2011-2012<\/p>\n<p>&#8211;&nbsp;<strong>A trav\u00e9s de las AMPAS<\/strong>.<\/p>\n<p>&#8211;<strong>&nbsp;Participaci\u00f3n en las actividades que organiza el centro<\/strong>.<\/p>\n<p>Adem\u00e1s seg\u00fan queda recogido en la Ley de Educaci\u00f3n de Andaluc\u00eda las familias est\u00e1n obligadas a colaborar con el centro en la educaci\u00f3n de sus hijos e hijas, concret\u00e1ndose en las siguientes actuaciones:<\/p>\n<p>a) Estimular a sus hijos o hijas en la realizaci\u00f3n de las actividades escolares.<\/p>\n<p>b) Respetar la autoridad y orientaciones del profesorado.<\/p>\n<p>c) Respetar las normas de organizaci\u00f3n, convivencia y disciplina del centro.<\/p>\n<p>d) Procurar que sus hijos e hijas conserven y mantengan en buen estado los libros de texto y el material did\u00e1ctico cedido por los centros.<\/p>\n<p>e) Cumplir\u00e1n con las obligaciones contra\u00eddas en los compromisos educativos y de convivencia que hubieran suscrito con el centro.<\/p>\n<p>&nbsp;<\/p>\n","protected":false},"excerpt":{"rendered":"<p>La ley de Educaci\u00f3n de Andaluc\u00eda regula en el Cap\u00edtulo IV del T\u00edtulo I la participaci\u00f3n de las familias en el proceso de ense\u00f1anza y aprendizaje de sus hijos e hijas. Los cauces de participaci\u00f3n de las familias en el centro, vienen recogidos en nuestro reglamento de organizaci\u00f3n y funcionamiento. Cauces de participaci\u00f3n de las [&hellip;]<\/p>\n","protected":false},"author":15861,"featured_media":0,"parent":0,"menu_order":0,"comment_status":"closed","ping_status":"closed","template":"","meta":{"_et_pb_use_builder":"","_et_pb_old_content":"","_et_gb_content_width":"","ngg_post_thumbnail":0,"footnotes":""},"aioseo_notices":[],"_links":{"self":[{"href":"https:\/\/blogsaverroes.juntadeandalucia.es\/ceipveintiochodefebrero\/wp-json\/wp\/v2\/pages\/1142"}],"collection":[{"href":"https:\/\/blogsaverroes.juntadeandalucia.es\/ceipveintiochodefebrero\/wp-json\/wp\/v2\/pages"}],"about":[{"href":"https:\/\/blogsaverroes.juntadeandalucia.es\/ceipveintiochodefebrero\/wp-json\/wp\/v2\/types\/page"}],"author":[{"embeddable":true,"href":"https:\/\/blogsaverroes.juntadeandalucia.es\/ceipveintiochodefebrero\/wp-json\/wp\/v2\/users\/15861"}],"replies":[{"embeddable":true,"href":"https:\/\/blogsaverroes.juntadeandalucia.es\/ceipveintiochodefebrero\/wp-json\/wp\/v2\/comments?post=1142"}],"version-history":[{"count":2,"href":"https:\/\/blogsaverroes.juntadeandalucia.es\/ceipveintiochodefebrero\/wp-json\/wp\/v2\/pages\/1142\/revisions"}],"predecessor-version":[{"id":1214,"href":"https:\/\/blogsaverroes.juntadeandalucia.es\/ceipveintiochodefebrero\/wp-json\/wp\/v2\/pages\/1142\/revisions\/1214"}],"wp:attachment":[{"href":"https:\/\/blogsaverroes.juntadeandalucia.es\/ceipveintiochodefebrero\/wp-json\/wp\/v2\/media?parent=1142"}],"curies":[{"name":"wp","href":"https:\/\/api.w.org\/{rel}","templated":true}]}}