{"id":1307,"date":"2023-03-27T18:55:02","date_gmt":"2023-03-27T17:55:02","guid":{"rendered":"https:\/\/blogsaverroes.juntadeandalucia.es\/ceipveintiochodefebrero\/?page_id=1307"},"modified":"2024-11-08T10:33:01","modified_gmt":"2024-11-08T09:33:01","slug":"profesorado-de-primaria","status":"publish","type":"page","link":"https:\/\/blogsaverroes.juntadeandalucia.es\/ceipveintiochodefebrero\/profesorado-de-primaria\/","title":{"rendered":"Profesorado de Primaria"},"content":{"rendered":"<p>Do\u00f1a Yolanda Ru\u00edz Reyes (<strong>tutora de 1\u00ba A)<\/strong><\/p>\n<p><span lang=\"es-ES\">Do\u00f1a. Carmen Mar\u00eda de Haro Garc\u00eda. (<strong>tutora de 1\u00ba B)<\/strong><\/span><\/p>\n<p>Do\u00f1a Mar\u00eda de la Cruz Garc\u00eda Herrero (<strong>tutora de 2\u00ba A<\/strong>)<\/p>\n<p>Do\u00f1a Mercedes Rubio Vill\u00e9n (<strong>tutora de 2\u00ba B<\/strong>)<\/p>\n<p>Do\u00f1a Mar\u00eda del Mar Morante L\u00f3pez (<strong>tutora de 3\u00ba A<\/strong>)<\/p>\n<p>Do\u00f1a Margarita Barroso Plaza (<strong>tutora de 3\u00ba B<\/strong>)<\/p>\n<p>Do\u00f1a Rafaela C. Mart\u00ednez Rodr\u00edguez (<strong>tutora de 3\u00ba C)<\/strong><\/p>\n<p>Do\u00f1a Emelina Garc\u00eda S\u00e1nchez (<strong>tutora de 4\u00ba A)<\/strong><\/p>\n<p>Do\u00f1a Francisca Hidalgo Villena (<strong>tutora de 4\u00ba B)<\/strong><\/p>\n<p>Do\u00f1a Marina Medina Robles (<strong>tutora de 5\u00ba A<\/strong>)<\/p>\n<p><span lang=\"es-ES\">D\u00f1a. Mar\u00eda Joaquina L\u00f3pez L\u00f3pez (<strong>tutora de 5\u00baB<\/strong>)<\/span><\/p>\n<p>Don Fernando Villegas Lirola (<strong>tutor de 6\u00ba A<\/strong>)<\/p>\n<p>Don Javier Escudero Barranco (<strong>tutor de 6\u00ba B<\/strong>)<\/p>\n<p>Do\u00f1a Gema Mar\u00eda Vald\u00e9s Cano (<strong>maestra de apoyo a educaci\u00f3n primaria<\/strong>)<\/p>\n<p>&nbsp;<\/p>\n","protected":false},"excerpt":{"rendered":"<p>Do\u00f1a Yolanda Ru\u00edz Reyes (tutora de 1\u00ba A) Do\u00f1a. Carmen Mar\u00eda de Haro Garc\u00eda. (tutora de 1\u00ba B) Do\u00f1a Mar\u00eda de la Cruz Garc\u00eda Herrero (tutora de 2\u00ba A) Do\u00f1a Mercedes Rubio Vill\u00e9n (tutora de 2\u00ba B) Do\u00f1a Mar\u00eda del Mar Morante L\u00f3pez (tutora de 3\u00ba A) Do\u00f1a Margarita Barroso Plaza (tutora de 3\u00ba B) [&hellip;]<\/p>\n","protected":false},"author":15861,"featured_media":0,"parent":0,"menu_order":0,"comment_status":"closed","ping_status":"closed","template":"","meta":{"_et_pb_use_builder":"","_et_pb_old_content":"","_et_gb_content_width":"","ngg_post_thumbnail":0,"footnotes":""},"aioseo_notices":[],"_links":{"self":[{"href":"https:\/\/blogsaverroes.juntadeandalucia.es\/ceipveintiochodefebrero\/wp-json\/wp\/v2\/pages\/1307"}],"collection":[{"href":"https:\/\/blogsaverroes.juntadeandalucia.es\/ceipveintiochodefebrero\/wp-json\/wp\/v2\/pages"}],"about":[{"href":"https:\/\/blogsaverroes.juntadeandalucia.es\/ceipveintiochodefebrero\/wp-json\/wp\/v2\/types\/page"}],"author":[{"embeddable":true,"href":"https:\/\/blogsaverroes.juntadeandalucia.es\/ceipveintiochodefebrero\/wp-json\/wp\/v2\/users\/15861"}],"replies":[{"embeddable":true,"href":"https:\/\/blogsaverroes.juntadeandalucia.es\/ceipveintiochodefebrero\/wp-json\/wp\/v2\/comments?post=1307"}],"version-history":[{"count":7,"href":"https:\/\/blogsaverroes.juntadeandalucia.es\/ceipveintiochodefebrero\/wp-json\/wp\/v2\/pages\/1307\/revisions"}],"predecessor-version":[{"id":1511,"href":"https:\/\/blogsaverroes.juntadeandalucia.es\/ceipveintiochodefebrero\/wp-json\/wp\/v2\/pages\/1307\/revisions\/1511"}],"wp:attachment":[{"href":"https:\/\/blogsaverroes.juntadeandalucia.es\/ceipveintiochodefebrero\/wp-json\/wp\/v2\/media?parent=1307"}],"curies":[{"name":"wp","href":"https:\/\/api.w.org\/{rel}","templated":true}]}}