{"id":825,"date":"2020-12-18T08:32:50","date_gmt":"2020-12-18T07:32:50","guid":{"rendered":"https:\/\/blogsaverroes.juntadeandalucia.es\/pre\/plantilla-pencil\/?page_id=824"},"modified":"2024-11-08T10:36:44","modified_gmt":"2024-11-08T09:36:44","slug":"2o-ciclo-de-educacion-infantil","status":"publish","type":"page","link":"https:\/\/blogsaverroes.juntadeandalucia.es\/ceipveintiochodefebrero\/2o-ciclo-de-educacion-infantil\/","title":{"rendered":"Segundo Ciclo de Educaci\u00f3n Infantil"},"content":{"rendered":"<p>[et_pb_section fb_built=&#8221;1&#8243; _builder_version=&#8221;4.16&#8243; custom_padding=&#8221;0px||0px|&#8221; z_index_tablet=&#8221;500&#8243; box_shadow_horizontal_tablet=&#8221;0px&#8221; box_shadow_vertical_tablet=&#8221;0px&#8221; box_shadow_blur_tablet=&#8221;40px&#8221; box_shadow_spread_tablet=&#8221;0px&#8221; global_colors_info=&#8221;{}&#8221;][et_pb_row _builder_version=&#8221;4.16&#8243; background_size=&#8221;initial&#8221; background_position=&#8221;top_left&#8221; background_repeat=&#8221;repeat&#8221; global_colors_info=&#8221;{}&#8221;][et_pb_column type=&#8221;4_4&#8243; _builder_version=&#8221;4.16&#8243; custom_padding=&#8221;|||&#8221; global_colors_info=&#8221;{}&#8221; custom_padding__hover=&#8221;|||&#8221;][et_pb_image src=&#8221;https:\/\/blogsaverroes.juntadeandalucia.es\/ceipveintiochodefebrero\/files\/2020\/01\/cabecera-interior-3.jpg&#8221; title_text=&#8221;cabecera-interior-3&#8243; admin_label=&#8221;Imagen de la portada&#8221; _builder_version=&#8221;4.16&#8243; z_index_tablet=&#8221;500&#8243; box_shadow_horizontal_tablet=&#8221;0px&#8221; box_shadow_vertical_tablet=&#8221;0px&#8221; box_shadow_blur_tablet=&#8221;40px&#8221; box_shadow_spread_tablet=&#8221;0px&#8221; global_colors_info=&#8221;{}&#8221;][\/et_pb_image][et_pb_text admin_label=&#8221;Texto descriptivo&#8221; _builder_version=&#8221;4.16&#8243; z_index_tablet=&#8221;500&#8243; text_text_shadow_horizontal_length_tablet=&#8221;0px&#8221; text_text_shadow_vertical_length_tablet=&#8221;0px&#8221; text_text_shadow_blur_strength_tablet=&#8221;1px&#8221; link_text_shadow_horizontal_length_tablet=&#8221;0px&#8221; link_text_shadow_vertical_length_tablet=&#8221;0px&#8221; link_text_shadow_blur_strength_tablet=&#8221;1px&#8221; ul_text_shadow_horizontal_length_tablet=&#8221;0px&#8221; ul_text_shadow_vertical_length_tablet=&#8221;0px&#8221; ul_text_shadow_blur_strength_tablet=&#8221;1px&#8221; ol_text_shadow_horizontal_length_tablet=&#8221;0px&#8221; ol_text_shadow_vertical_length_tablet=&#8221;0px&#8221; ol_text_shadow_blur_strength_tablet=&#8221;1px&#8221; quote_text_shadow_horizontal_length_tablet=&#8221;0px&#8221; quote_text_shadow_vertical_length_tablet=&#8221;0px&#8221; quote_text_shadow_blur_strength_tablet=&#8221;1px&#8221; header_text_shadow_horizontal_length_tablet=&#8221;0px&#8221; header_text_shadow_vertical_length_tablet=&#8221;0px&#8221; header_text_shadow_blur_strength_tablet=&#8221;1px&#8221; header_2_text_shadow_horizontal_length_tablet=&#8221;0px&#8221; header_2_text_shadow_vertical_length_tablet=&#8221;0px&#8221; header_2_text_shadow_blur_strength_tablet=&#8221;1px&#8221; header_3_text_shadow_horizontal_length_tablet=&#8221;0px&#8221; header_3_text_shadow_vertical_length_tablet=&#8221;0px&#8221; header_3_text_shadow_blur_strength_tablet=&#8221;1px&#8221; header_4_text_shadow_horizontal_length_tablet=&#8221;0px&#8221; header_4_text_shadow_vertical_length_tablet=&#8221;0px&#8221; header_4_text_shadow_blur_strength_tablet=&#8221;1px&#8221; header_5_text_shadow_horizontal_length_tablet=&#8221;0px&#8221; header_5_text_shadow_vertical_length_tablet=&#8221;0px&#8221; header_5_text_shadow_blur_strength_tablet=&#8221;1px&#8221; header_6_text_shadow_horizontal_length_tablet=&#8221;0px&#8221; header_6_text_shadow_vertical_length_tablet=&#8221;0px&#8221; header_6_text_shadow_blur_strength_tablet=&#8221;1px&#8221; box_shadow_horizontal_tablet=&#8221;0px&#8221; box_shadow_vertical_tablet=&#8221;0px&#8221; box_shadow_blur_tablet=&#8221;40px&#8221; box_shadow_spread_tablet=&#8221;0px&#8221; global_colors_info=&#8221;{}&#8221;]<\/p>\n<h2>2\u00ba Ciclo de Educaci\u00f3n Infantil<\/h2>\n<p>La&nbsp;<strong>Educaci\u00f3n Infantil<\/strong>&nbsp;es una etapa educativa de car\u00e1cter&nbsp;<strong>voluntario<\/strong>&nbsp;que comprende&nbsp;<strong>desde los 0 hasta&nbsp;los 6 a\u00f1os.<\/strong><\/p>\n<p>Se organiza en&nbsp;<strong>dos ciclos<\/strong>,&nbsp;el primero de los 0 a los 3 a\u00f1os y el segundo&nbsp;de los 3 a los 6.&nbsp;Al t\u00e9rmino de este segundo ciclo el alumnado accede directamente a la&nbsp;Educaci\u00f3n Primaria.<\/p>\n<p>La&nbsp;<strong>finalidad<\/strong>&nbsp;de la Educaci\u00f3n Infantil es que los ni\u00f1os y las ni\u00f1as de estas edades puedan conseguir un&nbsp;<strong>desarrollo integral y arm\u00f3nico&nbsp;<\/strong>en sus&nbsp;<strong>dimensiones&nbsp;<\/strong>afectiva, emocional, sexual, art\u00edstica, cognitiva y f\u00edsica, construyan una&nbsp;<strong>imagen positiva&nbsp;<\/strong>de s\u00ed mismos, fortalezcan su&nbsp;<strong>autonom\u00eda personal<\/strong>&nbsp;y adquieran una&nbsp;<strong>formaci\u00f3n en valores&nbsp;<\/strong>c\u00edvicos&nbsp;para la convivencia.<\/p>\n<p>Entre los&nbsp;<strong>principios pedag\u00f3gicos<\/strong>&nbsp;que gu\u00edan la pr\u00e1ctica docente en el aula se encuentran el&nbsp;<strong>juego<\/strong>, la&nbsp;<strong>experimentaci\u00f3n<\/strong>, el&nbsp;<strong>descubrimiento del entorno<\/strong>&nbsp;y de los seres vivos que lo conforman, la&nbsp;<strong>educaci\u00f3n para el consumo responsable<\/strong>&nbsp;y sostenible o la promoci\u00f3n<strong>&nbsp;<\/strong>y<strong>&nbsp;educaci\u00f3n para la salud<\/strong>.<\/p>\n<p>Tambi\u00e9n se produce en esta etapa un acercamiento a&nbsp;<strong>experiencias de iniciaci\u00f3n temprana<\/strong>&nbsp;relacionadas con la&nbsp;<strong>lectura y la escritura<\/strong>, con&nbsp;el fomento de&nbsp;<strong>habilidades num\u00e9ricas elementales<\/strong>, de expresi\u00f3n musical y visual,&nbsp;o de lengua extranjera especialmente el \u00faltimo a\u00f1o del segundo ciclo.<\/p>\n<p>Como&nbsp;<strong>objetivos,<\/strong>&nbsp;la Educaci\u00f3n Infantil busca, entre otros, que los ni\u00f1os y las ni\u00f1as sean<a id=\"aprendizajes\" name=\"aprendizajes\"><\/a>&nbsp;capaces de conocer, respetar&nbsp;y<strong>&nbsp;aceptar&nbsp;el propio cuerpo y el de los dem\u00e1s<\/strong>, de&nbsp;<strong>desarrollar<\/strong>&nbsp;y&nbsp;<strong>gestionar&nbsp;sus emociones<\/strong>, de relacionarse desde una&nbsp;<strong>visi\u00f3n igualitaria<\/strong>&nbsp;entre hombres y mujeres, de poner en pr\u00e1ctica la<strong>&nbsp;empat\u00eda&nbsp;<\/strong>y&nbsp;<strong>resolver conflictos<\/strong>&nbsp;de forma pac\u00edfica.<\/p>\n<p>El curr\u00edculo de la Educaci\u00f3n Infantil se organiza en&nbsp;<strong>tres&nbsp;\u00e1reas<\/strong>&nbsp;que responden al desarrollo de la infancia y a los \u00e1mbitos en que se suceden las experiencias en estas edades:<\/p>\n<ul>\n<li>Crecimiento en Armon\u00eda<\/li>\n<li>Descubrimiento y Exploraci\u00f3n del Entorno<\/li>\n<li>Comunicaci\u00f3n y Representaci\u00f3n de la Realidad<\/li>\n<li>La religi\u00f3n de manera voluntaria o la educaci\u00f3n en valores<\/li>\n<li>Iniciaci\u00f3n a la lengua extranjera (Ingl\u00e9s)<\/li>\n<\/ul>\n<p>Para cada \u00e1rea se definen unas&nbsp;<strong>competencias espec\u00edficas&nbsp;<\/strong>(comunes a los dos ciclos) unos&nbsp;<strong>saberes b\u00e1sicos<\/strong>&nbsp;(contenidos propios del \u00e1rea) y unos<strong>&nbsp;criterios de evaluaci\u00f3n<\/strong>&nbsp;que aunque&nbsp;<strong>no tienen valor acreditativo<\/strong>, dado que la etapa no es obligatoria, sino voluntaria, sirven de referente para identificar el ritmo y progreso que se va produciendo, y sobre todo, para facilitar la tarea de prevenci\u00f3n, detecci\u00f3n e intervenci\u00f3n temprana.<\/p>\n<p>Los&nbsp;<strong>saberes b\u00e1sicos<\/strong>&nbsp;que conforman cada \u00e1rea, sirven al profesorado para el dise\u00f1o de actividades o&nbsp;<strong>situaciones de aprendizaje<\/strong>&nbsp;emocionalmente positivas y significativas que deben contribuir, en su conjunto, al desarrollo de las&nbsp;<strong>competencias clave.<\/p>\n<p>Dichas competencias&nbsp;<\/strong>configuran y son el fin \u00faltimo del&nbsp;<strong>aprendizaje competencial,&nbsp;<\/strong>y<strong>&nbsp;<\/strong>en los&nbsp;ni\u00f1as y ni\u00f1as de estas edades debe enfocarse a&nbsp;<strong>movilizar lo aprendido para la soluci\u00f3n de problemas reales&nbsp;<\/strong>conectados con el entorno en el que viven, en interacci\u00f3n con sus iguales y de forma cooperativa. Empiezan a desarrollarse en la Educaci\u00f3n Infantil, pero contin\u00faan trabaj\u00e1ndose en la Educaci\u00f3n&nbsp;Primaria, ESO y Bachillerato seg\u00fan las directrices de la Uni\u00f3n Europea.<\/p>\n<p>Las&nbsp;<strong>competencias clave<\/strong>&nbsp;son:&nbsp;<\/p>\n<ul>\n<li>Competencia en comunicaci\u00f3n ling\u00fc\u00edstica<\/li>\n<li>Competencia pluriling\u00fce<\/li>\n<li>Competencia matem\u00e1tica y en ciencia, tecnolog\u00eda e ingenier\u00eda<\/li>\n<li>Competencia digital<\/li>\n<li>Competencia personal, social y de aprender a aprender&nbsp;<\/li>\n<li>Competencia ciudadana<\/li>\n<li>Competencia emprendedora<\/li>\n<li>Competencia en conciencia y expresi\u00f3n culturales<\/li>\n<\/ul>\n<p>[\/et_pb_text][\/et_pb_column][\/et_pb_row][\/et_pb_section]<\/p>\n","protected":false},"excerpt":{"rendered":"<p>2\u00ba Ciclo de Educaci\u00f3n Infantil La&nbsp;Educaci\u00f3n Infantil&nbsp;es una etapa educativa de car\u00e1cter&nbsp;voluntario&nbsp;que comprende&nbsp;desde los 0 hasta&nbsp;los 6 a\u00f1os.Se organiza en&nbsp;dos ciclos,&nbsp;el primero de los 0 a los 3 a\u00f1os y el segundo&nbsp;de los 3 a los 6.&nbsp;Al t\u00e9rmino de este segundo ciclo el alumnado accede directamente a la&nbsp;Educaci\u00f3n Primaria. La&nbsp;finalidad&nbsp;de la Educaci\u00f3n Infantil es que [&hellip;]<\/p>\n","protected":false},"author":7051,"featured_media":0,"parent":0,"menu_order":0,"comment_status":"closed","ping_status":"closed","template":"","meta":{"_et_pb_use_builder":"on","_et_pb_old_content":"","_et_gb_content_width":"","ngg_post_thumbnail":0,"footnotes":""},"aioseo_notices":[],"_links":{"self":[{"href":"https:\/\/blogsaverroes.juntadeandalucia.es\/ceipveintiochodefebrero\/wp-json\/wp\/v2\/pages\/825"}],"collection":[{"href":"https:\/\/blogsaverroes.juntadeandalucia.es\/ceipveintiochodefebrero\/wp-json\/wp\/v2\/pages"}],"about":[{"href":"https:\/\/blogsaverroes.juntadeandalucia.es\/ceipveintiochodefebrero\/wp-json\/wp\/v2\/types\/page"}],"author":[{"embeddable":true,"href":"https:\/\/blogsaverroes.juntadeandalucia.es\/ceipveintiochodefebrero\/wp-json\/wp\/v2\/users\/7051"}],"replies":[{"embeddable":true,"href":"https:\/\/blogsaverroes.juntadeandalucia.es\/ceipveintiochodefebrero\/wp-json\/wp\/v2\/comments?post=825"}],"version-history":[{"count":3,"href":"https:\/\/blogsaverroes.juntadeandalucia.es\/ceipveintiochodefebrero\/wp-json\/wp\/v2\/pages\/825\/revisions"}],"predecessor-version":[{"id":1517,"href":"https:\/\/blogsaverroes.juntadeandalucia.es\/ceipveintiochodefebrero\/wp-json\/wp\/v2\/pages\/825\/revisions\/1517"}],"wp:attachment":[{"href":"https:\/\/blogsaverroes.juntadeandalucia.es\/ceipveintiochodefebrero\/wp-json\/wp\/v2\/media?parent=825"}],"curies":[{"name":"wp","href":"https:\/\/api.w.org\/{rel}","templated":true}]}}