{"id":113,"date":"2015-03-16T08:06:00","date_gmt":"2015-03-16T08:06:00","guid":{"rendered":"http:\/\/blogsaverroes.juntadeandalucia.es\/pre\/ceip\/?page_id=113"},"modified":"2025-10-02T18:09:17","modified_gmt":"2025-10-02T18:09:17","slug":"biblioteca","status":"publish","type":"page","link":"https:\/\/blogsaverroes.juntadeandalucia.es\/ceipvelada\/biblioteca\/","title":{"rendered":"Biblioteca"},"content":{"rendered":"<p>La Biblioteca del Centro est\u00e1 dirigida por M\u00aa Jos\u00e9 Gonz\u00e1lez y Ximena Linaje y tenemos t\u00edtulos adaptados a la e<img loading=\"lazy\" decoding=\"async\" class=\"alignleft size-medium wp-image-3120\" src=\"https:\/\/blogsaverroes.juntadeandalucia.es\/ceipvelada\/files\/2021\/10\/4-300x225.jpg\" alt=\"\" width=\"300\" height=\"225\" srcset=\"https:\/\/blogsaverroes.juntadeandalucia.es\/ceipvelada\/files\/2021\/10\/4-300x225.jpg 300w, https:\/\/blogsaverroes.juntadeandalucia.es\/ceipvelada\/files\/2021\/10\/4-768x576.jpg 768w, https:\/\/blogsaverroes.juntadeandalucia.es\/ceipvelada\/files\/2021\/10\/4-700x525.jpg 700w, https:\/\/blogsaverroes.juntadeandalucia.es\/ceipvelada\/files\/2021\/10\/4.jpg 960w\" sizes=\"(max-width: 300px) 100vw, 300px\" \/>dades de nuestro alumnado y tambi\u00e9n ejemplares para los padres.<\/p>\n<p><strong>Libros digitales elaborados por nuestros alumnos\/as:<\/strong><\/p>\n<p>&#8211;&nbsp;<a href=\"https:\/\/read.bookcreator.com\/OU2s3KKaOhdFJLmMp3XYGCV2yzc2\/gqTM1lV1R0mHyNCdCmczXw\" target=\"_blank\" rel=\"noopener noreferrer\">LIBRO: M\u00daSICA ESPA\u00d1OLA DE LOS 90<\/a>&nbsp;&#8211; JIMENA Y PAULA &nbsp;<\/p>\n<p>&#8211;&nbsp;<a href=\"https:\/\/read.bookcreator.com\/NdvzfxwHzqhxkqijUBFtmNzkVYx2\/lh1tHLqdTFCf_NGkgX5Y8Q\" target=\"_blank\" rel=\"noopener noreferrer\">LIBRO: MUSICOTERAPIA<\/a> &#8211; SERGIO Y ARANTXA&nbsp; &nbsp;&nbsp;<\/p>\n<p>&#8211;&nbsp;<a href=\"https:\/\/read.bookcreator.com\/ZhqW4vyr1FMNC2mVrFdtOtfF2Fl1\/M_0Qf3vGQP2ygPq5MPhDlQ\" target=\"_blank\" rel=\"noopener noreferrer\">LIBRO: RAP Y TRAP ESPA\u00d1OL<\/a> &#8211; ISA Y ARI&nbsp;&nbsp;<\/p>\n<p>&#8211;&nbsp;<a href=\"https:\/\/read.bookcreator.com\/og21NKS0ZygFjQDVCHXc1LQGzhL2\/fzyIxw0OQRCv44C5CSsrOg\" target=\"_blank\" rel=\"noopener noreferrer\">LIBRO: M\u00daSICA Y CINE<\/a> &#8211; BEN Y CANDELA&nbsp;&nbsp;<\/p>\n<p>&#8211;&nbsp;<a href=\"https:\/\/read.bookcreator.com\/XfrWBG77uobYgu1MJA1Ky0RO3c42\/HlWb46M3QIuuTg6iLWKRvA\" target=\"_blank\" rel=\"noopener noreferrer\">LIBRO: FLAMENCO POP<\/a> &#8211; GONZALO Y MARIO&nbsp;&nbsp;<\/p>\n<p>&#8211;&nbsp;<a href=\"https:\/\/read.bookcreator.com\/NkQogJTNn3TLeJyurzCF1Ehq4OI2\/Eeq7r9l9SjmqYQM3nrYaCg\" target=\"_blank\" rel=\"noopener noreferrer\">LIBRO: PROFESIONES MUSICALES<\/a> &#8211; \u00c1LVARO Y ALBERTO&nbsp; &nbsp;<\/p>\n<p>&#8211;&nbsp;<a href=\"https:\/\/read.bookcreator.com\/jAin2MRI9JYqJWY27hDCYa4oTMs1\/H2NJam-VQFS76FzE8VqaqA\" target=\"_blank\" rel=\"noopener noreferrer\">LIBRO: FLAMENCO POP<\/a> &#8211; MANUEL Y GISELA&nbsp;&nbsp;<\/p>\n<p>&#8211;&nbsp;<a href=\"https:\/\/read.bookcreator.com\/WXi0NbKOWeTCVltb2CpRzMGmPuu1\/SUWyWPuCQTyxKxJUP38jsQ\" target=\"_blank\" rel=\"noopener noreferrer\">LIBRO: M\u00daSICA Y LITERATURA<\/a> &#8211; ADRI Y J.MANUEL&nbsp;&nbsp;<\/p>\n<p>&#8211;&nbsp;<a href=\"https:\/\/read.bookcreator.com\/goT5UH6zxzMOwt8cGygODkz6v0j2\/iwhmYOviSOCFhxKGzrUy8A\" target=\"_blank\" rel=\"noopener noreferrer\">LIBRO: M\u00daSICA ESPA\u00d1OLA DE LOS 2000<\/a> &#8211; HELENA Y LOLA&nbsp;&nbsp;<\/p>\n<p>&#8211;&nbsp;<a href=\"https:\/\/read.bookcreator.com\/RMAVFudoG2SkyApd0VSsX8cW3Ra2\/ZIt5GWA5Tmy5g7352Tnupw\" target=\"_blank\" rel=\"noopener noreferrer\">LIBRO: M\u00daSICA ESPA\u00d1OLA DE LOS 80<\/a> &#8211; LUC\u00cdA MU\u00d1OZ Y LUC\u00cdA N\u00da\u00d1EZ&nbsp;&nbsp;<\/p>\n<p>&#8211;&nbsp;<a href=\"https:\/\/read.bookcreator.com\/lCQymWXIrGXRFLhqeKz7VbTkaCP2\/4spX7RDQT1-knPfqOiBc0A\" target=\"_blank\" rel=\"noopener noreferrer\">LIBRO: MUSICALES DE BROADWAY<\/a> &#8211; CURRO E IZAN ACERETO&nbsp;&nbsp;<\/p>\n<p><strong>D\u00eda de la Paz:<\/strong><\/p>\n<p>Pincha el siguiente enlace y&nbsp; descubreeeee lo que ocurre&#8230;..<a href=\"https:\/\/blogsaverroes.juntadeandalucia.es\/ceipvelada\/files\/2021\/02\/biblio-1-1.pdf\">biblio (1)<\/a><\/p>\n<p>\u00bfYa lo has descubierto? Ahora con el rat\u00f3n pincha en cualquiera de los libros que aparecen en la estanterias y&#8230;&#8230;&#8230;<\/p>\n<p><a title=\"Bibliotecas escolares\" href=\"http:\/\/www.juntadeandalucia.es\/educacion\/webportal\/web\/lecturas-y-bibliotecas-escolares\/bibliotecas-escolares\" target=\"_blank\" rel=\"noopener noreferrer\">Enlace al portal sobre las Bibliotecas Escolares.<\/a><\/p>\n","protected":false},"excerpt":{"rendered":"<p>La Biblioteca del Centro est\u00e1 dirigida por M\u00aa Jos\u00e9 Gonz\u00e1lez y Ximena Linaje y tenemos t\u00edtulos adaptados a la edades de nuestro alumnado y tambi\u00e9n&hellip;<\/p>\n","protected":false},"author":1,"featured_media":0,"parent":0,"menu_order":0,"comment_status":"closed","ping_status":"open","template":"","meta":{"ngg_post_thumbnail":0,"footnotes":"","_mc_calendar":[]},"aioseo_notices":[],"_links":{"self":[{"href":"https:\/\/blogsaverroes.juntadeandalucia.es\/ceipvelada\/wp-json\/wp\/v2\/pages\/113"}],"collection":[{"href":"https:\/\/blogsaverroes.juntadeandalucia.es\/ceipvelada\/wp-json\/wp\/v2\/pages"}],"about":[{"href":"https:\/\/blogsaverroes.juntadeandalucia.es\/ceipvelada\/wp-json\/wp\/v2\/types\/page"}],"author":[{"embeddable":true,"href":"https:\/\/blogsaverroes.juntadeandalucia.es\/ceipvelada\/wp-json\/wp\/v2\/users\/1"}],"replies":[{"embeddable":true,"href":"https:\/\/blogsaverroes.juntadeandalucia.es\/ceipvelada\/wp-json\/wp\/v2\/comments?post=113"}],"version-history":[{"count":7,"href":"https:\/\/blogsaverroes.juntadeandalucia.es\/ceipvelada\/wp-json\/wp\/v2\/pages\/113\/revisions"}],"predecessor-version":[{"id":2562,"href":"https:\/\/blogsaverroes.juntadeandalucia.es\/ceipvelada\/wp-json\/wp\/v2\/pages\/113\/revisions\/2562"}],"wp:attachment":[{"href":"https:\/\/blogsaverroes.juntadeandalucia.es\/ceipvelada\/wp-json\/wp\/v2\/media?parent=113"}],"curies":[{"name":"wp","href":"https:\/\/api.w.org\/{rel}","templated":true}]}}