{"id":141,"date":"2015-03-17T07:13:24","date_gmt":"2015-03-17T07:13:24","guid":{"rendered":"http:\/\/blogsaverroes.juntadeandalucia.es\/pre\/ceip\/?page_id=141"},"modified":"2026-03-01T19:24:48","modified_gmt":"2026-03-01T19:24:48","slug":"escolarizacion","status":"publish","type":"page","link":"https:\/\/blogsaverroes.juntadeandalucia.es\/ceipvelada\/escolarizacion\/","title":{"rendered":"Escolarizaci\u00f3n"},"content":{"rendered":"<h1><strong>PROCEDIMIENTO DE ADMISION CURSO 2026\/27<\/strong><\/h1>\n<p>Del 1 al 31 de Marzo de 2026 pueden solicitar plaza para el pr\u00f3ximo Curso.<\/p>\n<p style=\"text-align: justify\">Puede presentar su solicitud de admisi\u00f3n en la Secretaria del Centro o a trav\u00e9s de&nbsp;la Secretar\u00eda Virtual de los Centros Educativos se puede realizar Presentaci\u00f3n telem\u00e1tica de la admisi\u00f3n del alumnado en los centros docentes sostenidos con fondos p\u00fablicos de las ense\u00f1anzas de 2\u00ba Ciclo de Educaci\u00f3n Infantil, Educaci\u00f3n Primaria, Educaci\u00f3n Especial, Educaci\u00f3n Secundaria Obligatoria y Bachillerato.<\/p>\n<p><strong>Pinchar Tutorial:<\/strong><a href=\"https:\/\/www.juntadeandalucia.es\/educacion\/secretariavirtual\/\" target=\"_blank\" rel=\"noopener\">Presentaci\u00f3n telem\u00e1tica de la solicitud de admisi\u00f3n<\/a><\/p>\n<p><strong>INFORMATE EN:<\/strong><a href=\"https:\/\/www.juntadeandalucia.es\/educacion\/portales\/web\/escolarizacion\/infantil-a-bachillerato\"> Pinchar enlace Portal escolarizaci\u00f3n<\/a><\/p>\n<h2>CRONOGRAMA<\/h2>\n<h2><img loading=\"lazy\" decoding=\"async\" class=\"alignleft wp-image-4299 size-full\" src=\"https:\/\/blogsaverroes.juntadeandalucia.es\/ceipvelada\/files\/2026\/03\/cronograma.jpg\" alt=\"\" width=\"1414\" height=\"2000\" srcset=\"https:\/\/blogsaverroes.juntadeandalucia.es\/ceipvelada\/files\/2026\/03\/cronograma.jpg 1414w, https:\/\/blogsaverroes.juntadeandalucia.es\/ceipvelada\/files\/2026\/03\/cronograma-212x300.jpg 212w, https:\/\/blogsaverroes.juntadeandalucia.es\/ceipvelada\/files\/2026\/03\/cronograma-724x1024.jpg 724w, https:\/\/blogsaverroes.juntadeandalucia.es\/ceipvelada\/files\/2026\/03\/cronograma-768x1086.jpg 768w, https:\/\/blogsaverroes.juntadeandalucia.es\/ceipvelada\/files\/2026\/03\/cronograma-1086x1536.jpg 1086w\" sizes=\"(max-width: 1414px) 100vw, 1414px\" \/><strong>DOCUMENTO DE PUBLICACI\u00d3N:<\/strong><\/h2>\n<p><a href=\"https:\/\/blogsaverroes.juntadeandalucia.es\/ceipvelada\/files\/2026\/03\/DOCUMENTO-DE-PUBLICACION.pdf\">Pinchar enlace:&nbsp; DOCUMENTO DE PUBLICACI\u00d3N<\/a><\/p>\n<h1>MAPA DE INFLUENCIA:<\/h1>\n<p>Pinchar enlace:&nbsp; <a href=\"https:\/\/blogsaverroes.juntadeandalucia.es\/ceipvelada\/files\/2026\/03\/MAPA.pdf\">MAPA<\/a><\/p>\n<h1>CALLEJERO:<\/h1>\n<p>Pinchar enlace: <a href=\"https:\/\/blogsaverroes.juntadeandalucia.es\/ceipvelada\/files\/2026\/03\/CALLEJERO.pdf\">CALLEJERO<\/a><\/p>\n<h1><strong>NORMATIVA:<\/strong><\/h1>\n<ul>\n<li><a href=\"https:\/\/www.juntadeandalucia.es\/educacion\/portales\/web\/inspeccion-educativa\/w\/instrucciones-de-23-de-febrero-de-2026-de-la-viceconsejeria-sobre-los-procedimientos-de-admision-y-matriculacion-del-alumnado-en-los-centros-docentes-sostenidos-con-fondos-publicos-para-el-curso-escolar-2026-27?redirect=%2Feducacion%2Fportales%2Fweb%2Fescolarizacion%2Finfantil-a-bachillerato%2Fnormativa\">Instrucciones de 23 de febrero de 2026, de la Viceconsejer\u00eda, sobre los procedimientos de admisi\u00f3n y matriculaci\u00f3n del alumnado en los centros docentes sostenidos con fondos p\u00fablicos para el curso escolar 2026-27<\/a><\/li>\n<\/ul>\n<p>&nbsp;<\/p>\n<ul>\n<li><a href=\"https:\/\/www.juntadeandalucia.es\/educacion\/portales\/web\/inspeccion-educativa\/w\/resolucion-de-11-de-febrero-de-2026-por-la-que-se-publica-el-listado-de-institutos-de-educacion-secundaria-en-los-que-tendra-prioridad-en-la-admision-el-alumnado-que-curse-simultaneamente-educacion-secundaria-y-ensenanzas-profesionales-de-musica-y-danza-2?redirect=%2Feducacion%2Fportales%2Fweb%2Fescolarizacion%2Finfantil-a-bachillerato%2Fnormativa\">Resoluci\u00f3n de 11 de febrero de 2026, de la Direcci\u00f3n General de Planificaci\u00f3n, Centros y Ense\u00f1anza Concertada, por la que se publica el listado de institutos de educaci\u00f3n secundaria en los que tendr\u00e1 prioridad en la admisi\u00f3n el alumnado que curse simult\u00e1neamente educaci\u00f3n secundaria y ense\u00f1anzas profesionales de m\u00fasica y danza o el que siga programas deportivos incluidos en los niveles del deporte de rendimiento en Andaluc\u00eda, sea deportista de alto nivel o alto rendimiento, o disponga de licencia deportiva de una sociedad an\u00f3nima deportiva andaluza que compita en la m\u00e1xima categor\u00eda nacional, para el curso escolar 2026\/27<\/a><\/li>\n<\/ul>\n<p>&nbsp;<\/p>\n<ul>\n<li><a href=\"https:\/\/www.juntadeandalucia.es\/educacion\/portales\/web\/inspeccion-educativa\/w\/correccion-de-errores-de-la-resolucion-de-19-de-enero-de-2026-por-la-que-se-establece-el-calendario-de-actuaciones-del-procedimiento-ordinario-de-admision-del-alumnado-en-los-centros-docentes-publicos-y-privados-concertados-para-cursar-las-ensenanzas-de-s?redirect=%2Feducacion%2Fportales%2Fweb%2Fescolarizacion%2Finfantil-a-bachillerato%2Fnormativa\">Correcci\u00f3n de errores de la Resoluci\u00f3n de 19 de enero de 2026, de la Direcci\u00f3n General de Planificaci\u00f3n, Centros y Ense\u00f1anza Concertada, por la que se establece el calendario de actuaciones del procedimiento ordinario de admisi\u00f3n del alumnado en los centros docentes p\u00fablicos y privados concertados para cursar las ense\u00f1anzas de segundo ciclo de educaci\u00f3n infantil, educaci\u00f3n primaria, educaci\u00f3n especial, educaci\u00f3n secundaria obligatoria y bachillerato para el curso escolar 2026\/27 (BOJA n\u00fam. 16, de 26.1.2026)<\/a><\/li>\n<\/ul>\n<p>&nbsp;<\/p>\n<ul>\n<li><a href=\"https:\/\/www.juntadeandalucia.es\/educacion\/portales\/web\/inspeccion-educativa\/w\/resolucion-de-27-de-enero-de-2026-por-la-que-se-establece-la-ratio-por-unidad-en-el-procedimiento-de-admision-del-primer-curso-del-segundo-ciclo-de-educacion-infantil-tres-anos-en-los-centros-educativos-sostenidos-con-fondos-publicos-en-el-curso-escolar-2?redirect=%2Feducacion%2Fportales%2Fweb%2Fescolarizacion%2Finfantil-a-bachillerato%2Fnormativa\">Resoluci\u00f3n de 27 de enero de 2026, de la Direcci\u00f3n General de Planificaci\u00f3n, Centros y Ense\u00f1anza Concertada, por la que se establece la ratio por unidad en el procedimiento de admisi\u00f3n del primer curso del segundo ciclo de educaci\u00f3n infantil (tres a\u00f1os) en los centros educativos sostenidos con fondos p\u00fablicos en el curso escolar 2026\/2027<\/a><\/li>\n<\/ul>\n<p>&nbsp;<\/p>\n<ul>\n<li><a href=\"https:\/\/www.juntadeandalucia.es\/educacion\/portales\/web\/inspeccion-educativa\/w\/resolucion-de-19-de-enero-de-2026-por-la-que-se-establece-el-calendario-de-actuaciones-del-procedimiento-ordinario-de-admision-del-alumnado-en-los-centros-docentes-publicos-y-privados-concertados-para-cursar-las-ensenanzas-de-segundo-ciclo-de-educacion-in?redirect=%2Feducacion%2Fportales%2Fweb%2Fescolarizacion%2Finfantil-a-bachillerato%2Fnormativa\">Resoluci\u00f3n de 19 de enero de 2026, de la Direcci\u00f3n General de Planificaci\u00f3n, Centros y Ense\u00f1anza Concertada, por la que se establece el calendario de actuaciones del procedimiento ordinario de admisi\u00f3n del alumnado en los centros docentes p\u00fablicos y privados concertados para cursar las ense\u00f1anzas de segundo ciclo de educaci\u00f3n infantil, educaci\u00f3n primaria, educaci\u00f3n especial, educaci\u00f3n secundaria obligatoria y bachillerato para el curso escolar 2026\/27<\/a><\/li>\n<\/ul>\n<p>&nbsp;<\/p>\n<ul>\n<li><a href=\"https:\/\/www.juntadeandalucia.es\/educacion\/portales\/web\/inspeccion-educativa\/w\/orden-de-11-de-enero-de-2026-por-la-que-se-modifica-el-apartado-2-del-articulo-4-de-la-orden-de-20-de-febrero-de-2020-que-desarrolla-el-procedimiento-de-admision-del-alumnado-en-los-centros-docentes-publicos-y-privados-concertados-para-cursar-las-ensenanz?redirect=%2Feducacion%2Fportales%2Fweb%2Fescolarizacion%2Finfantil-a-bachillerato%2Fnormativa\">Orden de 11 de enero de 2026, por la que se modifica el apartado 2 del art\u00edculo 4 de la Orden de 20 de febrero de 2020, que desarrolla el procedimiento de admisi\u00f3n del alumnado en los centros docentes p\u00fablicos y privados concertados para cursar las ense\u00f1anzas de segundo ciclo de Educaci\u00f3n Infantil, Educaci\u00f3n Primaria, Educaci\u00f3n Especial, Educaci\u00f3n Secundaria Obligatoria y Bachillerato.<\/a><\/li>\n<\/ul>\n<h1><strong>MATRICULACI\u00d3N NUEVO ALUMNADO DE INFANTIL 3 A\u00d1OS&nbsp;<\/strong><\/h1>\n<p>Si despu\u00e9s del procedimiento su hijo\/a ha sido admitido deber\u00e1 formalizar matr\u00edcula del 1 al 9 de Junio de 2026<\/p>\n<p><strong>Documentaci\u00f3n:<\/strong><\/p>\n<ul>\n<li><a href=\"https:\/\/blogsaverroes.juntadeandalucia.es\/ceipvelada\/files\/2023\/06\/MATRICULA-INFANTIL.pdf\">MATRICULA INFANTIL<\/a><\/li>\n<li><a href=\"https:\/\/blogsaverroes.juntadeandalucia.es\/ceipvelada\/files\/2023\/06\/MATR\u00cdCULA-PRIMARIA.pdf\">MATR\u00cdCULA PRIMARIA<\/a><\/li>\n<li><a href=\"https:\/\/blogsaverroes.juntadeandalucia.es\/ceipvelada\/files\/2023\/06\/Cuestionario-FondoSocial-Europeo.pdf\">Cuestionario Fondo Social Europeo<\/a><\/li>\n<li><a href=\"https:\/\/blogsaverroes.juntadeandalucia.es\/ceipvelada\/files\/2023\/06\/06.-ANEXO-RELIGI\u00d3N.pdf\">06. ANEXO RELIGI\u00d3N<\/a><\/li>\n<li><a href=\"https:\/\/blogsaverroes.juntadeandalucia.es\/ceipvelada\/files\/2023\/06\/Impreso-autorizaciones.pdf\">Impreso autorizaciones<\/a><\/li>\n<li><a href=\"https:\/\/blogsaverroes.juntadeandalucia.es\/ceipvelada\/files\/2023\/06\/INSCRIPCI\u00d3N-AMPA.pdf\">INSCRIPCI\u00d3N AMPA<\/a><\/li>\n<li><a href=\"https:\/\/blogsaverroes.juntadeandalucia.es\/ceipvelada\/files\/2023\/06\/Anexo_II_Inscripcion_en_los_Servicios_de_AM_CE_y_AAEX-3.pdf\">Anexo_II_Inscripcion_en_los_Servicios_de_AM_CE_y_AAE<\/a><\/li>\n<li><a href=\"https:\/\/blogsaverroes.juntadeandalucia.es\/ceipvelada\/files\/2023\/06\/Anexo_V_Solicitud_de_bonificacion_AM_CE_y_AAEX-12.pdf\">Anexo_V_Solicitud_de_bonificacion_AM_CE_y_AAEX<\/a><\/li>\n<li><a href=\"https:\/\/www.juntadeandalucia.es\/boja\/2020\/503\/BOJA20-503-00045-3038-01_00170469.pdf\">https:\/\/www.juntadeandalucia.es\/boja\/2020\/503\/BOJA20-503-00045-3038-01_00170469.pdf<\/a><\/li>\n<li><a href=\"https:\/\/www.juntadeandalucia.es\/boja\/2026\/9\/BOJA26-009-00003-251-01_00331478.pdf\">https:\/\/www.juntadeandalucia.es\/boja\/2026\/9\/BOJA26-009-00003-251-01_00331478.pdf<\/a><\/li>\n<\/ul>\n<p>Y para el alumnado de nueva escolarizaci\u00f3n adem\u00e1s de los documentos se\u00f1alados anteriormente deben aportar tres fotos tipo carnet y fotocopia de la cartilla de vacunaci\u00f3n y adem\u00e1s rellenar los siguientes documentos:<\/p>\n<ul>\n<li><a href=\"https:\/\/blogsaverroes.juntadeandalucia.es\/ceipvelada\/files\/2023\/06\/Informaci\u00f3n-sobre-el-tratamiento-de-datos-de-car\u00e1cter-personal-1.pdf\">Informaci\u00f3n sobre el tratamiento de datos de car\u00e1cter personal<\/a><\/li>\n<li><a href=\"https:\/\/blogsaverroes.juntadeandalucia.es\/ceipvelada\/files\/2023\/06\/ENTREVISTA-INICIAL-3-A\u00d1OS.pdf\">ENTREVISTA INICIAL 3 A\u00d1OS<\/a><\/li>\n<\/ul>\n<h1><strong>MATRICULACI\u00d3N ALUMNADO DESDE INFANTIL 4 A\u00d1OS A 6\u00ba DE PRIMARIA PARA EL CURSO 2026\/27<\/strong><\/h1>\n<p>Les informamos que este a\u00f1o la&nbsp;<strong>matriculaci\u00f3n del alumnado para el nuevo curso escolar se realizar\u00e1 de forma electr\u00f3nica<\/strong>. La matriculaci\u00f3n es&nbsp;<span style=\"color: #ff0000\"><strong>obligatoria para todo el alumnado<\/strong>&nbsp;y deber\u00e1 completarse entre los d\u00edas&nbsp;<strong>2 y 9 de junio<\/strong>.<\/span><\/p>\n<p>Para ello, ser\u00e1 necesario&nbsp;<strong>rellenar todos los apartados y adjuntar la documentaci\u00f3n requerida<\/strong>&nbsp;en la plataforma habilitada.<\/p>\n<p>Adem\u00e1s, si desean solicitar&nbsp;<strong>aula matinal, comedor escolar o talleres<\/strong>, tambi\u00e9n deber\u00e1n hacerlo a trav\u00e9s de este mismo procedimiento electr\u00f3nico.<\/p>\n<p>La cuota del AMPA pueden pasar abonarla en la Secretaria del colegio desde el 1 de Junio hasta el 25 del mismo mes. Recordarles la importancia del AMPA en la vida del centro.<\/p>\n<p>La matriculaci\u00f3n online puede realizarse:<\/p>\n<ul>\n<li><strong>A trav\u00e9s de iPASEN:<\/strong>desde la&nbsp;<a href=\"..\/jsp\/portalpasen\/\" target=\"_blank\" rel=\"noopener\">app iPASEN<\/a>&nbsp;se proporciona un acceso directo a la Secretar\u00eda Virtual para realizar la matr\u00edcula de forma autenticada (recuerda actualizar la app para no trabajar con una versi\u00f3n obsoleta). Accede a la aplicaci\u00f3n y, en el apartado de tus mensajes encontrar\u00e1s uno del Administrador PASEN con el Identificador Andaluz Educativo (<a href=\"https:\/\/www.juntadeandalucia.es\/educacion\/secretariavirtual\/autenticacion\/registroUsuarioIANDE\/\" target=\"_blank\" rel=\"noopener\">iANDE<\/a>) en el que se informa de que para realizar telem\u00e1ticamente los procedimientos relacionados con el centro ( matriculaci\u00f3n y otros tr\u00e1mites) se te facilita la clave (iANDE) de cada uno de tus hijos o hijas .&nbsp;<\/li>\n<\/ul>\n<p><strong>Tutorial para la matriculaci\u00f3n<\/strong>: Pinchar el enlace&nbsp;<a href=\"https:\/\/youtu.be\/ZCIk-7HDGVU?si=F74-YZZtxNbj61a7\" target=\"_blank\" rel=\"noopener\">matriculaci\u00f3n electr\u00f3nica<\/a><\/p>\n<p><strong>Importante<\/strong>:<br \/>\nPara solicitar&nbsp;<strong>comedor<\/strong>&nbsp;y\/o&nbsp;<strong>aula matinal<\/strong>, deber\u00e1n adjuntar&nbsp;<strong>un certificado de la empresa<\/strong>&nbsp;en la que trabajan, donde se indique claramente&nbsp;<strong>el horario laboral<\/strong>&nbsp;de ambos progenitores (o del tutor\/a legal, en su caso).<\/p>\n<p>Si tienen cualquier duda o dificultad durante el proceso, pueden acudir al centro educativo los d\u00edas&nbsp;<strong>martes y jueves de la semana de matriculaci\u00f3n (2 al 9 de junio)<\/strong>, donde se les atender\u00e1 de forma presencial.<\/p>\n<p><strong><span style=\"color: #ff0000\">No olviden que es obligatorio formalizar la matr\u00edcula dentro del plazo indicado<\/span>.(DEL 2 AL 9 DE JUNIO)<\/strong><\/p>\n<h1><strong>UNIFORMES:<\/strong><\/h1>\n<p style=\"text-align: justify\">Desde el primer d\u00eda el alumnado vendr\u00e1 correctamente uniformado; Infantil con pantal\u00f3n corto azul y camiseta azul, ambos con el anagrama del centro y el alumnado de Primaria vendr\u00e1n con el uniforme del centro.<\/p>\n<p style=\"text-align: justify\">Las camiseta y pantal\u00f3n corto se pueden adquirir en \u00abJoselu\u00bb o \u00abPowerprint\u00bb y el baby de Infantil, el uniforme y el ch\u00e1ndal del colegio se puede adquirir en Joselu<\/p>\n<p><strong>INFORMATE EN:<\/strong><a href=\"https:\/\/www.juntadeandalucia.es\/educacion\/portals\/web\/escolarizacion\">&nbsp;&nbsp;https:\/\/www.juntadeandalucia.es\/educacion\/portals\/web\/escolarizacion<\/a><\/p>\n<p>&nbsp;<\/p>\n","protected":false},"excerpt":{"rendered":"<p>PROCEDIMIENTO DE ADMISION CURSO 2026\/27 Del 1 al 31 de Marzo de 2026 pueden solicitar plaza para el pr\u00f3ximo Curso. Puede presentar su solicitud de&hellip;<\/p>\n","protected":false},"author":1,"featured_media":0,"parent":0,"menu_order":0,"comment_status":"closed","ping_status":"open","template":"","meta":{"ngg_post_thumbnail":0,"footnotes":"","_mc_calendar":[]},"aioseo_notices":[],"_links":{"self":[{"href":"https:\/\/blogsaverroes.juntadeandalucia.es\/ceipvelada\/wp-json\/wp\/v2\/pages\/141"}],"collection":[{"href":"https:\/\/blogsaverroes.juntadeandalucia.es\/ceipvelada\/wp-json\/wp\/v2\/pages"}],"about":[{"href":"https:\/\/blogsaverroes.juntadeandalucia.es\/ceipvelada\/wp-json\/wp\/v2\/types\/page"}],"author":[{"embeddable":true,"href":"https:\/\/blogsaverroes.juntadeandalucia.es\/ceipvelada\/wp-json\/wp\/v2\/users\/1"}],"replies":[{"embeddable":true,"href":"https:\/\/blogsaverroes.juntadeandalucia.es\/ceipvelada\/wp-json\/wp\/v2\/comments?post=141"}],"version-history":[{"count":30,"href":"https:\/\/blogsaverroes.juntadeandalucia.es\/ceipvelada\/wp-json\/wp\/v2\/pages\/141\/revisions"}],"predecessor-version":[{"id":4305,"href":"https:\/\/blogsaverroes.juntadeandalucia.es\/ceipvelada\/wp-json\/wp\/v2\/pages\/141\/revisions\/4305"}],"wp:attachment":[{"href":"https:\/\/blogsaverroes.juntadeandalucia.es\/ceipvelada\/wp-json\/wp\/v2\/media?parent=141"}],"curies":[{"name":"wp","href":"https:\/\/api.w.org\/{rel}","templated":true}]}}