{"id":424,"date":"2015-03-20T07:05:20","date_gmt":"2015-03-20T07:05:20","guid":{"rendered":"http:\/\/blogsaverroes.juntadeandalucia.es\/pre\/ceip\/?page_id=424"},"modified":"2025-10-02T11:33:59","modified_gmt":"2025-10-02T11:33:59","slug":"educacion-infantil","status":"publish","type":"page","link":"https:\/\/blogsaverroes.juntadeandalucia.es\/ceipvelada\/educacion-infantil\/","title":{"rendered":"Educaci\u00f3n infantil"},"content":{"rendered":"<p><img loading=\"lazy\" decoding=\"async\" class=\"alignleft wp-image-3118 size-full\" src=\"https:\/\/blogsaverroes.juntadeandalucia.es\/ceipvelada\/files\/2021\/10\/2.jpg\" alt=\"\" width=\"960\" height=\"720\" srcset=\"https:\/\/blogsaverroes.juntadeandalucia.es\/ceipvelada\/files\/2021\/10\/2.jpg 960w, https:\/\/blogsaverroes.juntadeandalucia.es\/ceipvelada\/files\/2021\/10\/2-300x225.jpg 300w, https:\/\/blogsaverroes.juntadeandalucia.es\/ceipvelada\/files\/2021\/10\/2-768x576.jpg 768w, https:\/\/blogsaverroes.juntadeandalucia.es\/ceipvelada\/files\/2021\/10\/2-700x525.jpg 700w\" sizes=\"(max-width: 960px) 100vw, 960px\" \/><\/p>\n<p>La Educaci\u00f3n Infantil&nbsp;es la etapa educativa que atiende a ni\u00f1as y ni\u00f1os <strong>desde el nacimiento hasta los seis a\u00f1os <\/strong>con la finalidad de contribuir a su desarrollo f\u00edsico, afectivo, social e intelectual. Se ordena en dos ciclos: el primero comprende hasta los tres a\u00f1os; el segundo, que es gratuito, va&nbsp;desde los tres a los seis a\u00f1os de edad.<\/p>\n<p>Teniendo&nbsp;<strong>car\u00e1cter voluntario<\/strong>, este segundo ciclo se ha generalizado en toda Espa\u00f1a, de modo que en la actualidad pr\u00e1cticamente el 100% de los ni\u00f1os y ni\u00f1as de 3 a 6 a\u00f1os acuden al colegio de manera gratuita. La escolarizaci\u00f3n temprana se considera un gran logro que incidir\u00e1 positivamente en la mejora del rendimiento escolar futuro, por eso otras iniciativas como el Programa Educa 3 fomentan ahora la creaci\u00f3n de nuevas plazas educativas para ni\u00f1os de menos de 3 a\u00f1os.<\/p>\n<p>Se atiende progresivamente al desarrollo afectivo, al movimiento y a los h\u00e1bitos de control corporal, a las manifestaciones de la comunicaci\u00f3n y del lenguaje, a las pautas elementales de convivencia y relaci\u00f3n social, as\u00ed como al descubrimiento de las caracter\u00edsticas f\u00edsicas y sociales del medio. Adem\u00e1s se propicia que ni\u00f1as y ni\u00f1os logren una imagen positiva y equilibrada de s\u00ed mismos y adquieran autonom\u00eda personal.<\/p>\n<p>El alumnado de 1\u00ba Curso del 2\u00ba Ciclo de E. Infantil <strong>acudir\u00e1 al Centro con control esf\u00ednteres<\/strong> (sin pa\u00f1ales, ni chupete) salvo excepciones por razones de nee.<\/p>\n<p><span style=\"color: #ff0000\"><strong>Normativa de aplicaci\u00f3n:<\/strong><\/span><\/p>\n<h4 style=\"text-align: justify\">Educaci\u00f3n Infantil<\/h4>\n<div>\n<ul class=\"lista\">\n<li style=\"text-align: justify\"><a href=\"https:\/\/www.adideandalucia.es\/normas\/ordenes\/Orden30mayo2023EducacionInfantil.pdf\" target=\"_blank\" rel=\"noopener noreferrer\">ORDEN de 30 de mayo de 2023<\/a>, por la que se desarrolla el curr\u00edculo correspondiente a la etapa de Educaci\u00f3n Infantil en la Comunidad Aut\u00f3noma de Andaluc\u00eda, se regulan determinados aspectos de la atenci\u00f3n a la diversidad y a las diferencias individuales, se establece la ordenaci\u00f3n de la evaluaci\u00f3n del proceso de aprendizaje del alumnado y se determinan los procesos de tr\u00e1nsito entre ciclos y con Educaci\u00f3n Primaria (BOJA 02-06-2023).<\/li>\n<li style=\"text-align: justify\"><a href=\"https:\/\/www.adideandalucia.es\/normas\/decretos\/Decreto100-2023EducacionInfantil.pdf\" target=\"_blank\" rel=\"noopener noreferrer\">DECRETO 100\/2023<\/a>, de 9 de mayo, por el que se establece la ordenaci\u00f3n y el curr\u00edculo de la etapa de Educaci\u00f3n Infantil en la Comunidad Aut\u00f3noma de Andaluc\u00eda (BOJA 15-05-2023).<\/li>\n<li style=\"text-align: justify\"><a href=\"https:\/\/www.adideandalucia.es\/normas\/RD\/RealDecreto95-2022EducacionInfantil.pdf\" target=\"_blank\" rel=\"noopener noreferrer\">REAL DECRETO 95\/2022<\/a>, de 1 de febrero, por el que se establece la ordenaci\u00f3n y las ense\u00f1anzas m\u00ednimas de la Educaci\u00f3n Infantil (BOE 02-02-2022).<br \/>\n<h2>Criterios de evaluaci\u00f3n:<\/h2>\n<p>Se encuentran recogidos en la <a href=\"https:\/\/www.adideandalucia.es\/normas\/ordenes\/Orden30mayo2023EducacionInfantil.pdf\" target=\"_blank\" rel=\"noopener noreferrer\">ORDEN de 30 de mayo de 2023.<\/a><\/li>\n<\/ul>\n<\/div>\n<p><a href=\"https:\/\/blogsaverroes.juntadeandalucia.es\/ceipvelada\/files\/2021\/05\/ORIENTACIONES-INFANTIL.ppt\"><strong>PINCHA ENLACE<\/strong> : ORIENTACIONES INFANTIL<\/a><\/p>\n<h1><strong>MATERIALES:<\/strong><\/h1>\n<p><img loading=\"lazy\" decoding=\"async\" class=\"alignleft wp-image-3864 size-full\" src=\"https:\/\/blogsaverroes.juntadeandalucia.es\/ceipvelada\/files\/2024\/09\/3-anos_page-0001.jpg\" alt=\"\" width=\"1241\" height=\"1755\" srcset=\"https:\/\/blogsaverroes.juntadeandalucia.es\/ceipvelada\/files\/2024\/09\/3-anos_page-0001.jpg 1131w, https:\/\/blogsaverroes.juntadeandalucia.es\/ceipvelada\/files\/2024\/09\/3-anos_page-0001-212x300.jpg 212w, https:\/\/blogsaverroes.juntadeandalucia.es\/ceipvelada\/files\/2024\/09\/3-anos_page-0001-724x1024.jpg 724w, https:\/\/blogsaverroes.juntadeandalucia.es\/ceipvelada\/files\/2024\/09\/3-anos_page-0001-768x1086.jpg 768w, https:\/\/blogsaverroes.juntadeandalucia.es\/ceipvelada\/files\/2024\/09\/3-anos_page-0001-1086x1536.jpg 1086w, https:\/\/blogsaverroes.juntadeandalucia.es\/ceipvelada\/files\/2024\/09\/3-anos_page-0001-700x990.jpg 700w\" sizes=\"(max-width: 1241px) 100vw, 1241px\" \/><img loading=\"lazy\" decoding=\"async\" class=\"alignleft wp-image-3865 size-full\" src=\"https:\/\/blogsaverroes.juntadeandalucia.es\/ceipvelada\/files\/2024\/09\/4-anos_page-0001-1.jpg\" alt=\"\" width=\"1241\" height=\"1755\" srcset=\"https:\/\/blogsaverroes.juntadeandalucia.es\/ceipvelada\/files\/2024\/09\/4-anos_page-0001-1.jpg 1241w, https:\/\/blogsaverroes.juntadeandalucia.es\/ceipvelada\/files\/2024\/09\/4-anos_page-0001-1-212x300.jpg 212w, https:\/\/blogsaverroes.juntadeandalucia.es\/ceipvelada\/files\/2024\/09\/4-anos_page-0001-1-724x1024.jpg 724w, https:\/\/blogsaverroes.juntadeandalucia.es\/ceipvelada\/files\/2024\/09\/4-anos_page-0001-1-768x1086.jpg 768w, https:\/\/blogsaverroes.juntadeandalucia.es\/ceipvelada\/files\/2024\/09\/4-anos_page-0001-1-1086x1536.jpg 1086w, https:\/\/blogsaverroes.juntadeandalucia.es\/ceipvelada\/files\/2024\/09\/4-anos_page-0001-1-700x990.jpg 700w\" sizes=\"(max-width: 1241px) 100vw, 1241px\" \/> <img loading=\"lazy\" decoding=\"async\" class=\"alignleft wp-image-3866 size-full\" src=\"https:\/\/blogsaverroes.juntadeandalucia.es\/ceipvelada\/files\/2024\/09\/5-anos_page-0001-2.jpg\" alt=\"\" width=\"1241\" height=\"1755\" srcset=\"https:\/\/blogsaverroes.juntadeandalucia.es\/ceipvelada\/files\/2024\/09\/5-anos_page-0001-2.jpg 1131w, https:\/\/blogsaverroes.juntadeandalucia.es\/ceipvelada\/files\/2024\/09\/5-anos_page-0001-2-212x300.jpg 212w, https:\/\/blogsaverroes.juntadeandalucia.es\/ceipvelada\/files\/2024\/09\/5-anos_page-0001-2-724x1024.jpg 724w, https:\/\/blogsaverroes.juntadeandalucia.es\/ceipvelada\/files\/2024\/09\/5-anos_page-0001-2-768x1086.jpg 768w, https:\/\/blogsaverroes.juntadeandalucia.es\/ceipvelada\/files\/2024\/09\/5-anos_page-0001-2-1086x1536.jpg 1086w, https:\/\/blogsaverroes.juntadeandalucia.es\/ceipvelada\/files\/2024\/09\/5-anos_page-0001-2-700x990.jpg 700w\" sizes=\"(max-width: 1241px) 100vw, 1241px\" \/><\/p>\n<p><a href=\"https:\/\/blogsaverroes.juntadeandalucia.es\/ceipvelada\/files\/2021\/05\/ORIENTACIONES-INFANTIL.ppt\"><strong>PINCHA ENLACE<\/strong>&nbsp;: ORIENTACIONES INFANTIL<\/a><\/p>\n<div style=\"width: 843px;\" class=\"wp-video\"><!--[if lt IE 9]><script>document.createElement('video');<\/script><![endif]-->\n<video class=\"wp-video-shortcode\" id=\"video-424-1\" width=\"843\" height=\"474\" preload=\"metadata\" controls=\"controls\"><source type=\"video\/mp4\" src=\"https:\/\/blogsaverroes.juntadeandalucia.es\/ceipvelada\/files\/2021\/05\/infantil-3.mp4?_=1\" \/><a href=\"https:\/\/blogsaverroes.juntadeandalucia.es\/ceipvelada\/files\/2021\/05\/infantil-3.mp4\">https:\/\/blogsaverroes.juntadeandalucia.es\/ceipvelada\/files\/2021\/05\/infantil-3.mp4<\/a><\/video><\/div>\n<p>&nbsp;<\/p>\n","protected":false},"excerpt":{"rendered":"<p>La Educaci\u00f3n Infantil&nbsp;es la etapa educativa que atiende a ni\u00f1as y ni\u00f1os desde el nacimiento hasta los seis a\u00f1os con la finalidad de contribuir a&hellip;<\/p>\n","protected":false},"author":1,"featured_media":0,"parent":0,"menu_order":0,"comment_status":"closed","ping_status":"open","template":"","meta":{"ngg_post_thumbnail":0,"footnotes":"","_mc_calendar":[]},"aioseo_notices":[],"_links":{"self":[{"href":"https:\/\/blogsaverroes.juntadeandalucia.es\/ceipvelada\/wp-json\/wp\/v2\/pages\/424"}],"collection":[{"href":"https:\/\/blogsaverroes.juntadeandalucia.es\/ceipvelada\/wp-json\/wp\/v2\/pages"}],"about":[{"href":"https:\/\/blogsaverroes.juntadeandalucia.es\/ceipvelada\/wp-json\/wp\/v2\/types\/page"}],"author":[{"embeddable":true,"href":"https:\/\/blogsaverroes.juntadeandalucia.es\/ceipvelada\/wp-json\/wp\/v2\/users\/1"}],"replies":[{"embeddable":true,"href":"https:\/\/blogsaverroes.juntadeandalucia.es\/ceipvelada\/wp-json\/wp\/v2\/comments?post=424"}],"version-history":[{"count":18,"href":"https:\/\/blogsaverroes.juntadeandalucia.es\/ceipvelada\/wp-json\/wp\/v2\/pages\/424\/revisions"}],"predecessor-version":[{"id":3867,"href":"https:\/\/blogsaverroes.juntadeandalucia.es\/ceipvelada\/wp-json\/wp\/v2\/pages\/424\/revisions\/3867"}],"wp:attachment":[{"href":"https:\/\/blogsaverroes.juntadeandalucia.es\/ceipvelada\/wp-json\/wp\/v2\/media?parent=424"}],"curies":[{"name":"wp","href":"https:\/\/api.w.org\/{rel}","templated":true}]}}