{"id":1113,"date":"2022-04-04T11:00:55","date_gmt":"2022-04-04T10:00:55","guid":{"rendered":"http:\/\/blogsaverroes.juntadeandalucia.es\/pre\/ceip\/?page_id=2"},"modified":"2025-01-20T17:26:32","modified_gmt":"2025-01-20T16:26:32","slug":"pagina-ejemplo-2","status":"publish","type":"page","link":"https:\/\/blogsaverroes.juntadeandalucia.es\/ceipvicentealeixandre\/","title":{"rendered":"Inicio"},"content":{"rendered":"<p style=\"text-align: justify\"><a href=\"https:\/\/blogsaverroes.juntadeandalucia.es\/ceipvicentealeixandre\/files\/2015\/03\/logocolegio.jpg\"><img fetchpriority=\"high\" decoding=\"async\" class=\"wp-image-2073 alignright\" src=\"https:\/\/blogsaverroes.juntadeandalucia.es\/ceipvicentealeixandre\/files\/2015\/03\/logocolegio-256x300.jpg\" alt=\"logocolegio\" width=\"225\" height=\"263\" srcset=\"https:\/\/blogsaverroes.juntadeandalucia.es\/ceipvicentealeixandre\/files\/2015\/03\/logocolegio-256x300.jpg 256w, https:\/\/blogsaverroes.juntadeandalucia.es\/ceipvicentealeixandre\/files\/2015\/03\/logocolegio.jpg 336w\" sizes=\"(max-width: 225px) 100vw, 225px\" \/><\/a><\/p>\n<p style=\"text-align: justify\"><em>Desde nuestro Centro Vicente Aleixandre&nbsp; les damos <strong>la bienvenida<\/strong> a este sitio web en el que podr\u00e1n mantenerse informados sobre todos aquellos contenidos relacionados con la vida acad\u00e9mica de vuestros hijos e hijas.<\/em><\/p>\n<p style=\"text-align: justify\">Estamos viviendo unos a\u00f1os diferentes pero sin perder la<strong><span style=\"color: #0000ff\"> #ilusi\u00f3n<\/span><\/strong>, la <strong><span style=\"color: #0000ff\">#magia<\/span><\/strong> y el deseo de compartir nuestras mejores <strong><span style=\"color: #0000ff\">#sonrisas.<\/span><\/strong><\/p>\n<p style=\"text-align: justify\"><em>En esta p\u00e1gina se ir\u00e1n publicando novedades y anuncios de inter\u00e9s para la comunidad educativa.<\/em><\/p>\nngg_shortcode_0_placeholder\n<h2 style=\"text-align: center\">C.E.I.P. Vicente Aleixandre<\/h2>\n<p style=\"text-align: center\">Plaza Rodr\u00edguez Acosta, 2<br \/>\n29740 Torre del Mar (M\u00e1laga)<br \/>\nTel\u00e9fono: 951 28 99 64<br \/>\nCorreo electr\u00f3nico: 29009387.edu@juntadeandaluc\u00eda.es<\/p>\n<h2 style=\"text-align: center\"><em><span style=\"color: #0000ff\">BIENVENIDOS AL CURSO ESCOLAR 2024\/2025<\/span><\/em><\/h2>\n<p style=\"text-align: center\">&nbsp;<\/p>\n<p>Somos un Centro que trabajamos e impulsamos la <strong><span style=\"color: #0000ff\">#convivencia<\/span>,<\/strong> la <strong><span style=\"color: #0000ff\">#igualdad<\/span>,<\/strong> el <strong><span style=\"color: #0000ff\">#respeto<\/span><\/strong>, el <strong><span style=\"color: #0000ff\">#di\u00e1logo<\/span><\/strong> y apostamos por un buen crecimiento <span style=\"color: #0000ff\">#social, #personal<span style=\"color: #000000\"> y<\/span> <strong>#sostenible.<\/strong><\/span><\/p>\n<p style=\"text-align: center\"><a href=\"https:\/\/blogsaverroes.juntadeandalucia.es\/ceipvicentealeixandre\/files\/2021\/01\/Centro-promotor-convivencia-plus.jpg\"><img decoding=\"async\" class=\"alignnone wp-image-2912\" src=\"https:\/\/blogsaverroes.juntadeandalucia.es\/ceipvicentealeixandre\/files\/2021\/01\/Centro-promotor-convivencia-plus-300x258.jpg\" alt=\"\" width=\"214\" height=\"185\" srcset=\"https:\/\/blogsaverroes.juntadeandalucia.es\/ceipvicentealeixandre\/files\/2021\/01\/Centro-promotor-convivencia-plus-300x258.jpg 300w, https:\/\/blogsaverroes.juntadeandalucia.es\/ceipvicentealeixandre\/files\/2021\/01\/Centro-promotor-convivencia-plus-332x285.jpg 332w, https:\/\/blogsaverroes.juntadeandalucia.es\/ceipvicentealeixandre\/files\/2021\/01\/Centro-promotor-convivencia-plus-24x21.jpg 24w, https:\/\/blogsaverroes.juntadeandalucia.es\/ceipvicentealeixandre\/files\/2021\/01\/Centro-promotor-convivencia-plus-36x31.jpg 36w, https:\/\/blogsaverroes.juntadeandalucia.es\/ceipvicentealeixandre\/files\/2021\/01\/Centro-promotor-convivencia-plus-48x41.jpg 48w, https:\/\/blogsaverroes.juntadeandalucia.es\/ceipvicentealeixandre\/files\/2021\/01\/Centro-promotor-convivencia-plus.jpg 512w\" sizes=\"(max-width: 214px) 100vw, 214px\" \/><\/a> <a href=\"https:\/\/blogsaverroes.juntadeandalucia.es\/ceipvicentealeixandre\/files\/2021\/01\/logo_pacto_de_estado_pq.jpg\"><img decoding=\"async\" class=\"alignnone wp-image-2913\" src=\"https:\/\/blogsaverroes.juntadeandalucia.es\/ceipvicentealeixandre\/files\/2021\/01\/logo_pacto_de_estado_pq-300x240.jpg\" alt=\"\" width=\"157\" height=\"127\" srcset=\"https:\/\/blogsaverroes.juntadeandalucia.es\/ceipvicentealeixandre\/files\/2021\/01\/logo_pacto_de_estado_pq-300x240.jpg 300w, https:\/\/blogsaverroes.juntadeandalucia.es\/ceipvicentealeixandre\/files\/2021\/01\/logo_pacto_de_estado_pq-24x19.jpg 24w, https:\/\/blogsaverroes.juntadeandalucia.es\/ceipvicentealeixandre\/files\/2021\/01\/logo_pacto_de_estado_pq-36x29.jpg 36w, https:\/\/blogsaverroes.juntadeandalucia.es\/ceipvicentealeixandre\/files\/2021\/01\/logo_pacto_de_estado_pq-48x38.jpg 48w\" sizes=\"(max-width: 157px) 100vw, 157px\" \/><\/a><a href=\"https:\/\/blogsaverroes.juntadeandalucia.es\/ceipvicentealeixandre\/files\/2018\/10\/consumo-de-frutas-y-hortalizas.jpg\">&nbsp;&nbsp;<\/a><a href=\"https:\/\/blogsaverroes.juntadeandalucia.es\/ceipvicentealeixandre\/files\/2018\/10\/consumo-de-frutas-y-hortalizas.jpg\">&nbsp;<\/a><a href=\"https:\/\/blogsaverroes.juntadeandalucia.es\/ceipvicentealeixandre\/files\/2020\/06\/LOGO.jpg\"><img loading=\"lazy\" decoding=\"async\" class=\"alignnone size-medium wp-image-2813\" src=\"https:\/\/blogsaverroes.juntadeandalucia.es\/ceipvicentealeixandre\/files\/2020\/06\/LOGO-300x156.jpg\" alt=\"\" width=\"300\" height=\"156\" srcset=\"https:\/\/blogsaverroes.juntadeandalucia.es\/ceipvicentealeixandre\/files\/2020\/06\/LOGO-300x156.jpg 300w, https:\/\/blogsaverroes.juntadeandalucia.es\/ceipvicentealeixandre\/files\/2020\/06\/LOGO-24x13.jpg 24w, https:\/\/blogsaverroes.juntadeandalucia.es\/ceipvicentealeixandre\/files\/2020\/06\/LOGO-36x19.jpg 36w, https:\/\/blogsaverroes.juntadeandalucia.es\/ceipvicentealeixandre\/files\/2020\/06\/LOGO-48x25.jpg 48w, https:\/\/blogsaverroes.juntadeandalucia.es\/ceipvicentealeixandre\/files\/2020\/06\/LOGO.jpg 311w\" sizes=\"(max-width: 300px) 100vw, 300px\" \/><\/a><a href=\"https:\/\/blogsaverroes.juntadeandalucia.es\/ceipvicentealeixandre\/files\/2018\/10\/aula-de-cine.png\"> &nbsp;<\/a> <a href=\"https:\/\/blogsaverroes.juntadeandalucia.es\/ceipvicentealeixandre\/files\/2021\/02\/fondo-social-europeo-invierte-en-formacion-en-el-centro.jpg\">&nbsp; &nbsp;<\/a><a href=\"https:\/\/blogsaverroes.juntadeandalucia.es\/ceipvicentealeixandre\/files\/2021\/10\/PLC.png\"><img loading=\"lazy\" decoding=\"async\" class=\"alignnone size-medium wp-image-3243\" src=\"https:\/\/blogsaverroes.juntadeandalucia.es\/ceipvicentealeixandre\/files\/2021\/10\/PLC-300x114.png\" alt=\"\" width=\"300\" height=\"114\" srcset=\"https:\/\/blogsaverroes.juntadeandalucia.es\/ceipvicentealeixandre\/files\/2021\/10\/PLC-300x114.png 300w, https:\/\/blogsaverroes.juntadeandalucia.es\/ceipvicentealeixandre\/files\/2021\/10\/PLC-332x126.png 332w, https:\/\/blogsaverroes.juntadeandalucia.es\/ceipvicentealeixandre\/files\/2021\/10\/PLC.png 364w\" sizes=\"(max-width: 300px) 100vw, 300px\" \/><\/a><a href=\"https:\/\/blogsaverroes.juntadeandalucia.es\/ceipvicentealeixandre\/files\/2021\/10\/Recapacicla-1.jpg\"><img loading=\"lazy\" decoding=\"async\" class=\"alignnone size-medium wp-image-3242\" src=\"https:\/\/blogsaverroes.juntadeandalucia.es\/ceipvicentealeixandre\/files\/2021\/10\/Recapacicla-1-300x136.jpg\" alt=\"\" width=\"300\" height=\"136\" srcset=\"https:\/\/blogsaverroes.juntadeandalucia.es\/ceipvicentealeixandre\/files\/2021\/10\/Recapacicla-1-300x136.jpg 300w, https:\/\/blogsaverroes.juntadeandalucia.es\/ceipvicentealeixandre\/files\/2021\/10\/Recapacicla-1-332x150.jpg 332w, https:\/\/blogsaverroes.juntadeandalucia.es\/ceipvicentealeixandre\/files\/2021\/10\/Recapacicla-1.jpg 561w\" sizes=\"(max-width: 300px) 100vw, 300px\" \/><\/a><a style=\"font-family: 'Open Sans', sans-serif;font-size: 15px;font-style: normal;font-weight: 400;color: #d54e21\" href=\"https:\/\/blogsaverroes.juntadeandalucia.es\/ceipvicentealeixandre\/files\/2018\/10\/aula-de-cine.png\"><img loading=\"lazy\" decoding=\"async\" class=\"alignnone size-medium wp-image-2390\" style=\"padding: 5.26562px;background-color: #f0f0f0\" src=\"https:\/\/blogsaverroes.juntadeandalucia.es\/ceipvicentealeixandre\/files\/2018\/10\/aula-de-cine-300x141.png\" alt=\"\" width=\"300\" height=\"141\" srcset=\"https:\/\/blogsaverroes.juntadeandalucia.es\/ceipvicentealeixandre\/files\/2018\/10\/aula-de-cine-300x141.png 300w, https:\/\/blogsaverroes.juntadeandalucia.es\/ceipvicentealeixandre\/files\/2018\/10\/aula-de-cine-24x11.png 24w, https:\/\/blogsaverroes.juntadeandalucia.es\/ceipvicentealeixandre\/files\/2018\/10\/aula-de-cine-36x17.png 36w, https:\/\/blogsaverroes.juntadeandalucia.es\/ceipvicentealeixandre\/files\/2018\/10\/aula-de-cine-48x23.png 48w, https:\/\/blogsaverroes.juntadeandalucia.es\/ceipvicentealeixandre\/files\/2018\/10\/aula-de-cine.png 328w\" sizes=\"(max-width: 300px) 100vw, 300px\" \/><\/a><a href=\"https:\/\/blogsaverroes.juntadeandalucia.es\/ceipvicentealeixandre\/files\/2021\/04\/Cartel_programa_Ecolar_lacteos-724x1024-1.jpg\"><img loading=\"lazy\" decoding=\"async\" class=\"alignnone size-medium wp-image-3034\" src=\"https:\/\/blogsaverroes.juntadeandalucia.es\/ceipvicentealeixandre\/files\/2021\/04\/Cartel_programa_Ecolar_lacteos-724x1024-1-212x300.jpg\" alt=\"\" width=\"212\" height=\"300\" srcset=\"https:\/\/blogsaverroes.juntadeandalucia.es\/ceipvicentealeixandre\/files\/2021\/04\/Cartel_programa_Ecolar_lacteos-724x1024-1-212x300.jpg 212w, https:\/\/blogsaverroes.juntadeandalucia.es\/ceipvicentealeixandre\/files\/2021\/04\/Cartel_programa_Ecolar_lacteos-724x1024-1-700x990.jpg 700w, https:\/\/blogsaverroes.juntadeandalucia.es\/ceipvicentealeixandre\/files\/2021\/04\/Cartel_programa_Ecolar_lacteos-724x1024-1-332x470.jpg 332w, https:\/\/blogsaverroes.juntadeandalucia.es\/ceipvicentealeixandre\/files\/2021\/04\/Cartel_programa_Ecolar_lacteos-724x1024-1.jpg 724w\" sizes=\"(max-width: 212px) 100vw, 212px\" \/><\/a><a style=\"font-family: 'Open Sans', sans-serif;font-size: 15px;font-style: normal;font-weight: 400;color: #d54e21\" href=\"https:\/\/blogsaverroes.juntadeandalucia.es\/ceipvicentealeixandre\/files\/2018\/10\/aula-de-cine.png\">&nbsp;&nbsp;&nbsp;<\/a><a href=\"https:\/\/blogsaverroes.juntadeandalucia.es\/ceipvicentealeixandre\/files\/2022\/05\/Cartel-Refuerzos-Covid-en-Centros-Educativos.jpg\"> &nbsp; <\/a><a href=\"https:\/\/blogsaverroes.juntadeandalucia.es\/ceipvicentealeixandre\/files\/2024\/05\/FSE.-Prioridad-3.-PT-PROA-Refuerzo-Estival.png\"><img loading=\"lazy\" decoding=\"async\" class=\"alignnone size-medium wp-image-3662\" src=\"https:\/\/blogsaverroes.juntadeandalucia.es\/ceipvicentealeixandre\/files\/2024\/05\/FSE.-Prioridad-3.-PT-PROA-Refuerzo-Estival-212x300.png\" alt=\"\" width=\"212\" height=\"300\" srcset=\"https:\/\/blogsaverroes.juntadeandalucia.es\/ceipvicentealeixandre\/files\/2024\/05\/FSE.-Prioridad-3.-PT-PROA-Refuerzo-Estival-212x300.png 212w, https:\/\/blogsaverroes.juntadeandalucia.es\/ceipvicentealeixandre\/files\/2024\/05\/FSE.-Prioridad-3.-PT-PROA-Refuerzo-Estival-724x1024.png 724w, https:\/\/blogsaverroes.juntadeandalucia.es\/ceipvicentealeixandre\/files\/2024\/05\/FSE.-Prioridad-3.-PT-PROA-Refuerzo-Estival-768x1086.png 768w, https:\/\/blogsaverroes.juntadeandalucia.es\/ceipvicentealeixandre\/files\/2024\/05\/FSE.-Prioridad-3.-PT-PROA-Refuerzo-Estival-1086x1536.png 1086w, https:\/\/blogsaverroes.juntadeandalucia.es\/ceipvicentealeixandre\/files\/2024\/05\/FSE.-Prioridad-3.-PT-PROA-Refuerzo-Estival-1448x2048.png 1448w, https:\/\/blogsaverroes.juntadeandalucia.es\/ceipvicentealeixandre\/files\/2024\/05\/FSE.-Prioridad-3.-PT-PROA-Refuerzo-Estival-700x990.png 700w, https:\/\/blogsaverroes.juntadeandalucia.es\/ceipvicentealeixandre\/files\/2024\/05\/FSE.-Prioridad-3.-PT-PROA-Refuerzo-Estival-332x470.png 332w, https:\/\/blogsaverroes.juntadeandalucia.es\/ceipvicentealeixandre\/files\/2024\/05\/FSE.-Prioridad-3.-PT-PROA-Refuerzo-Estival.png 1131w\" sizes=\"(max-width: 212px) 100vw, 212px\" \/><\/a><\/p>\n<p style=\"text-align: center\">&nbsp;<\/p>\n","protected":false},"excerpt":{"rendered":"<p>Desde nuestro Centro Vicente Aleixandre&nbsp; les damos la bienvenida a este sitio web en el que podr\u00e1n mantenerse informados sobre todos aquellos contenidos relacionados con la vida acad\u00e9mica de vuestros hijos e hijas. Estamos viviendo unos a\u00f1os diferentes pero sin perder la #ilusi\u00f3n, la #magia y el deseo de compartir nuestras mejores #sonrisas. En esta &hellip; <\/p>\n<p><a class=\"more-link btn\" href=\"https:\/\/blogsaverroes.juntadeandalucia.es\/ceipvicentealeixandre\/\">Seguir leyendo<\/a><\/p>\n","protected":false},"author":1,"featured_media":0,"parent":0,"menu_order":0,"comment_status":"closed","ping_status":"open","template":"","meta":{"ngg_post_thumbnail":0,"footnotes":"","_mc_calendar":[]},"aioseo_notices":[],"_links":{"self":[{"href":"https:\/\/blogsaverroes.juntadeandalucia.es\/ceipvicentealeixandre\/wp-json\/wp\/v2\/pages\/1113"}],"collection":[{"href":"https:\/\/blogsaverroes.juntadeandalucia.es\/ceipvicentealeixandre\/wp-json\/wp\/v2\/pages"}],"about":[{"href":"https:\/\/blogsaverroes.juntadeandalucia.es\/ceipvicentealeixandre\/wp-json\/wp\/v2\/types\/page"}],"author":[{"embeddable":true,"href":"https:\/\/blogsaverroes.juntadeandalucia.es\/ceipvicentealeixandre\/wp-json\/wp\/v2\/users\/1"}],"replies":[{"embeddable":true,"href":"https:\/\/blogsaverroes.juntadeandalucia.es\/ceipvicentealeixandre\/wp-json\/wp\/v2\/comments?post=1113"}],"version-history":[{"count":42,"href":"https:\/\/blogsaverroes.juntadeandalucia.es\/ceipvicentealeixandre\/wp-json\/wp\/v2\/pages\/1113\/revisions"}],"predecessor-version":[{"id":4260,"href":"https:\/\/blogsaverroes.juntadeandalucia.es\/ceipvicentealeixandre\/wp-json\/wp\/v2\/pages\/1113\/revisions\/4260"}],"wp:attachment":[{"href":"https:\/\/blogsaverroes.juntadeandalucia.es\/ceipvicentealeixandre\/wp-json\/wp\/v2\/media?parent=1113"}],"curies":[{"name":"wp","href":"https:\/\/api.w.org\/{rel}","templated":true}]}}