{"id":2494,"date":"2021-07-05T12:44:46","date_gmt":"2021-07-05T11:44:46","guid":{"rendered":"https:\/\/blogsaverroes.juntadeandalucia.es\/ceipvicentealeixandre\/?page_id=2494"},"modified":"2025-11-20T11:53:35","modified_gmt":"2025-11-20T10:53:35","slug":"documentos-oficiales","status":"publish","type":"page","link":"https:\/\/blogsaverroes.juntadeandalucia.es\/ceipvicentealeixandre\/oferta-educativa\/documentos-oficiales\/","title":{"rendered":"Documentos Oficiales"},"content":{"rendered":"<p style=\"text-align: justify\" data-start=\"39\" data-end=\"352\">El <strong data-start=\"42\" data-end=\"88\">Plan de Centro del CEIP Vicente Aleixandre<\/strong> es el documento b\u00e1sico que recoge la organizaci\u00f3n y el funcionamiento de nuestro colegio. En \u00e9l se define nuestra identidad como comunidad educativa, nuestros objetivos y valores, as\u00ed como la planificaci\u00f3n de las actuaciones pedag\u00f3gicas y de gesti\u00f3n del centro.<\/p>\n<p style=\"text-align: justify\" data-start=\"359\" data-end=\"673\">Este Plan de Centro est\u00e1 formado por el <strong data-start=\"399\" data-end=\"421\">Proyecto Educativo<\/strong>, el <strong data-start=\"426\" data-end=\"479\">Reglamento de Organizaci\u00f3n y Funcionamiento (ROF)<\/strong> y la <strong data-start=\"485\" data-end=\"521\">Programaci\u00f3n General Anual (PGA)<\/strong>, y sirve como gu\u00eda para el profesorado, el alumnado y las familias, garantizando una actuaci\u00f3n coordinada y coherente a lo largo de cada curso escolar.<\/p>\n<p data-start=\"359\" data-end=\"673\"><a href=\"https:\/\/blogsaverroes.juntadeandalucia.es\/ceipvicentealeixandre\/files\/2025\/11\/PLAN-DE-CENTRO-2025-2026-comprimido.pdf\">PLAN DE CENTRO 2025-2026<\/a><\/p>\n<p style=\"text-align: justify\" data-start=\"64\" data-end=\"476\">El <strong data-start=\"67\" data-end=\"121\">Plan de Autoprotecci\u00f3n del CEIP Vicente Aleixandre<\/strong> es el documento que recoge las medidas de prevenci\u00f3n y los protocolos de actuaci\u00f3n ante posibles emergencias en el centro (incendios, terremotos, evacuaciones, confinamientos, etc.). En \u00e9l se establecen las responsabilidades de cada miembro de la comunidad educativa, las v\u00edas de evacuaci\u00f3n, los puntos de encuentro y la organizaci\u00f3n de los simulacros.<\/p>\n<p style=\"text-align: justify\" data-start=\"483\" data-end=\"679\">Su finalidad es <strong data-start=\"499\" data-end=\"589\">garantizar la seguridad del alumnado, del profesorado y de todo el personal del centro<\/strong>, asegurando una respuesta r\u00e1pida, coordinada y eficaz ante cualquier situaci\u00f3n de riesgo.<\/p>\n<p style=\"text-align: justify\" data-start=\"483\" data-end=\"679\"><a href=\"https:\/\/blogsaverroes.juntadeandalucia.es\/ceipvicentealeixandre\/files\/2025\/11\/PLAN-DE-AUTOPROTECCION-13-10-2025.pdf\">PLAN DE AUTOPROTECCI\u00d3N 13-10-2025<\/a><\/p>\n<p data-start=\"483\" data-end=\"679\">&nbsp;<\/p>\n<p style=\"text-align: center\"><em><strong>\u00abLa verdadera educaci\u00f3n consiste en obtener lo mejor de uno mismo\u00bb<\/strong> <\/em><\/p>\n<p style=\"text-align: right\">(Mahatma Gandhi)<\/p>\n<p>En esta p\u00e1gina encontrar\u00e1 aquellos documentos de planificaci\u00f3n y gesti\u00f3n del Centro que son b\u00e1sicos para el buen funcionamiento del mismo.<\/p>\n<p>El <span style=\"color: #0000ff\"><strong><a style=\"color: #0000ff\" href=\"https:\/\/drive.google.com\/file\/d\/1b9S_vQlLHpLZ4aidqjy0XcjMoDhwqDPE\/view?usp=sharing\">PLAN DE ACOGIDA<\/a><\/strong><\/span> es un documento que recoge las actuaciones del Centro ante la llegada de cualquier miembro de la Comunidad Educativa: alumnado, familias, docente, etc. Ha sido aprobado por el Consejo Escolar del Centro el 30 de junio de 2021.<\/p>\n<p><a href=\"https:\/\/drive.google.com\/file\/d\/1b9S_vQlLHpLZ4aidqjy0XcjMoDhwqDPE\/view?usp=sharing\"><img fetchpriority=\"high\" decoding=\"async\" class=\"size-medium wp-image-3117 aligncenter\" src=\"https:\/\/blogsaverroes.juntadeandalucia.es\/ceipvicentealeixandre\/files\/2021\/07\/Plan-de-Acogida-220x300.jpeg\" alt=\"\" width=\"220\" height=\"300\" srcset=\"https:\/\/blogsaverroes.juntadeandalucia.es\/ceipvicentealeixandre\/files\/2021\/07\/Plan-de-Acogida-220x300.jpeg 220w, https:\/\/blogsaverroes.juntadeandalucia.es\/ceipvicentealeixandre\/files\/2021\/07\/Plan-de-Acogida-753x1024.jpeg 753w, https:\/\/blogsaverroes.juntadeandalucia.es\/ceipvicentealeixandre\/files\/2021\/07\/Plan-de-Acogida-768x1045.jpeg 768w, https:\/\/blogsaverroes.juntadeandalucia.es\/ceipvicentealeixandre\/files\/2021\/07\/Plan-de-Acogida-1129x1536.jpeg 1129w, https:\/\/blogsaverroes.juntadeandalucia.es\/ceipvicentealeixandre\/files\/2021\/07\/Plan-de-Acogida-1505x2048.jpeg 1505w, https:\/\/blogsaverroes.juntadeandalucia.es\/ceipvicentealeixandre\/files\/2021\/07\/Plan-de-Acogida-700x952.jpeg 700w, https:\/\/blogsaverroes.juntadeandalucia.es\/ceipvicentealeixandre\/files\/2021\/07\/Plan-de-Acogida-332x452.jpeg 332w, https:\/\/blogsaverroes.juntadeandalucia.es\/ceipvicentealeixandre\/files\/2021\/07\/Plan-de-Acogida.jpeg 1176w\" sizes=\"(max-width: 220px) 100vw, 220px\" \/><\/a><\/p>\n<p>El <a href=\"https:\/\/drive.google.com\/open?id=1ygUyMU0t2_5nEdKSM0FUdkgeeCgkSKgi\"><strong>PLAN DE MEJORA<\/strong><\/a> que nos marcamos como objetivos por curso son los siguientes:<\/p>\n<h4><span style=\"color: #0000ff\"><a style=\"color: #0000ff\" href=\"https:\/\/drive.google.com\/file\/d\/1nZ7TYmS5KU30Rnjm0ub0Bez3CeMI5Z5R\/view?usp=sharing\"><strong>Curso 2021\/2022<\/strong><\/a><\/span><\/h4>\n<p>&nbsp;<\/p>\n<h4><span style=\"color: #0000ff\"><a style=\"color: #0000ff\" href=\"https:\/\/drive.google.com\/file\/d\/1nZ7TYmS5KU30Rnjm0ub0Bez3CeMI5Z5R\/view?usp=sharing\"><strong>Curso 2020\/2021<\/strong><\/a><\/span><\/h4>\n<p style=\"text-align: center\"><a href=\"https:\/\/drive.google.com\/file\/d\/1nZ7TYmS5KU30Rnjm0ub0Bez3CeMI5Z5R\/view?usp=sharing\"><img decoding=\"async\" class=\"alignnone size-medium wp-image-3128\" src=\"https:\/\/blogsaverroes.juntadeandalucia.es\/ceipvicentealeixandre\/files\/2021\/07\/Plan-de-Mejora-Curso-2020-2021-216x300.jpeg\" alt=\"\" width=\"216\" height=\"300\" srcset=\"https:\/\/blogsaverroes.juntadeandalucia.es\/ceipvicentealeixandre\/files\/2021\/07\/Plan-de-Mejora-Curso-2020-2021-216x300.jpeg 216w, https:\/\/blogsaverroes.juntadeandalucia.es\/ceipvicentealeixandre\/files\/2021\/07\/Plan-de-Mejora-Curso-2020-2021-737x1024.jpeg 737w, https:\/\/blogsaverroes.juntadeandalucia.es\/ceipvicentealeixandre\/files\/2021\/07\/Plan-de-Mejora-Curso-2020-2021-768x1067.jpeg 768w, https:\/\/blogsaverroes.juntadeandalucia.es\/ceipvicentealeixandre\/files\/2021\/07\/Plan-de-Mejora-Curso-2020-2021-1106x1536.jpeg 1106w, https:\/\/blogsaverroes.juntadeandalucia.es\/ceipvicentealeixandre\/files\/2021\/07\/Plan-de-Mejora-Curso-2020-2021-1474x2048.jpeg 1474w, https:\/\/blogsaverroes.juntadeandalucia.es\/ceipvicentealeixandre\/files\/2021\/07\/Plan-de-Mejora-Curso-2020-2021-700x972.jpeg 700w, https:\/\/blogsaverroes.juntadeandalucia.es\/ceipvicentealeixandre\/files\/2021\/07\/Plan-de-Mejora-Curso-2020-2021-332x461.jpeg 332w, https:\/\/blogsaverroes.juntadeandalucia.es\/ceipvicentealeixandre\/files\/2021\/07\/Plan-de-Mejora-Curso-2020-2021.jpeg 1152w\" sizes=\"(max-width: 216px) 100vw, 216px\" \/><\/a><\/p>\n<h4><strong><span style=\"color: #0000ff\"><a style=\"color: #0000ff\" href=\"https:\/\/drive.google.com\/open?id=1ygUyMU0t2_5nEdKSM0FUdkgeeCgkSKgi\">CURSO 2019\/2020<\/a><\/span><\/strong><\/h4>\n<p style=\"text-align: center\"><a href=\"https:\/\/drive.google.com\/open?id=1ygUyMU0t2_5nEdKSM0FUdkgeeCgkSKgi\"><img decoding=\"async\" class=\"alignnone size-medium wp-image-2590\" src=\"https:\/\/blogsaverroes.juntadeandalucia.es\/ceipvicentealeixandre\/files\/2019\/11\/20191126131417772_0001-212x300.jpg\" alt=\"\" width=\"212\" height=\"300\" srcset=\"https:\/\/blogsaverroes.juntadeandalucia.es\/ceipvicentealeixandre\/files\/2019\/11\/20191126131417772_0001-212x300.jpg 212w, https:\/\/blogsaverroes.juntadeandalucia.es\/ceipvicentealeixandre\/files\/2019\/11\/20191126131417772_0001-768x1087.jpg 768w, https:\/\/blogsaverroes.juntadeandalucia.es\/ceipvicentealeixandre\/files\/2019\/11\/20191126131417772_0001-724x1024.jpg 724w, https:\/\/blogsaverroes.juntadeandalucia.es\/ceipvicentealeixandre\/files\/2019\/11\/20191126131417772_0001-700x990.jpg 700w, https:\/\/blogsaverroes.juntadeandalucia.es\/ceipvicentealeixandre\/files\/2019\/11\/20191126131417772_0001-332x470.jpg 332w, https:\/\/blogsaverroes.juntadeandalucia.es\/ceipvicentealeixandre\/files\/2019\/11\/20191126131417772_0001-17x24.jpg 17w, https:\/\/blogsaverroes.juntadeandalucia.es\/ceipvicentealeixandre\/files\/2019\/11\/20191126131417772_0001-25x36.jpg 25w, https:\/\/blogsaverroes.juntadeandalucia.es\/ceipvicentealeixandre\/files\/2019\/11\/20191126131417772_0001-34x48.jpg 34w, https:\/\/blogsaverroes.juntadeandalucia.es\/ceipvicentealeixandre\/files\/2019\/11\/20191126131417772_0001.jpg 1131w\" sizes=\"(max-width: 212px) 100vw, 212px\" \/><\/a><\/p>\n<p>&nbsp;<\/p>\n<p>El <strong><a href=\"https:\/\/drive.google.com\/open?id=1ug4mhzWRDjvRQGil-akCX6PC4_U0Ud8c\">PLAN DE TR\u00c1NSITO<\/a> <\/strong>es un documento que define las tareas y actividades, planificadas y ejecutadas, con el prop\u00f3sito de promover y resguardar un proceso educativo coherente, eficaz y eficiente de una etapa educativa a otra: Educaci\u00f3n Infantil, Primaria y Secundaria.<\/p>\n<p style=\"text-align: center\"><a href=\"https:\/\/drive.google.com\/open?id=1ug4mhzWRDjvRQGil-akCX6PC4_U0Ud8c\"><img loading=\"lazy\" decoding=\"async\" class=\"alignnone size-medium wp-image-2594\" src=\"https:\/\/blogsaverroes.juntadeandalucia.es\/ceipvicentealeixandre\/files\/2019\/11\/20191126175653158_0001-212x300.jpg\" alt=\"\" width=\"212\" height=\"300\" srcset=\"https:\/\/blogsaverroes.juntadeandalucia.es\/ceipvicentealeixandre\/files\/2019\/11\/20191126175653158_0001-212x300.jpg 212w, https:\/\/blogsaverroes.juntadeandalucia.es\/ceipvicentealeixandre\/files\/2019\/11\/20191126175653158_0001-768x1087.jpg 768w, https:\/\/blogsaverroes.juntadeandalucia.es\/ceipvicentealeixandre\/files\/2019\/11\/20191126175653158_0001-724x1024.jpg 724w, https:\/\/blogsaverroes.juntadeandalucia.es\/ceipvicentealeixandre\/files\/2019\/11\/20191126175653158_0001-700x990.jpg 700w, https:\/\/blogsaverroes.juntadeandalucia.es\/ceipvicentealeixandre\/files\/2019\/11\/20191126175653158_0001-332x470.jpg 332w, https:\/\/blogsaverroes.juntadeandalucia.es\/ceipvicentealeixandre\/files\/2019\/11\/20191126175653158_0001-17x24.jpg 17w, https:\/\/blogsaverroes.juntadeandalucia.es\/ceipvicentealeixandre\/files\/2019\/11\/20191126175653158_0001-25x36.jpg 25w, https:\/\/blogsaverroes.juntadeandalucia.es\/ceipvicentealeixandre\/files\/2019\/11\/20191126175653158_0001-34x48.jpg 34w, https:\/\/blogsaverroes.juntadeandalucia.es\/ceipvicentealeixandre\/files\/2019\/11\/20191126175653158_0001.jpg 1131w\" sizes=\"(max-width: 212px) 100vw, 212px\" \/><\/a><\/p>\n<p>El Plan de ha actualizado, en el curso 2020\/2021, con el cronograma de actuaciones.<\/p>\n<p>&nbsp;<\/p>\n","protected":false},"excerpt":{"rendered":"<p>El Plan de Centro del CEIP Vicente Aleixandre es el documento b\u00e1sico que recoge la organizaci\u00f3n y el funcionamiento de nuestro colegio. En \u00e9l se define nuestra identidad como comunidad educativa, nuestros objetivos y valores, as\u00ed como la planificaci\u00f3n de las actuaciones pedag\u00f3gicas y de gesti\u00f3n del centro. Este Plan de Centro est\u00e1 formado por &hellip; <\/p>\n<p><a class=\"more-link btn\" href=\"https:\/\/blogsaverroes.juntadeandalucia.es\/ceipvicentealeixandre\/oferta-educativa\/documentos-oficiales\/\">Seguir leyendo<\/a><\/p>\n","protected":false},"author":2262,"featured_media":0,"parent":3069,"menu_order":0,"comment_status":"closed","ping_status":"closed","template":"","meta":{"ngg_post_thumbnail":0,"footnotes":"","_mc_calendar":[]},"aioseo_notices":[],"_links":{"self":[{"href":"https:\/\/blogsaverroes.juntadeandalucia.es\/ceipvicentealeixandre\/wp-json\/wp\/v2\/pages\/2494"}],"collection":[{"href":"https:\/\/blogsaverroes.juntadeandalucia.es\/ceipvicentealeixandre\/wp-json\/wp\/v2\/pages"}],"about":[{"href":"https:\/\/blogsaverroes.juntadeandalucia.es\/ceipvicentealeixandre\/wp-json\/wp\/v2\/types\/page"}],"author":[{"embeddable":true,"href":"https:\/\/blogsaverroes.juntadeandalucia.es\/ceipvicentealeixandre\/wp-json\/wp\/v2\/users\/2262"}],"replies":[{"embeddable":true,"href":"https:\/\/blogsaverroes.juntadeandalucia.es\/ceipvicentealeixandre\/wp-json\/wp\/v2\/comments?post=2494"}],"version-history":[{"count":10,"href":"https:\/\/blogsaverroes.juntadeandalucia.es\/ceipvicentealeixandre\/wp-json\/wp\/v2\/pages\/2494\/revisions"}],"predecessor-version":[{"id":4490,"href":"https:\/\/blogsaverroes.juntadeandalucia.es\/ceipvicentealeixandre\/wp-json\/wp\/v2\/pages\/2494\/revisions\/4490"}],"up":[{"embeddable":true,"href":"https:\/\/blogsaverroes.juntadeandalucia.es\/ceipvicentealeixandre\/wp-json\/wp\/v2\/pages\/3069"}],"wp:attachment":[{"href":"https:\/\/blogsaverroes.juntadeandalucia.es\/ceipvicentealeixandre\/wp-json\/wp\/v2\/media?parent=2494"}],"curies":[{"name":"wp","href":"https:\/\/api.w.org\/{rel}","templated":true}]}}