{"id":2644,"date":"2020-03-06T20:36:46","date_gmt":"2020-03-06T19:36:46","guid":{"rendered":"https:\/\/blogsaverroes.juntadeandalucia.es\/ceipvicentealeixandre\/?page_id=2644"},"modified":"2021-07-28T10:06:52","modified_gmt":"2021-07-28T09:06:52","slug":"abriles-literarios","status":"publish","type":"page","link":"https:\/\/blogsaverroes.juntadeandalucia.es\/ceipvicentealeixandre\/abriles-literarios\/","title":{"rendered":"Abriles Literarios"},"content":{"rendered":"<p style=\"text-align: center\"><a href=\"http:\/\/elgusanillodelalectura.blogspot.com\/search\/label\/ABRIL%20LITERARIO\"><img fetchpriority=\"high\" decoding=\"async\" class=\"alignnone size-medium wp-image-2379\" src=\"https:\/\/blogsaverroes.juntadeandalucia.es\/ceipvicentealeixandre\/files\/2015\/03\/CEIP-VICENTE-ALEIXANDRE-212x300.jpg\" alt=\"\" width=\"212\" height=\"300\" srcset=\"https:\/\/blogsaverroes.juntadeandalucia.es\/ceipvicentealeixandre\/files\/2015\/03\/CEIP-VICENTE-ALEIXANDRE-212x300.jpg 212w, https:\/\/blogsaverroes.juntadeandalucia.es\/ceipvicentealeixandre\/files\/2015\/03\/CEIP-VICENTE-ALEIXANDRE-724x1024.jpg 724w, https:\/\/blogsaverroes.juntadeandalucia.es\/ceipvicentealeixandre\/files\/2015\/03\/CEIP-VICENTE-ALEIXANDRE-700x990.jpg 700w, https:\/\/blogsaverroes.juntadeandalucia.es\/ceipvicentealeixandre\/files\/2015\/03\/CEIP-VICENTE-ALEIXANDRE-332x470.jpg 332w, https:\/\/blogsaverroes.juntadeandalucia.es\/ceipvicentealeixandre\/files\/2015\/03\/CEIP-VICENTE-ALEIXANDRE-17x24.jpg 17w, https:\/\/blogsaverroes.juntadeandalucia.es\/ceipvicentealeixandre\/files\/2015\/03\/CEIP-VICENTE-ALEIXANDRE-25x36.jpg 25w, https:\/\/blogsaverroes.juntadeandalucia.es\/ceipvicentealeixandre\/files\/2015\/03\/CEIP-VICENTE-ALEIXANDRE-34x48.jpg 34w, https:\/\/blogsaverroes.juntadeandalucia.es\/ceipvicentealeixandre\/files\/2015\/03\/CEIP-VICENTE-ALEIXANDRE.jpg 794w\" sizes=\"(max-width: 212px) 100vw, 212px\" \/><\/a><\/p>\n<p style=\"text-align: justify\">Cada a\u00f1o elegimos una tem\u00e1tica, la cual, ser\u00e1 el hilo conductor del trabajo a realizar a lo largo del curso. Dicha tem\u00e1tica se trabaja de forma transversal y hol\u00edstica. El colof\u00f3n final llega con el abril literario.<\/p>\n<p style=\"text-align: justify\">Abril aparece y, en el cole, se respira otro aire, otras sensaciones. El cine, la literatura, la m\u00fasica, el circo,&#8230;. se van buscando su espacio y llenando el colegio de huellas inolvidables para nuestra memoria: Julio Verne, Las mujeres del 27, el Circo Alexandrini, Federico Garc\u00eda Lorca, Antonio Machado, Gloria Fuertes, Miguel de Cervantes, Miguel Hern\u00e1ndez, Joaqu\u00edn Lobato&#8230;&#8230;&#8230;.<\/p>\n<p style=\"text-align: justify\">Este curso nuestro trabajo est\u00e1 dirigido a la concienciaci\u00f3n medioambiental. El cambio clim\u00e1tico y la sostenibilidad son los dos pilares donde se sustenta nuestro proyecto <span style=\"color: #008000\"><em><strong>\u00abEng\u00e1nchate y cambia\u00bb<\/strong><\/em><\/span><\/p>\n<p style=\"text-align: justify\">Te invitamos a que nos acompa\u00f1es.<\/p>\n<p>&nbsp;<\/p>\n<p>&nbsp;<\/p>\n","protected":false},"excerpt":{"rendered":"<p>Cada a\u00f1o elegimos una tem\u00e1tica, la cual, ser\u00e1 el hilo conductor del trabajo a realizar a lo largo del curso. Dicha tem\u00e1tica se trabaja de forma transversal y hol\u00edstica. El colof\u00f3n final llega con el abril literario. Abril aparece y, en el cole, se respira otro aire, otras sensaciones. El cine, la literatura, la m\u00fasica, &hellip; <\/p>\n<p><a class=\"more-link btn\" href=\"https:\/\/blogsaverroes.juntadeandalucia.es\/ceipvicentealeixandre\/abriles-literarios\/\">Seguir leyendo<\/a><\/p>\n","protected":false},"author":2262,"featured_media":0,"parent":0,"menu_order":0,"comment_status":"closed","ping_status":"closed","template":"","meta":{"ngg_post_thumbnail":0,"footnotes":"","_mc_calendar":[]},"aioseo_notices":[],"_links":{"self":[{"href":"https:\/\/blogsaverroes.juntadeandalucia.es\/ceipvicentealeixandre\/wp-json\/wp\/v2\/pages\/2644"}],"collection":[{"href":"https:\/\/blogsaverroes.juntadeandalucia.es\/ceipvicentealeixandre\/wp-json\/wp\/v2\/pages"}],"about":[{"href":"https:\/\/blogsaverroes.juntadeandalucia.es\/ceipvicentealeixandre\/wp-json\/wp\/v2\/types\/page"}],"author":[{"embeddable":true,"href":"https:\/\/blogsaverroes.juntadeandalucia.es\/ceipvicentealeixandre\/wp-json\/wp\/v2\/users\/2262"}],"replies":[{"embeddable":true,"href":"https:\/\/blogsaverroes.juntadeandalucia.es\/ceipvicentealeixandre\/wp-json\/wp\/v2\/comments?post=2644"}],"version-history":[{"count":1,"href":"https:\/\/blogsaverroes.juntadeandalucia.es\/ceipvicentealeixandre\/wp-json\/wp\/v2\/pages\/2644\/revisions"}],"predecessor-version":[{"id":2645,"href":"https:\/\/blogsaverroes.juntadeandalucia.es\/ceipvicentealeixandre\/wp-json\/wp\/v2\/pages\/2644\/revisions\/2645"}],"wp:attachment":[{"href":"https:\/\/blogsaverroes.juntadeandalucia.es\/ceipvicentealeixandre\/wp-json\/wp\/v2\/media?parent=2644"}],"curies":[{"name":"wp","href":"https:\/\/api.w.org\/{rel}","templated":true}]}}

<p style="text-align: center"><a href="http://elgusanillodelalectura.blogspot.com/search/label/ABRIL%20LITERARIO"><img fetchpriority="high" decoding="async" class="alignnone size-medium wp-image-2379" src="https://blogsaverroes.juntadeandalucia.es/ceipvicentealeixandre/files/2015/03/CEIP-VICENTE-ALEIXANDRE-212x300.jpg" alt="" width="212" height="300" srcset="https://blogsaverroes.juntadeandalucia.es/ceipvicentealeixandre/files/2015/03/CEIP-VICENTE-ALEIXANDRE-212x300.jpg 212w, https://blogsaverroes.juntadeandalucia.es/ceipvicentealeixandre/files/2015/03/CEIP-VICENTE-ALEIXANDRE-724x1024.jpg 724w, https://blogsaverroes.juntadeandalucia.es/ceipvicentealeixandre/files/2015/03/CEIP-VICENTE-ALEIXANDRE-700x990.jpg 700w, https://blogsaverroes.juntadeandalucia.es/ceipvicentealeixandre/files/2015/03/CEIP-VICENTE-ALEIXANDRE-332x470.jpg 332w, https://blogsaverroes.juntadeandalucia.es/ceipvicentealeixandre/files/2015/03/CEIP-VICENTE-ALEIXANDRE-17x24.jpg 17w, https://blogsaverroes.juntadeandalucia.es/ceipvicentealeixandre/files/2015/03/CEIP-VICENTE-ALEIXANDRE-25x36.jpg 25w, https://blogsaverroes.juntadeandalucia.es/ceipvicentealeixandre/files/2015/03/CEIP-VICENTE-ALEIXANDRE-34x48.jpg 34w, https://blogsaverroes.juntadeandalucia.es/ceipvicentealeixandre/files/2015/03/CEIP-VICENTE-ALEIXANDRE.jpg 794w" sizes="(max-width: 212px) 100vw, 212px" /></a></p>
<p style="text-align: justify">Cada año elegimos una temática, la cual, será el hilo conductor del trabajo a realizar a lo largo del curso. Dicha temática se trabaja de forma transversal y holística. El colofón final llega con el abril literario.</p>
<p style="text-align: justify">Abril aparece y, en el cole, se respira otro aire, otras sensaciones. El cine, la literatura, la música, el circo,&#8230;. se van buscando su espacio y llenando el colegio de huellas inolvidables para nuestra memoria: Julio Verne, Las mujeres del 27, el Circo Alexandrini, Federico García Lorca, Antonio Machado, Gloria Fuertes, Miguel de Cervantes, Miguel Hernández, Joaquín Lobato&#8230;&#8230;&#8230;.</p>
<p style="text-align: justify">Este curso nuestro trabajo está dirigido a la concienciación medioambiental. El cambio climático y la sostenibilidad son los dos pilares donde se sustenta nuestro proyecto <span style="color: #008000"><em><strong>«Engánchate y cambia»</strong></em></span></p>
<p style="text-align: justify">Te invitamos a que nos acompañes.</p>
<p>&nbsp;</p>
<p>&nbsp;</p>

<p>Cada año elegimos una temática, la cual, será el hilo conductor del trabajo a realizar a lo largo del curso. Dicha temática se trabaja de forma transversal y holística. El colofón final llega con el abril literario. Abril aparece y, en el cole, se respira otro aire, otras sensaciones. El cine, la literatura, la música, &hellip; </p>
<p><a class="more-link btn" href="https://blogsaverroes.juntadeandalucia.es/ceipvicentealeixandre/abriles-literarios/">Seguir leyendo</a></p>
