{"id":2731,"date":"2020-04-21T20:01:49","date_gmt":"2020-04-21T19:01:49","guid":{"rendered":"https:\/\/blogsaverroes.juntadeandalucia.es\/ceipvicentealeixandre\/?page_id=2731"},"modified":"2020-04-21T20:02:26","modified_gmt":"2020-04-21T19:02:26","slug":"i-certamen-de-dibujo-relato-corto-y-poesia","status":"publish","type":"page","link":"https:\/\/blogsaverroes.juntadeandalucia.es\/ceipvicentealeixandre\/i-certamen-de-dibujo-relato-corto-y-poesia\/","title":{"rendered":"I Certamen de Dibujo Relato Corto y Poes\u00eda"},"content":{"rendered":"<div class=\"separator\" style=\"clear: both;text-align: center\">\n<a style=\"margin-left: 1em;margin-right: 1em\" href=\"https:\/\/1.bp.blogspot.com\/-rzJkAo5eRKE\/Xp83XEgy3tI\/AAAAAAAARyQ\/wq5io55_8e4rByw36Ln0o3Nw8EiVsMngQCLcBGAsYHQ\/s1600\/I%2BCertamen%2BEscolar%2BDibujo%252C%2BRelato%2BCorto%2By%2BPoes%25C3%25ADa%2BModificado.png\"><img fetchpriority=\"high\" decoding=\"async\" src=\"https:\/\/1.bp.blogspot.com\/-rzJkAo5eRKE\/Xp83XEgy3tI\/AAAAAAAARyQ\/wq5io55_8e4rByw36Ln0o3Nw8EiVsMngQCLcBGAsYHQ\/s320\/I%2BCertamen%2BEscolar%2BDibujo%252C%2BRelato%2BCorto%2By%2BPoes%25C3%25ADa%2BModificado.png\" width=\"225\" height=\"320\" border=\"0\" data-original-height=\"1600\" data-original-width=\"1132\"><\/a><\/div>\n<div>&nbsp;<\/div>\n<div style=\"text-align: justify\">Llega el mes de abril y, con \u00e9l, en nuestro Centro se respira otro&nbsp; aire. Este a\u00f1o <i><b>\u00abnos est\u00e1 condicionando a todos\u00bb<\/b><\/i>; por ello, hemos modificado las bases de nuestro I Certamen Escolar de Dibujo, Relato Corto y Poes\u00eda.<\/div>\n<div style=\"text-align: justify\">&nbsp;<\/div>\n<div style=\"text-align: justify\">Queremos que, desde casa, sig\u00e1is desarrollando vuestra <i><b>creatividad, imaginaci\u00f3n, compromiso, descubrimiento, reflexiones, sue\u00f1o&#8230;&#8230;. y lo plasm\u00e9is a trav\u00e9s de vuestros dibujos y textos.<\/b><\/i><\/div>\n<div style=\"text-align: justify\">&nbsp;<\/div>\n<div style=\"text-align: justify\">Todos vosotros, ni\u00f1os y ni\u00f1as, del Vicente ya hab\u00e9is ganado un gran premio:<i><b> \u00abvivir esta cuarenta con mucho \u00e1nimo y ayudando a vuestras familias\u00bb.&nbsp;<\/b><\/i><\/div>\n<div>&nbsp;<\/div>\n<div style=\"text-align: justify\">Lee las <span style=\"font-size: large\"><b><a href=\"https:\/\/drive.google.com\/open?id=1VQFShGWIHao7IzJJz32cYgTMmSXMs2cA\">bases<\/a> <\/b><\/span>y ponte en marcha.<\/div>\n<div>&nbsp;<\/div>\n<div style=\"text-align: justify\">Las producciones seleccionadas se publicar\u00e1n en nuestra revista escolar.<\/div>\n<div style=\"text-align: justify\">&nbsp;<\/div>\n<div style=\"text-align: justify\">La difusi\u00f3n del monogr\u00e1fico de la revista lo difundiremos a trav\u00e9s de la web del Centro y del blog de la biblioteca. Tambi\u00e9n tendremos ejemplares en papel para poder disfrutarla cuando volvamos al cole.<\/div>\n<div style=\"text-align: justify\">&nbsp;<\/div>\n<div style=\"text-align: justify\">\n<div style=\"text-align: center\"><span style=\"color: #990000;, serif;font-size: large\">\u00a1\u00a1\u00a1\u00a1\u00a1\u00a1\u00a1\u00a1PONTE EN MARCHA Y PARTICIPA!!!!!!!<\/span><\/div>\n<\/div>\n","protected":false},"excerpt":{"rendered":"<p>&nbsp; Llega el mes de abril y, con \u00e9l, en nuestro Centro se respira otro&nbsp; aire. Este a\u00f1o \u00abnos est\u00e1 condicionando a todos\u00bb; por ello, hemos modificado las bases de nuestro I Certamen Escolar de Dibujo, Relato Corto y Poes\u00eda. &nbsp; Queremos que, desde casa, sig\u00e1is desarrollando vuestra creatividad, imaginaci\u00f3n, compromiso, descubrimiento, reflexiones, sue\u00f1o&#8230;&#8230;. y &hellip; <\/p>\n<p><a class=\"more-link btn\" href=\"https:\/\/blogsaverroes.juntadeandalucia.es\/ceipvicentealeixandre\/i-certamen-de-dibujo-relato-corto-y-poesia\/\">Seguir leyendo<\/a><\/p>\n","protected":false},"author":2262,"featured_media":0,"parent":0,"menu_order":0,"comment_status":"closed","ping_status":"closed","template":"","meta":{"ngg_post_thumbnail":0,"footnotes":"","_mc_calendar":[]},"aioseo_notices":[],"_links":{"self":[{"href":"https:\/\/blogsaverroes.juntadeandalucia.es\/ceipvicentealeixandre\/wp-json\/wp\/v2\/pages\/2731"}],"collection":[{"href":"https:\/\/blogsaverroes.juntadeandalucia.es\/ceipvicentealeixandre\/wp-json\/wp\/v2\/pages"}],"about":[{"href":"https:\/\/blogsaverroes.juntadeandalucia.es\/ceipvicentealeixandre\/wp-json\/wp\/v2\/types\/page"}],"author":[{"embeddable":true,"href":"https:\/\/blogsaverroes.juntadeandalucia.es\/ceipvicentealeixandre\/wp-json\/wp\/v2\/users\/2262"}],"replies":[{"embeddable":true,"href":"https:\/\/blogsaverroes.juntadeandalucia.es\/ceipvicentealeixandre\/wp-json\/wp\/v2\/comments?post=2731"}],"version-history":[{"count":2,"href":"https:\/\/blogsaverroes.juntadeandalucia.es\/ceipvicentealeixandre\/wp-json\/wp\/v2\/pages\/2731\/revisions"}],"predecessor-version":[{"id":2734,"href":"https:\/\/blogsaverroes.juntadeandalucia.es\/ceipvicentealeixandre\/wp-json\/wp\/v2\/pages\/2731\/revisions\/2734"}],"wp:attachment":[{"href":"https:\/\/blogsaverroes.juntadeandalucia.es\/ceipvicentealeixandre\/wp-json\/wp\/v2\/media?parent=2731"}],"curies":[{"name":"wp","href":"https:\/\/api.w.org\/{rel}","templated":true}]}}