{"id":3295,"date":"2021-11-30T10:04:52","date_gmt":"2021-11-30T09:04:52","guid":{"rendered":"https:\/\/blogsaverroes.juntadeandalucia.es\/ceipvicentealeixandre\/?page_id=3295"},"modified":"2021-12-31T10:12:39","modified_gmt":"2021-12-31T09:12:39","slug":"proyecto-linguistico-de-centro-plc","status":"publish","type":"page","link":"https:\/\/blogsaverroes.juntadeandalucia.es\/ceipvicentealeixandre\/planes-y-proyectos\/proyecto-linguistico-de-centro-plc\/","title":{"rendered":"Proyecto Ling\u00fc\u00edstico de Centro (PLC)"},"content":{"rendered":"<p style=\"text-align: center\"><a href=\"https:\/\/www.juntadeandalucia.es\/educacion\/portals\/web\/lecturas-bibliotecas-escolares\/programa-plc\"><img decoding=\"async\" class=\"alignnone size-medium wp-image-3243\" src=\"https:\/\/blogsaverroes.juntadeandalucia.es\/ceipvicentealeixandre\/files\/2021\/10\/PLC-300x114.png\" alt=\"\" width=\"300\" height=\"114\" srcset=\"https:\/\/blogsaverroes.juntadeandalucia.es\/ceipvicentealeixandre\/files\/2021\/10\/PLC-300x114.png 300w, https:\/\/blogsaverroes.juntadeandalucia.es\/ceipvicentealeixandre\/files\/2021\/10\/PLC-332x126.png 332w, https:\/\/blogsaverroes.juntadeandalucia.es\/ceipvicentealeixandre\/files\/2021\/10\/PLC.png 364w\" sizes=\"(max-width: 300px) 100vw, 300px\" \/><\/a><\/p>\n<p style=\"text-align: justify\">El <strong><span style=\"color: #0000ff\">Proyecto Ling\u00fc\u00edstico de Centro (PLC)<\/span><\/strong><span style=\"color: #0000ff\"><span style=\"color: #000000\">pretende,<\/span><\/span> como objetivo fundamental, impulsar y apoyar la puesta en marcha en los centros educativos de un proyecto global para la mejora de la competencia en comunicaci\u00f3n ling\u00fc\u00edstica en el que participe el profesorado de las distintas \u00e1reas y materias.<\/p>\n<p style=\"text-align: center\"><iframe src=\"https:\/\/www.youtube.com\/embed\/EwwcqLHlCeQ\" width=\"560\" height=\"315\" frameborder=\"0\"><\/iframe><\/p>\n<p style=\"text-align: justify\">El&nbsp;Programa para el desarrollo de la Competencia en Comunicaci\u00f3n Ling\u00fc\u00edstica: leer, escribir, escuchar, hablar para la vida&nbsp;constituye el&nbsp;<strong><span style=\"color: #0000ff\"><a style=\"color: #0000ff\" href=\"https:\/\/www.juntadeandalucia.es\/educacion\/portals\/ishare-servlet\/content\/94918b15-65d4-4efa-8a8e-52162ba25167\">marco de referencia<\/a><\/span><\/strong>&nbsp;en el que se encuadra&nbsp;el Proyecto Ling\u00fc\u00edstico de Centro (PLC).<\/p>\n<p style=\"text-align: center\"><a href=\"https:\/\/www.juntadeandalucia.es\/educacion\/portals\/delegate\/content\/34463e77-edf7-4844-b7eb-75f611dc94e2\/Dosier%20PLC%202021-2022\"><img fetchpriority=\"high\" decoding=\"async\" class=\"alignnone size-medium wp-image-3291\" src=\"https:\/\/blogsaverroes.juntadeandalucia.es\/ceipvicentealeixandre\/files\/2021\/12\/DosierPLC21-22-225x300.jpg\" alt=\"\" width=\"225\" height=\"300\" srcset=\"https:\/\/blogsaverroes.juntadeandalucia.es\/ceipvicentealeixandre\/files\/2021\/12\/DosierPLC21-22-225x300.jpg 225w, https:\/\/blogsaverroes.juntadeandalucia.es\/ceipvicentealeixandre\/files\/2021\/12\/DosierPLC21-22-332x442.jpg 332w, https:\/\/blogsaverroes.juntadeandalucia.es\/ceipvicentealeixandre\/files\/2021\/12\/DosierPLC21-22.jpg 605w\" sizes=\"(max-width: 225px) 100vw, 225px\" \/><\/a>&nbsp;<\/p>\n<p style=\"text-align: justify\">Nuestro Centro educativo lleva una gran andadura participando en cursos anteriores en el Programa Comunica. Este a\u00f1o nos hemos acogido al PLC. Dicho proyecto tiene una vigencia de tres cursos escolares.<\/p>\n<p style=\"text-align: center\"><a href=\"https:\/\/drive.google.com\/file\/d\/1feusrRo3ilIejswGlRYUuEjOl04N0Vz_\/view?usp=sharing\"><img decoding=\"async\" class=\"alignnone size-medium wp-image-3298\" src=\"https:\/\/blogsaverroes.juntadeandalucia.es\/ceipvicentealeixandre\/files\/2021\/12\/PLC-218x300.jpeg\" alt=\"\" width=\"218\" height=\"300\" srcset=\"https:\/\/blogsaverroes.juntadeandalucia.es\/ceipvicentealeixandre\/files\/2021\/12\/PLC-218x300.jpeg 218w, https:\/\/blogsaverroes.juntadeandalucia.es\/ceipvicentealeixandre\/files\/2021\/12\/PLC-745x1024.jpeg 745w, https:\/\/blogsaverroes.juntadeandalucia.es\/ceipvicentealeixandre\/files\/2021\/12\/PLC-768x1056.jpeg 768w, https:\/\/blogsaverroes.juntadeandalucia.es\/ceipvicentealeixandre\/files\/2021\/12\/PLC-1117x1536.jpeg 1117w, https:\/\/blogsaverroes.juntadeandalucia.es\/ceipvicentealeixandre\/files\/2021\/12\/PLC-1489x2048.jpeg 1489w, https:\/\/blogsaverroes.juntadeandalucia.es\/ceipvicentealeixandre\/files\/2021\/12\/PLC-700x963.jpeg 700w, https:\/\/blogsaverroes.juntadeandalucia.es\/ceipvicentealeixandre\/files\/2021\/12\/PLC-332x457.jpeg 332w, https:\/\/blogsaverroes.juntadeandalucia.es\/ceipvicentealeixandre\/files\/2021\/12\/PLC.jpeg 1163w\" sizes=\"(max-width: 218px) 100vw, 218px\" \/><\/a><\/p>\n<p>&nbsp;<\/p>\n","protected":false},"excerpt":{"rendered":"<p>El Proyecto Ling\u00fc\u00edstico de Centro (PLC)pretende, como objetivo fundamental, impulsar y apoyar la puesta en marcha en los centros educativos de un proyecto global para la mejora de la competencia en comunicaci\u00f3n ling\u00fc\u00edstica en el que participe el profesorado de las distintas \u00e1reas y materias. El&nbsp;Programa para el desarrollo de la Competencia en Comunicaci\u00f3n Ling\u00fc\u00edstica: &hellip; <\/p>\n<p><a class=\"more-link btn\" href=\"https:\/\/blogsaverroes.juntadeandalucia.es\/ceipvicentealeixandre\/planes-y-proyectos\/proyecto-linguistico-de-centro-plc\/\">Seguir leyendo<\/a><\/p>\n","protected":false},"author":2262,"featured_media":0,"parent":44,"menu_order":0,"comment_status":"closed","ping_status":"closed","template":"","meta":{"ngg_post_thumbnail":0,"footnotes":"","_mc_calendar":[]},"aioseo_notices":[],"_links":{"self":[{"href":"https:\/\/blogsaverroes.juntadeandalucia.es\/ceipvicentealeixandre\/wp-json\/wp\/v2\/pages\/3295"}],"collection":[{"href":"https:\/\/blogsaverroes.juntadeandalucia.es\/ceipvicentealeixandre\/wp-json\/wp\/v2\/pages"}],"about":[{"href":"https:\/\/blogsaverroes.juntadeandalucia.es\/ceipvicentealeixandre\/wp-json\/wp\/v2\/types\/page"}],"author":[{"embeddable":true,"href":"https:\/\/blogsaverroes.juntadeandalucia.es\/ceipvicentealeixandre\/wp-json\/wp\/v2\/users\/2262"}],"replies":[{"embeddable":true,"href":"https:\/\/blogsaverroes.juntadeandalucia.es\/ceipvicentealeixandre\/wp-json\/wp\/v2\/comments?post=3295"}],"version-history":[{"count":3,"href":"https:\/\/blogsaverroes.juntadeandalucia.es\/ceipvicentealeixandre\/wp-json\/wp\/v2\/pages\/3295\/revisions"}],"predecessor-version":[{"id":3300,"href":"https:\/\/blogsaverroes.juntadeandalucia.es\/ceipvicentealeixandre\/wp-json\/wp\/v2\/pages\/3295\/revisions\/3300"}],"up":[{"embeddable":true,"href":"https:\/\/blogsaverroes.juntadeandalucia.es\/ceipvicentealeixandre\/wp-json\/wp\/v2\/pages\/44"}],"wp:attachment":[{"href":"https:\/\/blogsaverroes.juntadeandalucia.es\/ceipvicentealeixandre\/wp-json\/wp\/v2\/media?parent=3295"}],"curies":[{"name":"wp","href":"https:\/\/api.w.org\/{rel}","templated":true}]}}

Proyecto Lingüístico de Centro (PLC)

<p style="text-align: center"><a href="https://www.juntadeandalucia.es/educacion/portals/web/lecturas-bibliotecas-escolares/programa-plc"><img decoding="async" class="alignnone size-medium wp-image-3243" src="https://blogsaverroes.juntadeandalucia.es/ceipvicentealeixandre/files/2021/10/PLC-300x114.png" alt="" width="300" height="114" srcset="https://blogsaverroes.juntadeandalucia.es/ceipvicentealeixandre/files/2021/10/PLC-300x114.png 300w, https://blogsaverroes.juntadeandalucia.es/ceipvicentealeixandre/files/2021/10/PLC-332x126.png 332w, https://blogsaverroes.juntadeandalucia.es/ceipvicentealeixandre/files/2021/10/PLC.png 364w" sizes="(max-width: 300px) 100vw, 300px" /></a></p>
<p style="text-align: justify">El <strong><span style="color: #0000ff">Proyecto Lingüístico de Centro (PLC)</span></strong><span style="color: #0000ff"><span style="color: #000000">pretende,</span></span> como objetivo fundamental, impulsar y apoyar la puesta en marcha en los centros educativos de un proyecto global para la mejora de la competencia en comunicación lingüística en el que participe el profesorado de las distintas áreas y materias.</p>
<p style="text-align: center"><iframe src="https://www.youtube.com/embed/EwwcqLHlCeQ" width="560" height="315" frameborder="0"></iframe></p>
<p style="text-align: justify">El&nbsp;Programa para el desarrollo de la Competencia en Comunicación Lingüística: leer, escribir, escuchar, hablar para la vida&nbsp;constituye el&nbsp;<strong><span style="color: #0000ff"><a style="color: #0000ff" href="https://www.juntadeandalucia.es/educacion/portals/ishare-servlet/content/94918b15-65d4-4efa-8a8e-52162ba25167">marco de referencia</a></span></strong>&nbsp;en el que se encuadra&nbsp;el Proyecto Lingüístico de Centro (PLC).</p>
<p style="text-align: center"><a href="https://www.juntadeandalucia.es/educacion/portals/delegate/content/34463e77-edf7-4844-b7eb-75f611dc94e2/Dosier%20PLC%202021-2022"><img fetchpriority="high" decoding="async" class="alignnone size-medium wp-image-3291" src="https://blogsaverroes.juntadeandalucia.es/ceipvicentealeixandre/files/2021/12/DosierPLC21-22-225x300.jpg" alt="" width="225" height="300" srcset="https://blogsaverroes.juntadeandalucia.es/ceipvicentealeixandre/files/2021/12/DosierPLC21-22-225x300.jpg 225w, https://blogsaverroes.juntadeandalucia.es/ceipvicentealeixandre/files/2021/12/DosierPLC21-22-332x442.jpg 332w, https://blogsaverroes.juntadeandalucia.es/ceipvicentealeixandre/files/2021/12/DosierPLC21-22.jpg 605w" sizes="(max-width: 225px) 100vw, 225px" /></a>&nbsp;</p>
<p style="text-align: justify">Nuestro Centro educativo lleva una gran andadura participando en cursos anteriores en el Programa Comunica. Este año nos hemos acogido al PLC. Dicho proyecto tiene una vigencia de tres cursos escolares.</p>
<p style="text-align: center"><a href="https://drive.google.com/file/d/1feusrRo3ilIejswGlRYUuEjOl04N0Vz_/view?usp=sharing"><img decoding="async" class="alignnone size-medium wp-image-3298" src="https://blogsaverroes.juntadeandalucia.es/ceipvicentealeixandre/files/2021/12/PLC-218x300.jpeg" alt="" width="218" height="300" srcset="https://blogsaverroes.juntadeandalucia.es/ceipvicentealeixandre/files/2021/12/PLC-218x300.jpeg 218w, https://blogsaverroes.juntadeandalucia.es/ceipvicentealeixandre/files/2021/12/PLC-745x1024.jpeg 745w, https://blogsaverroes.juntadeandalucia.es/ceipvicentealeixandre/files/2021/12/PLC-768x1056.jpeg 768w, https://blogsaverroes.juntadeandalucia.es/ceipvicentealeixandre/files/2021/12/PLC-1117x1536.jpeg 1117w, https://blogsaverroes.juntadeandalucia.es/ceipvicentealeixandre/files/2021/12/PLC-1489x2048.jpeg 1489w, https://blogsaverroes.juntadeandalucia.es/ceipvicentealeixandre/files/2021/12/PLC-700x963.jpeg 700w, https://blogsaverroes.juntadeandalucia.es/ceipvicentealeixandre/files/2021/12/PLC-332x457.jpeg 332w, https://blogsaverroes.juntadeandalucia.es/ceipvicentealeixandre/files/2021/12/PLC.jpeg 1163w" sizes="(max-width: 218px) 100vw, 218px" /></a></p>
<p>&nbsp;</p>

<p>El Proyecto Lingüístico de Centro (PLC)pretende, como objetivo fundamental, impulsar y apoyar la puesta en marcha en los centros educativos de un proyecto global para la mejora de la competencia en comunicación lingüística en el que participe el profesorado de las distintas áreas y materias. El&nbsp;Programa para el desarrollo de la Competencia en Comunicación Lingüística: &hellip; </p>
<p><a class="more-link btn" href="https://blogsaverroes.juntadeandalucia.es/ceipvicentealeixandre/planes-y-proyectos/proyecto-linguistico-de-centro-plc/">Seguir leyendo</a></p>
