{"id":3369,"date":"2022-02-20T11:55:42","date_gmt":"2022-02-20T10:55:42","guid":{"rendered":"https:\/\/blogsaverroes.juntadeandalucia.es\/ceipvicentealeixandre\/?page_id=3369"},"modified":"2022-02-20T12:54:49","modified_gmt":"2022-02-20T11:54:49","slug":"recapacicla","status":"publish","type":"page","link":"https:\/\/blogsaverroes.juntadeandalucia.es\/ceipvicentealeixandre\/planes-y-proyectos\/recapacicla\/","title":{"rendered":"Recapacicla"},"content":{"rendered":"<p style=\"text-align: center\"><a href=\"https:\/\/www.juntadeandalucia.es\/educacion\/portals\/web\/aldea\"><img decoding=\"async\" class=\"alignnone size-medium wp-image-3371\" src=\"https:\/\/blogsaverroes.juntadeandalucia.es\/ceipvicentealeixandre\/files\/2022\/02\/aldea-300x73.png\" alt=\"\" width=\"300\" height=\"73\" srcset=\"https:\/\/blogsaverroes.juntadeandalucia.es\/ceipvicentealeixandre\/files\/2022\/02\/aldea-300x73.png 300w, https:\/\/blogsaverroes.juntadeandalucia.es\/ceipvicentealeixandre\/files\/2022\/02\/aldea-332x81.png 332w, https:\/\/blogsaverroes.juntadeandalucia.es\/ceipvicentealeixandre\/files\/2022\/02\/aldea.png 497w\" sizes=\"(max-width: 300px) 100vw, 300px\" \/><\/a><\/p>\n<p>Recapacicla es una de las modalidades que tiene el <a href=\"https:\/\/www.juntadeandalucia.es\/educacion\/portals\/web\/aldea\"><strong><span style=\"color: #0000ff\">Programa Aldea.<\/span><\/strong><\/a><\/p>\n<div style=\"text-align: justify\"><strong><span style=\"color: #0000ff\">Aldea, Educaci\u00f3n Ambiental para la Comunidad Educativa <\/span><\/strong>se configura como una herramienta para favorecer el desarrollo de las competencias clave del alumnado, el intercambio de experiencias educativas, el trabajo en equipo, la creaci\u00f3n de redes profesionales, el trabajo por proyectos u otras metodolog\u00edas activas e innovadoras que propicien, en definitiva, un cambio en conductas ambientales con nuestro entorno y que incida en la pr\u00e1ctica educativa diaria.<\/div>\n<div>&nbsp;<\/div>\n<div>&nbsp;<\/div>\n<div>Nuestro Centro se ha acogido a la modalidad B: <strong><span style=\"color: #0000ff\"><a style=\"color: #0000ff\" href=\"https:\/\/www.juntadeandalucia.es\/educacion\/portals\/web\/aldea\/recapacicla\">Recapacicla.<\/a><\/span><\/strong><\/div>\n<div style=\"text-align: justify\">Su objetivo es informar e implicar a la comunidad educativa en la disminuci\u00f3n de la generaci\u00f3n de todo tipo de residuos, y en especial de envases y vidrios, as\u00ed como en su adecuada separaci\u00f3n en origen y reflexionar sobre las implicaciones ambientales del consumo.<\/div>\n<div><a href=\"https:\/\/www.juntadeandalucia.es\/educacion\/portals\/web\/aldea\/recapacicla\"><img decoding=\"async\" class=\"alignnone size-medium wp-image-3242 alignleft\" src=\"https:\/\/blogsaverroes.juntadeandalucia.es\/ceipvicentealeixandre\/files\/2021\/10\/Recapacicla-1-300x136.jpg\" alt=\"\" width=\"300\" height=\"136\" srcset=\"https:\/\/blogsaverroes.juntadeandalucia.es\/ceipvicentealeixandre\/files\/2021\/10\/Recapacicla-1-300x136.jpg 300w, https:\/\/blogsaverroes.juntadeandalucia.es\/ceipvicentealeixandre\/files\/2021\/10\/Recapacicla-1-332x150.jpg 332w, https:\/\/blogsaverroes.juntadeandalucia.es\/ceipvicentealeixandre\/files\/2021\/10\/Recapacicla-1.jpg 561w\" sizes=\"(max-width: 300px) 100vw, 300px\" \/><\/a><\/div>\n<div>&nbsp;<\/div>\n<div style=\"text-align: center\"><a href=\"https:\/\/www.juntadeandalucia.es\/educacion\/portals\/web\/aldea\/recapacicla\"><img decoding=\"async\" class=\"alignnone wp-image-3372\" src=\"https:\/\/blogsaverroes.juntadeandalucia.es\/ceipvicentealeixandre\/files\/2022\/02\/RECAPACICLA-300x300.jpg\" alt=\"\" width=\"200\" height=\"200\" srcset=\"https:\/\/blogsaverroes.juntadeandalucia.es\/ceipvicentealeixandre\/files\/2022\/02\/RECAPACICLA-300x300.jpg 300w, https:\/\/blogsaverroes.juntadeandalucia.es\/ceipvicentealeixandre\/files\/2022\/02\/RECAPACICLA-150x150.jpg 150w, https:\/\/blogsaverroes.juntadeandalucia.es\/ceipvicentealeixandre\/files\/2022\/02\/RECAPACICLA-332x332.jpg 332w, https:\/\/blogsaverroes.juntadeandalucia.es\/ceipvicentealeixandre\/files\/2022\/02\/RECAPACICLA-432x432.jpg 432w, https:\/\/blogsaverroes.juntadeandalucia.es\/ceipvicentealeixandre\/files\/2022\/02\/RECAPACICLA-268x268.jpg 268w, https:\/\/blogsaverroes.juntadeandalucia.es\/ceipvicentealeixandre\/files\/2022\/02\/RECAPACICLA.jpg 500w\" sizes=\"(max-width: 200px) 100vw, 200px\" \/><\/a>&nbsp;<\/div>\n<div>&nbsp;<\/div>\n<p style=\"text-align: center\"><iframe src=\"https:\/\/www.youtube.com\/embed\/VWHOdY0SY5k\" width=\"460\" height=\"215\" frameborder=\"0\"><span data-mce-type=\"bookmark\" style=\"width: 0px;overflow: hidden;line-height: 0\" class=\"mce_SELRES_start\">\ufeff<\/span><\/iframe><\/p>\n<div><strong><span style=\"color: #0000ff\"><a style=\"color: #0000ff\" href=\"https:\/\/www.juntadeandalucia.es\/medioambiente\/portal_web\/web\/temas_ambientales\/educacion_ambiental_y_formacion_nuevo\/aldea\/programas\/recapacicla\/recursos\/Dossier\/dossier_recapacicla.pdf\">Dossier \u00abYo reciclo\u00bb.<\/a><\/span><\/strong><\/div>\n","protected":false},"excerpt":{"rendered":"<p>Recapacicla es una de las modalidades que tiene el Programa Aldea. Aldea, Educaci\u00f3n Ambiental para la Comunidad Educativa se configura como una herramienta para favorecer el desarrollo de las competencias clave del alumnado, el intercambio de experiencias educativas, el trabajo en equipo, la creaci\u00f3n de redes profesionales, el trabajo por proyectos u otras metodolog\u00edas activas &hellip; <\/p>\n<p><a class=\"more-link btn\" href=\"https:\/\/blogsaverroes.juntadeandalucia.es\/ceipvicentealeixandre\/planes-y-proyectos\/recapacicla\/\">Seguir leyendo<\/a><\/p>\n","protected":false},"author":2262,"featured_media":0,"parent":44,"menu_order":0,"comment_status":"closed","ping_status":"closed","template":"","meta":{"ngg_post_thumbnail":0,"footnotes":"","_mc_calendar":[]},"aioseo_notices":[],"_links":{"self":[{"href":"https:\/\/blogsaverroes.juntadeandalucia.es\/ceipvicentealeixandre\/wp-json\/wp\/v2\/pages\/3369"}],"collection":[{"href":"https:\/\/blogsaverroes.juntadeandalucia.es\/ceipvicentealeixandre\/wp-json\/wp\/v2\/pages"}],"about":[{"href":"https:\/\/blogsaverroes.juntadeandalucia.es\/ceipvicentealeixandre\/wp-json\/wp\/v2\/types\/page"}],"author":[{"embeddable":true,"href":"https:\/\/blogsaverroes.juntadeandalucia.es\/ceipvicentealeixandre\/wp-json\/wp\/v2\/users\/2262"}],"replies":[{"embeddable":true,"href":"https:\/\/blogsaverroes.juntadeandalucia.es\/ceipvicentealeixandre\/wp-json\/wp\/v2\/comments?post=3369"}],"version-history":[{"count":4,"href":"https:\/\/blogsaverroes.juntadeandalucia.es\/ceipvicentealeixandre\/wp-json\/wp\/v2\/pages\/3369\/revisions"}],"predecessor-version":[{"id":3378,"href":"https:\/\/blogsaverroes.juntadeandalucia.es\/ceipvicentealeixandre\/wp-json\/wp\/v2\/pages\/3369\/revisions\/3378"}],"up":[{"embeddable":true,"href":"https:\/\/blogsaverroes.juntadeandalucia.es\/ceipvicentealeixandre\/wp-json\/wp\/v2\/pages\/44"}],"wp:attachment":[{"href":"https:\/\/blogsaverroes.juntadeandalucia.es\/ceipvicentealeixandre\/wp-json\/wp\/v2\/media?parent=3369"}],"curies":[{"name":"wp","href":"https:\/\/api.w.org\/{rel}","templated":true}]}}

<p style="text-align: center"><a href="https://www.juntadeandalucia.es/educacion/portals/web/aldea"><img decoding="async" class="alignnone size-medium wp-image-3371" src="https://blogsaverroes.juntadeandalucia.es/ceipvicentealeixandre/files/2022/02/aldea-300x73.png" alt="" width="300" height="73" srcset="https://blogsaverroes.juntadeandalucia.es/ceipvicentealeixandre/files/2022/02/aldea-300x73.png 300w, https://blogsaverroes.juntadeandalucia.es/ceipvicentealeixandre/files/2022/02/aldea-332x81.png 332w, https://blogsaverroes.juntadeandalucia.es/ceipvicentealeixandre/files/2022/02/aldea.png 497w" sizes="(max-width: 300px) 100vw, 300px" /></a></p>
<p>Recapacicla es una de las modalidades que tiene el <a href="https://www.juntadeandalucia.es/educacion/portals/web/aldea"><strong><span style="color: #0000ff">Programa Aldea.</span></strong></a></p>
<div style="text-align: justify"><strong><span style="color: #0000ff">Aldea, Educación Ambiental para la Comunidad Educativa </span></strong>se configura como una herramienta para favorecer el desarrollo de las competencias clave del alumnado, el intercambio de experiencias educativas, el trabajo en equipo, la creación de redes profesionales, el trabajo por proyectos u otras metodologías activas e innovadoras que propicien, en definitiva, un cambio en conductas ambientales con nuestro entorno y que incida en la práctica educativa diaria.</div>
<div>&nbsp;</div>
<div>&nbsp;</div>
<div>Nuestro Centro se ha acogido a la modalidad B: <strong><span style="color: #0000ff"><a style="color: #0000ff" href="https://www.juntadeandalucia.es/educacion/portals/web/aldea/recapacicla">Recapacicla.</a></span></strong></div>
<div style="text-align: justify">Su objetivo es informar e implicar a la comunidad educativa en la disminución de la generación de todo tipo de residuos, y en especial de envases y vidrios, así como en su adecuada separación en origen y reflexionar sobre las implicaciones ambientales del consumo.</div>
<div><a href="https://www.juntadeandalucia.es/educacion/portals/web/aldea/recapacicla"><img decoding="async" class="alignnone size-medium wp-image-3242 alignleft" src="https://blogsaverroes.juntadeandalucia.es/ceipvicentealeixandre/files/2021/10/Recapacicla-1-300x136.jpg" alt="" width="300" height="136" srcset="https://blogsaverroes.juntadeandalucia.es/ceipvicentealeixandre/files/2021/10/Recapacicla-1-300x136.jpg 300w, https://blogsaverroes.juntadeandalucia.es/ceipvicentealeixandre/files/2021/10/Recapacicla-1-332x150.jpg 332w, https://blogsaverroes.juntadeandalucia.es/ceipvicentealeixandre/files/2021/10/Recapacicla-1.jpg 561w" sizes="(max-width: 300px) 100vw, 300px" /></a></div>
<div>&nbsp;</div>
<div style="text-align: center"><a href="https://www.juntadeandalucia.es/educacion/portals/web/aldea/recapacicla"><img decoding="async" class="alignnone wp-image-3372" src="https://blogsaverroes.juntadeandalucia.es/ceipvicentealeixandre/files/2022/02/RECAPACICLA-300x300.jpg" alt="" width="200" height="200" srcset="https://blogsaverroes.juntadeandalucia.es/ceipvicentealeixandre/files/2022/02/RECAPACICLA-300x300.jpg 300w, https://blogsaverroes.juntadeandalucia.es/ceipvicentealeixandre/files/2022/02/RECAPACICLA-150x150.jpg 150w, https://blogsaverroes.juntadeandalucia.es/ceipvicentealeixandre/files/2022/02/RECAPACICLA-332x332.jpg 332w, https://blogsaverroes.juntadeandalucia.es/ceipvicentealeixandre/files/2022/02/RECAPACICLA-432x432.jpg 432w, https://blogsaverroes.juntadeandalucia.es/ceipvicentealeixandre/files/2022/02/RECAPACICLA-268x268.jpg 268w, https://blogsaverroes.juntadeandalucia.es/ceipvicentealeixandre/files/2022/02/RECAPACICLA.jpg 500w" sizes="(max-width: 200px) 100vw, 200px" /></a>&nbsp;</div>
<div>&nbsp;</div>
<p style="text-align: center"><iframe src="https://www.youtube.com/embed/VWHOdY0SY5k" width="460" height="215" frameborder="0"><span data-mce-type="bookmark" style="width: 0px;overflow: hidden;line-height: 0" class="mce_SELRES_start">﻿</span></iframe></p>
<div><strong><span style="color: #0000ff"><a style="color: #0000ff" href="https://www.juntadeandalucia.es/medioambiente/portal_web/web/temas_ambientales/educacion_ambiental_y_formacion_nuevo/aldea/programas/recapacicla/recursos/Dossier/dossier_recapacicla.pdf">Dossier «Yo reciclo».</a></span></strong></div>

<p>Recapacicla es una de las modalidades que tiene el Programa Aldea. Aldea, Educación Ambiental para la Comunidad Educativa se configura como una herramienta para favorecer el desarrollo de las competencias clave del alumnado, el intercambio de experiencias educativas, el trabajo en equipo, la creación de redes profesionales, el trabajo por proyectos u otras metodologías activas &hellip; </p>
<p><a class="more-link btn" href="https://blogsaverroes.juntadeandalucia.es/ceipvicentealeixandre/planes-y-proyectos/recapacicla/">Seguir leyendo</a></p>
