{"id":428,"date":"2015-03-20T07:06:21","date_gmt":"2015-03-20T07:06:21","guid":{"rendered":"http:\/\/blogsaverroes.juntadeandalucia.es\/pre\/ceip\/?page_id=428"},"modified":"2024-11-13T13:59:34","modified_gmt":"2024-11-13T12:59:34","slug":"ed-primaria-1o-ciclo","status":"publish","type":"page","link":"https:\/\/blogsaverroes.juntadeandalucia.es\/ceipvicentealeixandre\/oferta-educativa\/ed-primaria-1o-ciclo\/","title":{"rendered":"Ed. Primaria. 1\u00ba ciclo"},"content":{"rendered":"<h2 style=\"text-align: center\"><strong>PROGRAMA DE GRATUIDAD DE LIBROS DE TEXTO<\/strong><br \/>\n<strong>RELACI\u00d3N DE LIBROS USADOS EN CADA MATERIA<\/strong><br \/>\n<strong>CURSO 2024\/2025<\/strong><\/h2>\n<h4>1\u00ba de Educ. Prima.<\/h4>\n<table style=\"border-collapse: collapse;width: 100%;height: 232px\">\n<tbody>\n<tr style=\"height: 64px\">\n<td style=\"width: 26.6627%;text-align: center;height: 64px;vertical-align: middle\">\n<h5>Nombre de la Materia<\/h5>\n<\/td>\n<td style=\"width: 14.6674%;text-align: center;height: 64px;vertical-align: middle\">\n<h5>EAN<\/h5>\n<\/td>\n<td style=\"width: 16.3303%;text-align: center;height: 64px;vertical-align: middle\">\n<h5>Editorial<\/h5>\n<\/td>\n<td style=\"width: 42.3396%;text-align: center;height: 64px;vertical-align: middle\">\n<h5>T\u00edtulo del libro<\/h5>\n<\/td>\n<\/tr>\n<tr style=\"height: 24px\">\n<td style=\"width: 26.6627%;height: 24px;vertical-align: middle\">Conoc. Medio Nat. Soc. y Cult.<\/td>\n<td style=\"width: 14.6674%;height: 24px;text-align: center;vertical-align: middle\">9788413924700<\/td>\n<td style=\"width: 16.3303%;height: 24px;text-align: center;vertical-align: middle\">Ed. SM, S.A.<\/td>\n<td style=\"width: 42.3396%;height: 24px;vertical-align: middle\">Conocimiento del Medio Natural, Social y Cultural. 1 Primaria. Revuela. Andaluc\u00eda<\/td>\n<\/tr>\n<tr style=\"height: 24px\">\n<td style=\"width: 26.6627%;height: 24px;vertical-align: middle\">Educaci\u00f3n Art\u00edstica<\/td>\n<td style=\"width: 14.6674%;height: 24px;text-align: center;vertical-align: middle\">9788413925578<\/td>\n<td style=\"width: 16.3303%;height: 24px;text-align: center;vertical-align: middle\">Ed. SM, S.A.<\/td>\n<td style=\"width: 42.3396%;height: 24px;vertical-align: middle\">Educaci\u00f3n Pl\u00e1stica y Visual. 1 Primaria. Revuela. Andaluc\u00eda<\/td>\n<\/tr>\n<tr style=\"height: 24px\">\n<td style=\"width: 26.6627%;height: 24px;vertical-align: middle\">Educaci\u00f3n Art\u00edstica<\/td>\n<td style=\"width: 14.6674%;height: 24px;text-align: center;vertical-align: middle\">9788413925431<\/td>\n<td style=\"width: 16.3303%;height: 24px;text-align: center;vertical-align: middle\">Ed. SM, S.A.<\/td>\n<td style=\"width: 42.3396%;height: 24px;vertical-align: middle\">M\u00fasica y Danza. 1 Primaria. Revuela. Andaluc\u00eda<\/td>\n<\/tr>\n<tr style=\"height: 24px\">\n<td style=\"width: 26.6627%;height: 24px;vertical-align: middle\">Ingl\u00e9s<\/td>\n<td style=\"width: 14.6674%;height: 24px;text-align: center;vertical-align: middle\">9788419364753<\/td>\n<td style=\"width: 16.3303%;height: 24px;text-align: center;vertical-align: middle\">Milton Education (Kuaderno Solutions,S.L.)<\/td>\n<td style=\"width: 42.3396%;height: 24px;vertical-align: middle\">Time Travellers 1 Blue Student&#8217;s Book English 1 Primaria (AND)<\/td>\n<\/tr>\n<tr style=\"height: 24px\">\n<td style=\"width: 26.6627%;height: 24px;vertical-align: middle\">Lengua Castellana y Literatura<\/td>\n<td style=\"width: 14.6674%;height: 24px;text-align: center;vertical-align: middle\">9788411826631<\/td>\n<td style=\"width: 16.3303%;height: 24px;text-align: center;vertical-align: middle\">Ed. SM, S.A.<\/td>\n<td style=\"width: 42.3396%;height: 24px;vertical-align: middle\">Lengua Castellana y Literatura. 1 Primaria. Trimestres. Revuela. Andaluc\u00eda<\/td>\n<\/tr>\n<tr style=\"height: 24px\">\n<td style=\"width: 26.6627%;height: 24px;vertical-align: middle\">Matem\u00e1ticas<\/td>\n<td style=\"width: 14.6674%;height: 24px;text-align: center;vertical-align: middle\">9788411826662<\/td>\n<td style=\"width: 16.3303%;height: 24px;text-align: center;vertical-align: middle\">Ed. SM, S.A.<\/td>\n<td style=\"width: 42.3396%;height: 24px;vertical-align: middle\">Matem\u00e1ticas. 1 Primaria. Trimestres Revuela. Andaluc\u00eda<\/td>\n<\/tr>\n<tr style=\"height: 24px\">\n<td style=\"width: 26.6627%;height: 24px;vertical-align: middle\">Religi\u00f3n Cat\u00f3lica<\/td>\n<td style=\"width: 14.6674%;height: 24px;text-align: center;vertical-align: middle\">9788413926872<\/td>\n<td style=\"width: 16.3303%;height: 24px;text-align: center;vertical-align: middle\">Ed. SM, S.A.<\/td>\n<td style=\"width: 42.3396%;height: 24px;vertical-align: middle\">Religi\u00f3n cat\u00f3lica. 1 primaria. Ed\u00e9n. Revuela 22. Andaluc\u00eda<\/td>\n<\/tr>\n<\/tbody>\n<\/table>\n<h4>\n2\u00ba de Educ. Prima.<\/h4>\n<table style=\"border-collapse: collapse;width: 100%\">\n<tbody>\n<tr>\n<td style=\"width: 26.7815%;text-align: center;vertical-align: middle\">\n<h5>Nombre de la Materia<\/h5>\n<\/td>\n<td style=\"width: 14.7862%;text-align: center;vertical-align: middle\">\n<h5>EAN<\/h5>\n<\/td>\n<td style=\"width: 16.2114%;text-align: center;vertical-align: middle\">\n<h5>Editorial<\/h5>\n<\/td>\n<td style=\"width: 42.2209%;text-align: center;vertical-align: middle\">\n<h5>T\u00edtulo del libro<\/h5>\n<\/td>\n<\/tr>\n<tr>\n<td style=\"width: 26.7815%;vertical-align: middle\">Conoc. Medio Nat. Soc. y Cult.<\/td>\n<td style=\"width: 14.7862%;text-align: center;vertical-align: middle\">9788498561098<\/td>\n<td style=\"width: 16.2114%;text-align: center;vertical-align: middle\">Ed. SM, S.A.<\/td>\n<td style=\"width: 42.2209%;vertical-align: middle\">Conocimiento del Medio Natural, Social y Cultural. 2 Primaria. Revuela. Andaluc\u00eda<\/td>\n<\/tr>\n<tr>\n<td style=\"width: 26.7815%;vertical-align: middle\">Educaci\u00f3n Art\u00edstica<\/td>\n<td style=\"width: 14.7862%;text-align: center;vertical-align: middle\">9788498562415<\/td>\n<td style=\"width: 16.2114%;text-align: center;vertical-align: middle\">Ed. SM, S.A.<\/td>\n<td style=\"width: 42.2209%;vertical-align: middle\">Educaci\u00f3n Pl\u00e1stica y Visual. 2 Primaria. Revuela. Andaluc\u00eda<\/td>\n<\/tr>\n<tr>\n<td style=\"width: 26.7815%;vertical-align: middle\">Educaci\u00f3n Art\u00edstica<\/td>\n<td style=\"width: 14.7862%;text-align: center;vertical-align: middle\">9788498562361<\/td>\n<td style=\"width: 16.2114%;text-align: center;vertical-align: middle\">Ed. SM, S.A.<\/td>\n<td style=\"width: 42.2209%;vertical-align: middle\">M\u00fasica y Danza. 2 Primaria. Revuela. Andaluc\u00eda<\/td>\n<\/tr>\n<tr>\n<td style=\"width: 26.7815%;vertical-align: middle\">Ingl\u00e9s<\/td>\n<td style=\"width: 14.7862%;text-align: center;vertical-align: middle\">9788419364784<\/td>\n<td style=\"width: 16.2114%;text-align: center;vertical-align: middle\">Milton Education (Kuaderno Solutions,S.L.)<\/td>\n<td style=\"width: 42.2209%;vertical-align: middle\">Time Travellers 2 Blue Student&#8217;s Book English 2 Primaria(AND)<\/td>\n<\/tr>\n<tr>\n<td style=\"width: 26.7815%;vertical-align: middle\">Lengua Castellana y Literatura<\/td>\n<td style=\"width: 14.7862%;text-align: center;vertical-align: middle\">9788411826693<\/td>\n<td style=\"width: 16.2114%;text-align: center;vertical-align: middle\">Ed. SM, S.A.<\/td>\n<td style=\"width: 42.2209%;vertical-align: middle\">Lengua Castellana y Literatura. 2 Primaria. Trimestres. Revuela. Andaluc\u00eda<\/td>\n<\/tr>\n<tr>\n<td style=\"width: 26.7815%;vertical-align: middle\">Matem\u00e1ticas<\/td>\n<td style=\"width: 14.7862%;text-align: center;vertical-align: middle\">9788411826723<\/td>\n<td style=\"width: 16.2114%;text-align: center;vertical-align: middle\">Ed. SM, S.A.<\/td>\n<td style=\"width: 42.2209%;vertical-align: middle\">Matem\u00e1ticas. 2 Primaria. Trimestres Revuela. Andaluc\u00eda<\/td>\n<\/tr>\n<tr>\n<td style=\"width: 26.7815%;vertical-align: middle\">Religi\u00f3n Cat\u00f3lica<\/td>\n<td style=\"width: 14.7862%;text-align: center;vertical-align: middle\">9788498565072<\/td>\n<td style=\"width: 16.2114%;text-align: center;vertical-align: middle\">Ed. SM, S.A.<\/td>\n<td style=\"width: 42.2209%;vertical-align: middle\">Religi\u00f3n cat\u00f3lica. 2 primaria. Ed\u00e9n. Revuela 22. Andaluc\u00eda<\/td>\n<\/tr>\n<\/tbody>\n<\/table>\n<p>&nbsp;<\/p>\n","protected":false},"excerpt":{"rendered":"<p>PROGRAMA DE GRATUIDAD DE LIBROS DE TEXTO RELACI\u00d3N DE LIBROS USADOS EN CADA MATERIA CURSO 2024\/2025 1\u00ba de Educ. Prima. Nombre de la Materia EAN Editorial T\u00edtulo del libro Conoc. Medio Nat. Soc. y Cult. 9788413924700 Ed. SM, S.A. Conocimiento del Medio Natural, Social y Cultural. 1 Primaria. Revuela. Andaluc\u00eda Educaci\u00f3n Art\u00edstica 9788413925578 Ed. SM, &hellip; <\/p>\n<p><a class=\"more-link btn\" href=\"https:\/\/blogsaverroes.juntadeandalucia.es\/ceipvicentealeixandre\/oferta-educativa\/ed-primaria-1o-ciclo\/\">Seguir leyendo<\/a><\/p>\n","protected":false},"author":1,"featured_media":0,"parent":3069,"menu_order":0,"comment_status":"closed","ping_status":"closed","template":"","meta":{"ngg_post_thumbnail":0,"footnotes":"","_mc_calendar":[]},"aioseo_notices":[],"_links":{"self":[{"href":"https:\/\/blogsaverroes.juntadeandalucia.es\/ceipvicentealeixandre\/wp-json\/wp\/v2\/pages\/428"}],"collection":[{"href":"https:\/\/blogsaverroes.juntadeandalucia.es\/ceipvicentealeixandre\/wp-json\/wp\/v2\/pages"}],"about":[{"href":"https:\/\/blogsaverroes.juntadeandalucia.es\/ceipvicentealeixandre\/wp-json\/wp\/v2\/types\/page"}],"author":[{"embeddable":true,"href":"https:\/\/blogsaverroes.juntadeandalucia.es\/ceipvicentealeixandre\/wp-json\/wp\/v2\/users\/1"}],"replies":[{"embeddable":true,"href":"https:\/\/blogsaverroes.juntadeandalucia.es\/ceipvicentealeixandre\/wp-json\/wp\/v2\/comments?post=428"}],"version-history":[{"count":11,"href":"https:\/\/blogsaverroes.juntadeandalucia.es\/ceipvicentealeixandre\/wp-json\/wp\/v2\/pages\/428\/revisions"}],"predecessor-version":[{"id":4198,"href":"https:\/\/blogsaverroes.juntadeandalucia.es\/ceipvicentealeixandre\/wp-json\/wp\/v2\/pages\/428\/revisions\/4198"}],"up":[{"embeddable":true,"href":"https:\/\/blogsaverroes.juntadeandalucia.es\/ceipvicentealeixandre\/wp-json\/wp\/v2\/pages\/3069"}],"wp:attachment":[{"href":"https:\/\/blogsaverroes.juntadeandalucia.es\/ceipvicentealeixandre\/wp-json\/wp\/v2\/media?parent=428"}],"curies":[{"name":"wp","href":"https:\/\/api.w.org\/{rel}","templated":true}]}}