{"id":438,"date":"2015-03-20T07:09:31","date_gmt":"2015-03-20T07:09:31","guid":{"rendered":"http:\/\/blogsaverroes.juntadeandalucia.es\/pre\/ceip\/?page_id=438"},"modified":"2020-10-05T20:56:32","modified_gmt":"2020-10-05T20:56:32","slug":"materiales-recursos","status":"publish","type":"page","link":"https:\/\/blogsaverroes.juntadeandalucia.es\/ceipvirgendeguadalupe\/?page_id=438","title":{"rendered":"E.P. 3\u00ba ciclo. Materiales, recursos&#8230;"},"content":{"rendered":"<h4>Aprende a dividir t\u00fa solo<\/h4>\n<p style=\"text-align: center\"><a href=\"http:\/\/www.eltanquematematico.es\/ladivision\/ladivision_p.html\"><img decoding=\"async\" class=\"alignnone size-medium wp-image-2530\" src=\"https:\/\/blogsaverroes.juntadeandalucia.es\/ceipvirgendeguadalupe\/files\/2020\/10\/division-300x145.jpg\" alt=\"\" width=\"300\" height=\"145\" srcset=\"https:\/\/blogsaverroes.juntadeandalucia.es\/ceipvirgendeguadalupe\/files\/2020\/10\/division-300x145.jpg 300w, https:\/\/blogsaverroes.juntadeandalucia.es\/ceipvirgendeguadalupe\/files\/2020\/10\/division-24x12.jpg 24w, https:\/\/blogsaverroes.juntadeandalucia.es\/ceipvirgendeguadalupe\/files\/2020\/10\/division-36x17.jpg 36w, https:\/\/blogsaverroes.juntadeandalucia.es\/ceipvirgendeguadalupe\/files\/2020\/10\/division-48x23.jpg 48w, https:\/\/blogsaverroes.juntadeandalucia.es\/ceipvirgendeguadalupe\/files\/2020\/10\/division.jpg 323w\" sizes=\"(max-width: 300px) 100vw, 300px\" \/><\/a><\/p>\n<h4><strong>Usa el coco<\/strong><\/h4>\n<p><strong>&nbsp;<\/strong>Web con actividades de razonamiento matem\u00e1tico, problemas, n\u00fameros, c\u00e1lculo, etc.<\/p>\n<p style=\"text-align: center\"><a href=\"http:\/\/www.usaelcoco.com\/\"><img decoding=\"async\" class=\"alignnone size-medium wp-image-2503\" src=\"https:\/\/blogsaverroes.juntadeandalucia.es\/ceipvirgendeguadalupe\/files\/2020\/09\/11-300x163.jpg\" alt=\"\" width=\"300\" height=\"163\" srcset=\"https:\/\/blogsaverroes.juntadeandalucia.es\/ceipvirgendeguadalupe\/files\/2020\/09\/11-300x163.jpg 300w, https:\/\/blogsaverroes.juntadeandalucia.es\/ceipvirgendeguadalupe\/files\/2020\/09\/11-24x13.jpg 24w, https:\/\/blogsaverroes.juntadeandalucia.es\/ceipvirgendeguadalupe\/files\/2020\/09\/11-36x20.jpg 36w, https:\/\/blogsaverroes.juntadeandalucia.es\/ceipvirgendeguadalupe\/files\/2020\/09\/11-48x26.jpg 48w, https:\/\/blogsaverroes.juntadeandalucia.es\/ceipvirgendeguadalupe\/files\/2020\/09\/11.jpg 450w\" sizes=\"(max-width: 300px) 100vw, 300px\" \/><\/a><\/p>\n<p>&nbsp;<\/p>\n<p><strong>Entrenamiento de la velocidad lectora<\/strong><\/p>\n<p style=\"text-align: center\"><a href=\"http:\/\/www.disanedu.com\/aplicaciones\/entrenamiento-de-la-velocidad-lectora\/acciones\/mapa.html\"><img fetchpriority=\"high\" decoding=\"async\" class=\"alignnone size-medium wp-image-2504\" src=\"https:\/\/blogsaverroes.juntadeandalucia.es\/ceipvirgendeguadalupe\/files\/2020\/09\/Sin-t\u00edtulo-300x206.jpg\" alt=\"\" width=\"300\" height=\"206\" srcset=\"https:\/\/blogsaverroes.juntadeandalucia.es\/ceipvirgendeguadalupe\/files\/2020\/09\/Sin-t\u00edtulo-300x206.jpg 300w, https:\/\/blogsaverroes.juntadeandalucia.es\/ceipvirgendeguadalupe\/files\/2020\/09\/Sin-t\u00edtulo-24x17.jpg 24w, https:\/\/blogsaverroes.juntadeandalucia.es\/ceipvirgendeguadalupe\/files\/2020\/09\/Sin-t\u00edtulo-36x25.jpg 36w, https:\/\/blogsaverroes.juntadeandalucia.es\/ceipvirgendeguadalupe\/files\/2020\/09\/Sin-t\u00edtulo-48x33.jpg 48w, https:\/\/blogsaverroes.juntadeandalucia.es\/ceipvirgendeguadalupe\/files\/2020\/09\/Sin-t\u00edtulo.jpg 736w\" sizes=\"(max-width: 300px) 100vw, 300px\" \/><\/a><\/p>\n<h4><strong>&nbsp;C.E.I.P. Loreto<\/strong><\/h4>\n<h4>Comparte en su p\u00e1gina m\u00e1s de 10.000 enlaces a p\u00e1ginas webs muy interesantes en las que pod\u00e9is encontrar libros y actividades interactivas.<\/h4>\n<p style=\"text-align: center\"><a href=\"http:\/\/www.ceiploreto.es\/\"><img loading=\"lazy\" decoding=\"async\" class=\"alignnone size-full wp-image-2505\" src=\"https:\/\/blogsaverroes.juntadeandalucia.es\/ceipvirgendeguadalupe\/files\/2020\/09\/Recursos_Loreto_Primaria.png\" alt=\"\" width=\"280\" height=\"236\" srcset=\"https:\/\/blogsaverroes.juntadeandalucia.es\/ceipvirgendeguadalupe\/files\/2020\/09\/Recursos_Loreto_Primaria.png 280w, https:\/\/blogsaverroes.juntadeandalucia.es\/ceipvirgendeguadalupe\/files\/2020\/09\/Recursos_Loreto_Primaria-24x20.png 24w, https:\/\/blogsaverroes.juntadeandalucia.es\/ceipvirgendeguadalupe\/files\/2020\/09\/Recursos_Loreto_Primaria-36x30.png 36w, https:\/\/blogsaverroes.juntadeandalucia.es\/ceipvirgendeguadalupe\/files\/2020\/09\/Recursos_Loreto_Primaria-48x40.png 48w\" sizes=\"(max-width: 280px) 100vw, 280px\" \/><\/a><\/p>\n<h4>&nbsp;<\/h4>\n<h4>&nbsp;<\/h4>\n<h4><strong>Jueduland<\/strong><\/h4>\n<h4>Con m\u00e1s de 1000 webs para aprender.<\/h4>\n<p style=\"text-align: center\"><a href=\"http:\/\/roble.pntic.mec.es\/arum0010\/\"><img loading=\"lazy\" decoding=\"async\" class=\"alignnone size-full wp-image-2506\" src=\"https:\/\/blogsaverroes.juntadeandalucia.es\/ceipvirgendeguadalupe\/files\/2020\/09\/jueduland.jpg\" alt=\"\" width=\"215\" height=\"160\" srcset=\"https:\/\/blogsaverroes.juntadeandalucia.es\/ceipvirgendeguadalupe\/files\/2020\/09\/jueduland.jpg 215w, https:\/\/blogsaverroes.juntadeandalucia.es\/ceipvirgendeguadalupe\/files\/2020\/09\/jueduland-24x18.jpg 24w, https:\/\/blogsaverroes.juntadeandalucia.es\/ceipvirgendeguadalupe\/files\/2020\/09\/jueduland-36x27.jpg 36w, https:\/\/blogsaverroes.juntadeandalucia.es\/ceipvirgendeguadalupe\/files\/2020\/09\/jueduland-48x36.jpg 48w\" sizes=\"(max-width: 215px) 100vw, 215px\" \/><\/a><\/p>\n<h4>&nbsp;<\/h4>\n<h4>Llevarme bien conmigo mismo. Competencia emocional<\/h4>\n<p><a title=\"Conocerse\" href=\"http:\/\/agrega.juntadeandalucia.es\/visualizar\/es\/es-an_2010040613_9102918\/false\" target=\"_blank\" rel=\"noopener noreferrer\"><img loading=\"lazy\" decoding=\"async\" class=\"alignnone size-medium wp-image-1602 aligncenter\" src=\"https:\/\/blogsaverroes.juntadeandalucia.es\/ceipvirgendeguadalupe\/files\/2015\/03\/conocerse-300x225.jpg\" alt=\"conocerse\" width=\"300\" height=\"225\" srcset=\"https:\/\/blogsaverroes.juntadeandalucia.es\/ceipvirgendeguadalupe\/files\/2015\/03\/conocerse-300x225.jpg 300w, https:\/\/blogsaverroes.juntadeandalucia.es\/ceipvirgendeguadalupe\/files\/2015\/03\/conocerse.jpg 800w\" sizes=\"(max-width: 300px) 100vw, 300px\" \/><\/a><\/p>\n<p>Se pretende que el alumnado reconozca la importancia del autoconocimiento y el control de las emociones y los impulsos como elemento para su sentirse bien consigo mismo (autoestima)<\/p>\n","protected":false},"excerpt":{"rendered":"<p>Aprende a dividir t\u00fa solo Usa el coco &nbsp;Web con actividades de razonamiento matem\u00e1tico, problemas, n\u00fameros, c\u00e1lculo, etc. &nbsp; Entrenamiento de la velocidad lectora &nbsp;C.E.I.P. Loreto Comparte en su p\u00e1gina m\u00e1s de 10.000 enlaces a p\u00e1ginas webs muy interesantes en&#46;&#46;&#46;<\/p>\n","protected":false},"author":1,"featured_media":0,"parent":436,"menu_order":0,"comment_status":"closed","ping_status":"open","template":"page-sc.php","meta":{"ngg_post_thumbnail":0,"footnotes":"","_mc_calendar":[]},"aioseo_notices":[],"post_mailing_queue_ids":[],"_links":{"self":[{"href":"https:\/\/blogsaverroes.juntadeandalucia.es\/ceipvirgendeguadalupe\/index.php?rest_route=\/wp\/v2\/pages\/438"}],"collection":[{"href":"https:\/\/blogsaverroes.juntadeandalucia.es\/ceipvirgendeguadalupe\/index.php?rest_route=\/wp\/v2\/pages"}],"about":[{"href":"https:\/\/blogsaverroes.juntadeandalucia.es\/ceipvirgendeguadalupe\/index.php?rest_route=\/wp\/v2\/types\/page"}],"author":[{"embeddable":true,"href":"https:\/\/blogsaverroes.juntadeandalucia.es\/ceipvirgendeguadalupe\/index.php?rest_route=\/wp\/v2\/users\/1"}],"replies":[{"embeddable":true,"href":"https:\/\/blogsaverroes.juntadeandalucia.es\/ceipvirgendeguadalupe\/index.php?rest_route=%2Fwp%2Fv2%2Fcomments&post=438"}],"version-history":[{"count":9,"href":"https:\/\/blogsaverroes.juntadeandalucia.es\/ceipvirgendeguadalupe\/index.php?rest_route=\/wp\/v2\/pages\/438\/revisions"}],"predecessor-version":[{"id":2531,"href":"https:\/\/blogsaverroes.juntadeandalucia.es\/ceipvirgendeguadalupe\/index.php?rest_route=\/wp\/v2\/pages\/438\/revisions\/2531"}],"up":[{"embeddable":true,"href":"https:\/\/blogsaverroes.juntadeandalucia.es\/ceipvirgendeguadalupe\/index.php?rest_route=\/wp\/v2\/pages\/436"}],"wp:attachment":[{"href":"https:\/\/blogsaverroes.juntadeandalucia.es\/ceipvirgendeguadalupe\/index.php?rest_route=%2Fwp%2Fv2%2Fmedia&parent=438"}],"curies":[{"name":"wp","href":"https:\/\/api.w.org\/{rel}","templated":true}]}}