{"id":35,"date":"2015-03-13T08:21:43","date_gmt":"2015-03-13T08:21:43","guid":{"rendered":"http:\/\/blogsaverroes.juntadeandalucia.es\/pre\/ceip\/?page_id=35"},"modified":"2018-04-09T10:17:16","modified_gmt":"2018-04-09T10:17:16","slug":"el-centro-2","status":"publish","type":"page","link":"https:\/\/blogsaverroes.juntadeandalucia.es\/ceipvirgendelaaurora\/el-centro-2\/","title":{"rendered":"Datos del centro"},"content":{"rendered":"<p>&nbsp;<\/p>\n<h4><a href=\"http:\/\/www.google.es\/maps\/@36.7961173,-5.1432715,16z\">LOCALIZACI\u00d3N<\/a><\/h4>\n<h4>Datos de contacto<\/h4>\n<p>Colegio de Educaci\u00f3n Infantil y Primaria \u00abVIRGEN de la AURORA\u00bb<\/p>\n<p><strong>Direcci\u00f3n:<\/strong>&nbsp;&nbsp;Avenida de Andaluc\u00eda, 3 ARRIATE 29350 (M\u00e1laga)<\/p>\n<p><strong>Tel\u00e9fono \/ FAX:<\/strong><\/p>\n<p>&nbsp; &nbsp; &nbsp; &nbsp; &nbsp; &nbsp; &nbsp; &nbsp; &nbsp; &nbsp; &nbsp; &nbsp; &nbsp; &nbsp; &nbsp; &nbsp; &nbsp; &nbsp; &nbsp; &nbsp; &nbsp;<strong>Corporativo&nbsp; &nbsp; &nbsp; &nbsp; &nbsp; &nbsp; &nbsp; &nbsp; &nbsp; &nbsp;No Corporativo<\/strong><\/p>\n<p>&nbsp; &nbsp; &nbsp; &nbsp; &nbsp; &nbsp; &nbsp; &nbsp; &nbsp; &nbsp; &nbsp; &nbsp; &nbsp; &nbsp; &nbsp; &nbsp; &nbsp; &nbsp; &nbsp; &nbsp; &nbsp; &nbsp; 994535&nbsp; &nbsp; &nbsp; &nbsp; &nbsp; &nbsp; &nbsp; &nbsp; &nbsp; &nbsp; &nbsp; &nbsp; &nbsp; &nbsp; &nbsp; &nbsp; &nbsp; &nbsp; 952169535<\/p>\n<p>&nbsp; &nbsp; &nbsp; &nbsp; &nbsp; &nbsp; &nbsp; &nbsp; Direcci\u00f3n&nbsp; &nbsp; &nbsp; &nbsp; &nbsp; 994534&nbsp; &nbsp; &nbsp; &nbsp; &nbsp; &nbsp; &nbsp; &nbsp; &nbsp; &nbsp; &nbsp; &nbsp; &nbsp; &nbsp; &nbsp; &nbsp; &nbsp; &nbsp; 952199534<\/p>\n<p>&nbsp; &nbsp; &nbsp; &nbsp; &nbsp; &nbsp; &nbsp; &nbsp; Secretar\u00eda&nbsp; &nbsp; &nbsp; &nbsp; &nbsp; 648930&nbsp; &nbsp; &nbsp; &nbsp; &nbsp; &nbsp; &nbsp; &nbsp; &nbsp; &nbsp; &nbsp; &nbsp; &nbsp; &nbsp; &nbsp; &nbsp; &nbsp; &nbsp;600148930<\/p>\n<p><strong>Centro de Educaci\u00f3n Infantil<\/strong>: 634935&nbsp; &#8211;&nbsp; 671534935<\/p>\n<p><strong>Email:<\/strong>&nbsp;29001546.edu@juntadeandalucia.es<\/p>\n<h4><strong>Horarios<\/strong><\/h4>\n<p>De lunes a viernes (ma\u00f1ana): 09:00 horas a 14:00 horas<\/p>\n<p>Lunes (tarde): de 16:00 horas a 19:00 horas<\/p>\n<p>El centro cuenta con una serie de servicios tales como:&nbsp;<\/p>\n<ul>\n<li>Aula Matinal: de 07:30 a 09:00 horas<\/li>\n<li>Comedor Escolar: de 14:00 a 16:00 horas<\/li>\n<li>Actividades extraescolares: de 16:00 a 18:00 horas&nbsp;<\/li>\n<\/ul>\n<h4>Instalaciones<\/h4>\n<p>Nuestro Centro est\u00e1 formado por dos edificios independientes: uno para Educaci\u00f3n Infantil y otro para Educaci\u00f3n Primaria.<br \/>\nEl Edificio de Educaci\u00f3n Infantil est\u00e1 situado en la calle Vicente Aleixandre, a unos 200 metros aproximadamente del Edificio de Educaci\u00f3n Primaria.&nbsp; En \u00e9l se imparte el 2\u00ba ciclo de Educaci\u00f3n Infantil.<br \/>\nEst\u00e1 construido sobre una gran superficie&nbsp;contemplando una zona verde y un patio de recreo bastante amplio,&nbsp;donde se ubica un parque recreativo .<br \/>\nEl centro de Educaci\u00f3n Infantil se compone de un edificio de dos plantas:<br \/>\nEn la planta superior se encuentran ubicadas las siguientes dependencias: 4 cuartos de ba\u00f1o para el alumnado; 2 servicios para el profesorado; 4 aulas y 2 fregaderos para la limpieza.<br \/>\nEn la planta inferior, la distribuci\u00f3n de las dependencias es la siguiente: 4 cuartos de ba\u00f1o para el alumnado; 1 servicio para el profesorado; 2 aulas; 1 fregadero para la limpieza; 1 sala peque\u00f1a para material; 1 sala multiusos (Biblioteca, aula TIC, v\u00eddeo, &#8230;); 1 sala de psicomotricidad; 1 sala de profesores\/as; 1 aseo para minusv\u00e1lidos; 1 aula de integraci\u00f3n; 2 peque\u00f1os almacenes en los bajos de las escaleras; 1 comedor y 1 zona de utilizaci\u00f3n para el aula matinal.<br \/>\nEl Edificio de Educaci\u00f3n Primaria est\u00e1 situado a la entrada de la localidad, concretamente en la Avenida de Andaluc\u00eda n\u00famero 3, junto a la carretera de Arriate-Ronda.&nbsp;<br \/>\nEl Centro cuenta, en su parte trasera, con unas gradas que se utilizan para la realizaci\u00f3n de diversas actividades y que enlazan con un polideportivo municipal que es utilizado por el alumnado en horas de Educaci\u00f3n F\u00edsica y\/o recreo, quedando abierto al p\u00fablico en horario no lectivo.&nbsp;<br \/>\nEl Centro se compone de dos plantas: En la planta superior se ubican las siguientes dependencias: 8 aulas; 1 sala de profesores\/as y 2 servicios para el alumnado.<br \/>\n&nbsp;En la planta inferior la distribuci\u00f3n de las dependencias es la siguiente: 4 aulas; 1 sala de usos m\u00faltiples; 1 aula de audici\u00f3n y lenguaje; 1 aula de pedagog\u00eda terap\u00e9utica; 1 sala para el AMPA; 1 sala de limpieza; 1 aseo para minusv\u00e1lidos; 1 archivo-almac\u00e9n; 2 aseos para el profesorado; 2 aseos para el alumnado; 1 despacho de direcci\u00f3n; 1 despacho de jefatura de estudios; 1 despacho de secretar\u00eda; 1 biblioteca escolar y 2 peque\u00f1os almacenes bajo las escaleras.<\/p>\n<h4>&nbsp;<\/h4>\n","protected":false},"excerpt":{"rendered":"<p>&nbsp; LOCALIZACI\u00d3N Datos de contacto Colegio de Educaci\u00f3n Infantil y Primaria \u00abVIRGEN de la AURORA\u00bb Direcci\u00f3n:&nbsp;&nbsp;Avenida de Andaluc\u00eda, 3 ARRIATE 29350 (M\u00e1laga) Tel\u00e9fono \/ FAX:&hellip;<\/p>\n","protected":false},"author":1,"featured_media":0,"parent":0,"menu_order":0,"comment_status":"open","ping_status":"open","template":"","meta":{"ngg_post_thumbnail":0,"footnotes":"","_mc_calendar":[]},"aioseo_notices":[],"_links":{"self":[{"href":"https:\/\/blogsaverroes.juntadeandalucia.es\/ceipvirgendelaaurora\/wp-json\/wp\/v2\/pages\/35"}],"collection":[{"href":"https:\/\/blogsaverroes.juntadeandalucia.es\/ceipvirgendelaaurora\/wp-json\/wp\/v2\/pages"}],"about":[{"href":"https:\/\/blogsaverroes.juntadeandalucia.es\/ceipvirgendelaaurora\/wp-json\/wp\/v2\/types\/page"}],"author":[{"embeddable":true,"href":"https:\/\/blogsaverroes.juntadeandalucia.es\/ceipvirgendelaaurora\/wp-json\/wp\/v2\/users\/1"}],"replies":[{"embeddable":true,"href":"https:\/\/blogsaverroes.juntadeandalucia.es\/ceipvirgendelaaurora\/wp-json\/wp\/v2\/comments?post=35"}],"version-history":[{"count":22,"href":"https:\/\/blogsaverroes.juntadeandalucia.es\/ceipvirgendelaaurora\/wp-json\/wp\/v2\/pages\/35\/revisions"}],"predecessor-version":[{"id":2153,"href":"https:\/\/blogsaverroes.juntadeandalucia.es\/ceipvirgendelaaurora\/wp-json\/wp\/v2\/pages\/35\/revisions\/2153"}],"wp:attachment":[{"href":"https:\/\/blogsaverroes.juntadeandalucia.es\/ceipvirgendelaaurora\/wp-json\/wp\/v2\/media?parent=35"}],"curies":[{"name":"wp","href":"https:\/\/api.w.org\/{rel}","templated":true}]}}