{"id":870,"date":"2015-03-16T07:24:27","date_gmt":"2015-03-16T07:24:27","guid":{"rendered":"http:\/\/blogsaverroes.juntadeandalucia.es\/pre\/ceip\/?page_id=103"},"modified":"2017-10-16T11:02:19","modified_gmt":"2017-10-16T11:02:19","slug":"aula-matinal","status":"publish","type":"page","link":"https:\/\/blogsaverroes.juntadeandalucia.es\/ceipvirgendelaaurora\/aula-matinal\/","title":{"rendered":"Aula Matinal"},"content":{"rendered":"<p><img loading=\"lazy\" decoding=\"async\" class=\" size-medium wp-image-226 alignleft\" src=\"http:\/\/blogsaverroes.juntadeandalucia.es\/pre\/ceip\/files\/2015\/03\/aula_matinal-300x186.jpg\" alt=\"aula_matinal\" width=\"300\" height=\"186\"><\/p>\n<p>El <strong>Aula Matinal<\/strong> abre a las 7.30 horas de lunes a viernes, ofreciendo actividades diversas al alumnado que as\u00ed lo requiere.<\/p>\n<h4>Cuenta con dos monitores especializados:<\/h4>\n<h4>&#8211; <strong>V\u00edctor \u00c1lvarez M\u00e1rquez (Diplomado)<\/strong><\/h4>\n<h4><strong>&#8211; Lola Ramos P\u00e9rez (T\u00e9cnico Superior de E.I.)<\/strong><\/h4>\n<p>&nbsp;<\/p>\n<p>&nbsp;<\/p>\n<p>&nbsp;<\/p>\n","protected":false},"excerpt":{"rendered":"<p>El Aula Matinal abre a las 7.30 horas de lunes a viernes, ofreciendo actividades diversas al alumnado que as\u00ed lo requiere. Cuenta con dos monitores&hellip;<\/p>\n","protected":false},"author":1,"featured_media":0,"parent":0,"menu_order":0,"comment_status":"open","ping_status":"open","template":"page-templates\/child-menu.php","meta":{"ngg_post_thumbnail":0,"footnotes":"","_mc_calendar":[]},"aioseo_notices":[],"_links":{"self":[{"href":"https:\/\/blogsaverroes.juntadeandalucia.es\/ceipvirgendelaaurora\/wp-json\/wp\/v2\/pages\/870"}],"collection":[{"href":"https:\/\/blogsaverroes.juntadeandalucia.es\/ceipvirgendelaaurora\/wp-json\/wp\/v2\/pages"}],"about":[{"href":"https:\/\/blogsaverroes.juntadeandalucia.es\/ceipvirgendelaaurora\/wp-json\/wp\/v2\/types\/page"}],"author":[{"embeddable":true,"href":"https:\/\/blogsaverroes.juntadeandalucia.es\/ceipvirgendelaaurora\/wp-json\/wp\/v2\/users\/1"}],"replies":[{"embeddable":true,"href":"https:\/\/blogsaverroes.juntadeandalucia.es\/ceipvirgendelaaurora\/wp-json\/wp\/v2\/comments?post=870"}],"version-history":[{"count":4,"href":"https:\/\/blogsaverroes.juntadeandalucia.es\/ceipvirgendelaaurora\/wp-json\/wp\/v2\/pages\/870\/revisions"}],"predecessor-version":[{"id":2110,"href":"https:\/\/blogsaverroes.juntadeandalucia.es\/ceipvirgendelaaurora\/wp-json\/wp\/v2\/pages\/870\/revisions\/2110"}],"wp:attachment":[{"href":"https:\/\/blogsaverroes.juntadeandalucia.es\/ceipvirgendelaaurora\/wp-json\/wp\/v2\/media?parent=870"}],"curies":[{"name":"wp","href":"https:\/\/api.w.org\/{rel}","templated":true}]}}

<p><img loading="lazy" decoding="async" class=" size-medium wp-image-226 alignleft" src="http://blogsaverroes.juntadeandalucia.es/pre/ceip/files/2015/03/aula_matinal-300x186.jpg" alt="aula_matinal" width="300" height="186"></p>
<p>El <strong>Aula Matinal</strong> abre a las 7.30 horas de lunes a viernes, ofreciendo actividades diversas al alumnado que así lo requiere.</p>
<h4>Cuenta con dos monitores especializados:</h4>
<h4>&#8211; <strong>Víctor Álvarez Márquez (Diplomado)</strong></h4>
<h4><strong>&#8211; Lola Ramos Pérez (Técnico Superior de E.I.)</strong></h4>
<p>&nbsp;</p>
<p>&nbsp;</p>
<p>&nbsp;</p>

<p>El Aula Matinal abre a las 7.30 horas de lunes a viernes, ofreciendo actividades diversas al alumnado que así lo requiere. Cuenta con dos monitores&hellip;</p>
