{"id":144,"date":"2015-03-17T07:46:28","date_gmt":"2015-03-17T07:46:28","guid":{"rendered":"http:\/\/blogsaverroes.juntadeandalucia.es\/pre\/ceip\/?page_id=144"},"modified":"2025-11-17T10:44:17","modified_gmt":"2025-11-17T10:44:17","slug":"orientacion","status":"publish","type":"page","link":"https:\/\/blogsaverroes.juntadeandalucia.es\/ceipvirgendelacabeza\/orientacion\/","title":{"rendered":"E.O.E"},"content":{"rendered":"<p style=\"padding-left: 30px\"><strong><span style=\"color: #800080\">El Equipo de Orientaci\u00f3n Educativa lo componen:<\/span><\/strong><\/p>\n<ul>\n<li>D\u00aa M\u00aa Inmaculada Sampedro Mesa <span style=\"color: #3366ff\">(Orientadora)<\/span><\/li>\n<li>D\u00aa Mercedes Molina Santos <span style=\"color: #3366ff\">(Audici\u00f3n y Lenguaje)<\/span><\/li>\n<li>D\u00aa In\u00e9s Mar\u00eda S\u00e1nchez Gonz\u00e1lez <span style=\"color: #3366ff\">(Apoyo a la Integraci\u00f3n)<\/span><\/li>\n<\/ul>\n","protected":false},"excerpt":{"rendered":"<p>El Equipo de Orientaci\u00f3n Educativa lo componen: D\u00aa M\u00aa Inmaculada Sampedro Mesa (Orientadora) D\u00aa Mercedes Molina Santos (Audici\u00f3n y Lenguaje) D\u00aa In\u00e9s Mar\u00eda S\u00e1nchez Gonz\u00e1lez (Apoyo a la Integraci\u00f3n)<\/p>\n","protected":false},"author":1,"featured_media":0,"parent":0,"menu_order":0,"comment_status":"open","ping_status":"open","template":"page-templates\/child-menu.php","meta":{"ngg_post_thumbnail":0,"footnotes":""},"aioseo_notices":[],"_links":{"self":[{"href":"https:\/\/blogsaverroes.juntadeandalucia.es\/ceipvirgendelacabeza\/wp-json\/wp\/v2\/pages\/144"}],"collection":[{"href":"https:\/\/blogsaverroes.juntadeandalucia.es\/ceipvirgendelacabeza\/wp-json\/wp\/v2\/pages"}],"about":[{"href":"https:\/\/blogsaverroes.juntadeandalucia.es\/ceipvirgendelacabeza\/wp-json\/wp\/v2\/types\/page"}],"author":[{"embeddable":true,"href":"https:\/\/blogsaverroes.juntadeandalucia.es\/ceipvirgendelacabeza\/wp-json\/wp\/v2\/users\/1"}],"replies":[{"embeddable":true,"href":"https:\/\/blogsaverroes.juntadeandalucia.es\/ceipvirgendelacabeza\/wp-json\/wp\/v2\/comments?post=144"}],"version-history":[{"count":14,"href":"https:\/\/blogsaverroes.juntadeandalucia.es\/ceipvirgendelacabeza\/wp-json\/wp\/v2\/pages\/144\/revisions"}],"predecessor-version":[{"id":5338,"href":"https:\/\/blogsaverroes.juntadeandalucia.es\/ceipvirgendelacabeza\/wp-json\/wp\/v2\/pages\/144\/revisions\/5338"}],"wp:attachment":[{"href":"https:\/\/blogsaverroes.juntadeandalucia.es\/ceipvirgendelacabeza\/wp-json\/wp\/v2\/media?parent=144"}],"curies":[{"name":"wp","href":"https:\/\/api.w.org\/{rel}","templated":true}]}}

<p style="padding-left: 30px"><strong><span style="color: #800080">El Equipo de Orientación Educativa lo componen:</span></strong></p>
<ul>
<li>Dª Mª Inmaculada Sampedro Mesa <span style="color: #3366ff">(Orientadora)</span></li>
<li>Dª Mercedes Molina Santos <span style="color: #3366ff">(Audición y Lenguaje)</span></li>
<li>Dª Inés María Sánchez González <span style="color: #3366ff">(Apoyo a la Integración)</span></li>
</ul>

<p>El Equipo de Orientación Educativa lo componen: Dª Mª Inmaculada Sampedro Mesa (Orientadora) Dª Mercedes Molina Santos (Audición y Lenguaje) Dª Inés María Sánchez González (Apoyo a la Integración)</p>
