{"id":2138,"date":"2015-09-04T09:03:31","date_gmt":"2015-09-04T09:03:31","guid":{"rendered":"http:\/\/blogsaverroes.juntadeandalucia.es\/ceipvirgendelacabeza\/?page_id=2138"},"modified":"2017-02-07T12:25:41","modified_gmt":"2017-02-07T12:25:41","slug":"economia","status":"publish","type":"page","link":"https:\/\/blogsaverroes.juntadeandalucia.es\/ceipvirgendelacabeza\/economia\/","title":{"rendered":"Econom\u00eda"},"content":{"rendered":"<p>En el a\u00f1o 2000 se iniciaron las obras de construcci\u00f3n del Pol\u00edgono industrial, as\u00ed que el ayuntamiento remiti\u00f3 informaci\u00f3n detallada de c\u00f3mo adquirir suelo a todas las empresas de la localidad, as\u00ed como a empresas de fuera que han mostrado su inter\u00e9s en instalarse en el mismo. En el lugar donde se iba a implantar el Pol\u00edgono ya exist\u00eda una discoteca de verano que se llama Eden Park.<\/p>\n<p>Este pol\u00edgono tras la fase inicial de primeras obras y venta de parcelas, ha empezado a mostrar su crecimiento con la implantaci\u00f3n de diversas empresas, tanto de nuestra localidad (trasladando su ubicaci\u00f3n del casco urbano al pol\u00edgono) como de fuera, destacando L\u00e1cteos Caprinos, la cual abre nuevas posibilidades para la creaci\u00f3n de empresas auxiliares de suministro de leche de cabra, como materia prima para su funcionamiento. Desde este Ayuntamiento se han realizado los estudios previos para el desarrollo del proyecto de contrucci\u00f3n de un pol\u00edgono ganadero, facilitando la infraestructura f\u00edsica imprescindible para llevar a cabo una actividad econ\u00f3mica que genere empleo estable en el municipio.<\/p>\n<p>M\u00e1s tarde se implantaron otras empresas: Gr\u00faas y Talleres Andaluc\u00eda, Carpinter\u00eda en madera Emilio y Servicio de Venta, instalacion y reparaci\u00f3n de fontaner\u00eda Jos\u00e9 Troya Vega.<br \/>\n<i>Ver Datos estad\u00edsticos de la <span style=\"text-decoration: underline\"><b><a title=\"Econom\u00eda:Campillo de Arenas\" href=\"https:\/\/jaenpedia.wikanda.es\/wiki\/Econom%C3%ADa:Campillo_de_Arenas\" target=\"_blank\">econom\u00eda de Campillo de Arenas<\/a><\/b><\/span><\/i><\/p>\n<p>&nbsp;<\/p>\n","protected":false},"excerpt":{"rendered":"<p>En el a\u00f1o 2000 se iniciaron las obras de construcci\u00f3n del Pol\u00edgono industrial, as\u00ed que el ayuntamiento remiti\u00f3 informaci\u00f3n detallada de c\u00f3mo adquirir suelo a todas las empresas de la localidad, as\u00ed como a&#46;&#46;&#46;<\/p>\n","protected":false},"author":1796,"featured_media":3699,"parent":0,"menu_order":0,"comment_status":"open","ping_status":"open","template":"","meta":{"ngg_post_thumbnail":0,"footnotes":""},"aioseo_notices":[],"_links":{"self":[{"href":"https:\/\/blogsaverroes.juntadeandalucia.es\/ceipvirgendelacabeza\/wp-json\/wp\/v2\/pages\/2138"}],"collection":[{"href":"https:\/\/blogsaverroes.juntadeandalucia.es\/ceipvirgendelacabeza\/wp-json\/wp\/v2\/pages"}],"about":[{"href":"https:\/\/blogsaverroes.juntadeandalucia.es\/ceipvirgendelacabeza\/wp-json\/wp\/v2\/types\/page"}],"author":[{"embeddable":true,"href":"https:\/\/blogsaverroes.juntadeandalucia.es\/ceipvirgendelacabeza\/wp-json\/wp\/v2\/users\/1796"}],"replies":[{"embeddable":true,"href":"https:\/\/blogsaverroes.juntadeandalucia.es\/ceipvirgendelacabeza\/wp-json\/wp\/v2\/comments?post=2138"}],"version-history":[{"count":4,"href":"https:\/\/blogsaverroes.juntadeandalucia.es\/ceipvirgendelacabeza\/wp-json\/wp\/v2\/pages\/2138\/revisions"}],"predecessor-version":[{"id":3698,"href":"https:\/\/blogsaverroes.juntadeandalucia.es\/ceipvirgendelacabeza\/wp-json\/wp\/v2\/pages\/2138\/revisions\/3698"}],"wp:featuredmedia":[{"embeddable":true,"href":"https:\/\/blogsaverroes.juntadeandalucia.es\/ceipvirgendelacabeza\/wp-json\/wp\/v2\/media\/3699"}],"wp:attachment":[{"href":"https:\/\/blogsaverroes.juntadeandalucia.es\/ceipvirgendelacabeza\/wp-json\/wp\/v2\/media?parent=2138"}],"curies":[{"name":"wp","href":"https:\/\/api.w.org\/{rel}","templated":true}]}}

Economía

<p>En el año 2000 se iniciaron las obras de construcción del Polígono industrial, así que el ayuntamiento remitió información detallada de cómo adquirir suelo a todas las empresas de la localidad, así como a empresas de fuera que han mostrado su interés en instalarse en el mismo. En el lugar donde se iba a implantar el Polígono ya existía una discoteca de verano que se llama Eden Park.</p>
<p>Este polígono tras la fase inicial de primeras obras y venta de parcelas, ha empezado a mostrar su crecimiento con la implantación de diversas empresas, tanto de nuestra localidad (trasladando su ubicación del casco urbano al polígono) como de fuera, destacando Lácteos Caprinos, la cual abre nuevas posibilidades para la creación de empresas auxiliares de suministro de leche de cabra, como materia prima para su funcionamiento. Desde este Ayuntamiento se han realizado los estudios previos para el desarrollo del proyecto de contrucción de un polígono ganadero, facilitando la infraestructura física imprescindible para llevar a cabo una actividad económica que genere empleo estable en el municipio.</p>
<p>Más tarde se implantaron otras empresas: Grúas y Talleres Andalucía, Carpintería en madera Emilio y Servicio de Venta, instalacion y reparación de fontanería José Troya Vega.<br />
<i>Ver Datos estadísticos de la <span style="text-decoration: underline"><b><a title="Economía:Campillo de Arenas" href="https://jaenpedia.wikanda.es/wiki/Econom%C3%ADa:Campillo_de_Arenas" target="_blank">economía de Campillo de Arenas</a></b></span></i></p>
<p>&nbsp;</p>

<p>En el año 2000 se iniciaron las obras de construcción del Polígono industrial, así que el ayuntamiento remitió información detallada de cómo adquirir suelo a todas las empresas de la localidad, así como a&#46;&#46;&#46;</p>
