{"id":2158,"date":"2015-09-04T09:25:51","date_gmt":"2015-09-04T09:25:51","guid":{"rendered":"http:\/\/blogsaverroes.juntadeandalucia.es\/ceipvirgendelacabeza\/?page_id=2158"},"modified":"2017-03-10T10:51:33","modified_gmt":"2017-03-10T10:51:33","slug":"instalaciones","status":"publish","type":"page","link":"https:\/\/blogsaverroes.juntadeandalucia.es\/ceipvirgendelacabeza\/instalaciones\/","title":{"rendered":"Instalaciones"},"content":{"rendered":"<h3><span style=\"color: #3366ff\">El centro consta de las siguientes instalaciones:<\/span><\/h3>\n<h4><span style=\"color: #ff0000\">Planta baja:<\/span> conserjer\u00eda,secretar\u00eda,jefatura de estudios,direcci\u00f3n,ascensor,comedor,sala usos m\u00faltiples,ba\u00f1os,sala de profesores,aula de educaci\u00f3n especial,ba\u00f1os adaptados y biblioteca.<\/h4>\n<h4><span style=\"color: #ff0000\">Planta primera:<\/span> aularios,pedagog\u00eda terap\u00e9utica,logopedia,ascensor y ba\u00f1os.<\/h4>\nngg_shortcode_0_placeholder\n<p>&nbsp;<\/p>\n<p>&nbsp;<\/p>\n","protected":false},"excerpt":{"rendered":"<p>El centro consta de las siguientes instalaciones: Planta baja: conserjer\u00eda,secretar\u00eda,jefatura de estudios,direcci\u00f3n,ascensor,comedor,sala usos m\u00faltiples,ba\u00f1os,sala de profesores,aula de educaci\u00f3n especial,ba\u00f1os adaptados y biblioteca. Planta primera: aularios,pedagog\u00eda terap\u00e9utica,logopedia,ascensor y ba\u00f1os. \u00bb order_by=\u00bbsortorder\u00bb order_direction=\u00bbASC\u00bb returns=\u00bbincluded\u00bb maximum_entity_count=\u00bb500&#8243;] &nbsp;&#46;&#46;&#46;<\/p>\n","protected":false},"author":1796,"featured_media":0,"parent":0,"menu_order":0,"comment_status":"open","ping_status":"open","template":"page-templates\/child-menu.php","meta":{"ngg_post_thumbnail":0,"footnotes":""},"aioseo_notices":[],"_links":{"self":[{"href":"https:\/\/blogsaverroes.juntadeandalucia.es\/ceipvirgendelacabeza\/wp-json\/wp\/v2\/pages\/2158"}],"collection":[{"href":"https:\/\/blogsaverroes.juntadeandalucia.es\/ceipvirgendelacabeza\/wp-json\/wp\/v2\/pages"}],"about":[{"href":"https:\/\/blogsaverroes.juntadeandalucia.es\/ceipvirgendelacabeza\/wp-json\/wp\/v2\/types\/page"}],"author":[{"embeddable":true,"href":"https:\/\/blogsaverroes.juntadeandalucia.es\/ceipvirgendelacabeza\/wp-json\/wp\/v2\/users\/1796"}],"replies":[{"embeddable":true,"href":"https:\/\/blogsaverroes.juntadeandalucia.es\/ceipvirgendelacabeza\/wp-json\/wp\/v2\/comments?post=2158"}],"version-history":[{"count":7,"href":"https:\/\/blogsaverroes.juntadeandalucia.es\/ceipvirgendelacabeza\/wp-json\/wp\/v2\/pages\/2158\/revisions"}],"predecessor-version":[{"id":4023,"href":"https:\/\/blogsaverroes.juntadeandalucia.es\/ceipvirgendelacabeza\/wp-json\/wp\/v2\/pages\/2158\/revisions\/4023"}],"wp:attachment":[{"href":"https:\/\/blogsaverroes.juntadeandalucia.es\/ceipvirgendelacabeza\/wp-json\/wp\/v2\/media?parent=2158"}],"curies":[{"name":"wp","href":"https:\/\/api.w.org\/{rel}","templated":true}]}}

<h3><span style="color: #3366ff">El centro consta de las siguientes instalaciones:</span></h3>
<h4><span style="color: #ff0000">Planta baja:</span> conserjería,secretaría,jefatura de estudios,dirección,ascensor,comedor,sala usos múltiples,baños,sala de profesores,aula de educación especial,baños adaptados y biblioteca.</h4>
<h4><span style="color: #ff0000">Planta primera:</span> aularios,pedagogía terapéutica,logopedia,ascensor y baños.</h4>
ngg_shortcode_0_placeholder
<p>&nbsp;</p>
<p>&nbsp;</p>

<p>El centro consta de las siguientes instalaciones: Planta baja: conserjería,secretaría,jefatura de estudios,dirección,ascensor,comedor,sala usos múltiples,baños,sala de profesores,aula de educación especial,baños adaptados y biblioteca. Planta primera: aularios,pedagogía terapéutica,logopedia,ascensor y baños. » order_by=»sortorder» order_direction=»ASC» returns=»included» maximum_entity_count=»500&#8243;] &nbsp;&#46;&#46;&#46;</p>
