{"id":2160,"date":"2015-09-04T09:26:11","date_gmt":"2015-09-04T09:26:11","guid":{"rendered":"http:\/\/blogsaverroes.juntadeandalucia.es\/ceipvirgendelacabeza\/?page_id=2160"},"modified":"2018-11-14T09:19:25","modified_gmt":"2018-11-14T09:19:25","slug":"unidades","status":"publish","type":"page","link":"https:\/\/blogsaverroes.juntadeandalucia.es\/ceipvirgendelacabeza\/unidades\/","title":{"rendered":"Unidades"},"content":{"rendered":"<p>El centro consta de una sola l\u00ednea que est\u00e1 compuesta por las siguientes unidades:<\/p>\n<ul>\n<li><span style=\"color: #00ccff\">&nbsp;E. INFANTIL<a href=\"http:\/\/blogsaverroes.juntadeandalucia.es\/ceipvirgendelacabeza\/files\/2015\/05\/admin-ajax-copia2.jpg\"><img loading=\"lazy\" decoding=\"async\" class=\" wp-image-3712 alignright\" src=\"http:\/\/blogsaverroes.juntadeandalucia.es\/ceipvirgendelacabeza\/files\/2015\/05\/admin-ajax-copia2.jpg\" alt=\"admin-ajax copia2\" width=\"554\" height=\"569\" srcset=\"https:\/\/blogsaverroes.juntadeandalucia.es\/ceipvirgendelacabeza\/files\/2015\/05\/admin-ajax-copia2.jpg 150w, https:\/\/blogsaverroes.juntadeandalucia.es\/ceipvirgendelacabeza\/files\/2015\/05\/admin-ajax-copia2-24x24.jpg 24w, https:\/\/blogsaverroes.juntadeandalucia.es\/ceipvirgendelacabeza\/files\/2015\/05\/admin-ajax-copia2-36x36.jpg 36w, https:\/\/blogsaverroes.juntadeandalucia.es\/ceipvirgendelacabeza\/files\/2015\/05\/admin-ajax-copia2-48x48.jpg 48w\" sizes=\"(max-width: 554px) 100vw, 554px\" \/><\/a><br \/>\n<\/span><\/li>\n<\/ul>\n<p style=\"padding-left: 60px\">3 a\u00f1os<\/p>\n<p style=\"padding-left: 60px\">4 a\u00f1os<\/p>\n<p style=\"padding-left: 60px\">5 a\u00f1os<\/p>\n<ul>\n<li>&nbsp;<span style=\"color: #ff0000\"> E. PRIMARIA<\/span><\/li>\n<\/ul>\n<p style=\"padding-left: 60px\">1\u00ba curso<\/p>\n<p style=\"padding-left: 60px\">2\u00ba curso<\/p>\n<p style=\"padding-left: 60px\">3\u00ba curso<\/p>\n<p style=\"padding-left: 60px\">4\u00ba curso<\/p>\n<p style=\"padding-left: 60px\">5\u00ba curso<\/p>\n<p style=\"padding-left: 60px\">6\u00ba curso<\/p>\n<ul>\n<li>&nbsp; &nbsp;<span style=\"color: #ff6600\"> APOYO A LA INTEGRACI\u00d3N<\/span><\/li>\n<\/ul>\n","protected":false},"excerpt":{"rendered":"<p>El centro consta de una sola l\u00ednea que est\u00e1 compuesta por las siguientes unidades: &nbsp;E. INFANTIL 3 a\u00f1os 4 a\u00f1os 5 a\u00f1os &nbsp; E. PRIMARIA 1\u00ba curso 2\u00ba curso 3\u00ba curso 4\u00ba curso 5\u00ba&#46;&#46;&#46;<\/p>\n","protected":false},"author":1796,"featured_media":0,"parent":0,"menu_order":0,"comment_status":"open","ping_status":"open","template":"","meta":{"ngg_post_thumbnail":0,"footnotes":""},"aioseo_notices":[],"_links":{"self":[{"href":"https:\/\/blogsaverroes.juntadeandalucia.es\/ceipvirgendelacabeza\/wp-json\/wp\/v2\/pages\/2160"}],"collection":[{"href":"https:\/\/blogsaverroes.juntadeandalucia.es\/ceipvirgendelacabeza\/wp-json\/wp\/v2\/pages"}],"about":[{"href":"https:\/\/blogsaverroes.juntadeandalucia.es\/ceipvirgendelacabeza\/wp-json\/wp\/v2\/types\/page"}],"author":[{"embeddable":true,"href":"https:\/\/blogsaverroes.juntadeandalucia.es\/ceipvirgendelacabeza\/wp-json\/wp\/v2\/users\/1796"}],"replies":[{"embeddable":true,"href":"https:\/\/blogsaverroes.juntadeandalucia.es\/ceipvirgendelacabeza\/wp-json\/wp\/v2\/comments?post=2160"}],"version-history":[{"count":15,"href":"https:\/\/blogsaverroes.juntadeandalucia.es\/ceipvirgendelacabeza\/wp-json\/wp\/v2\/pages\/2160\/revisions"}],"predecessor-version":[{"id":4578,"href":"https:\/\/blogsaverroes.juntadeandalucia.es\/ceipvirgendelacabeza\/wp-json\/wp\/v2\/pages\/2160\/revisions\/4578"}],"wp:attachment":[{"href":"https:\/\/blogsaverroes.juntadeandalucia.es\/ceipvirgendelacabeza\/wp-json\/wp\/v2\/media?parent=2160"}],"curies":[{"name":"wp","href":"https:\/\/api.w.org\/{rel}","templated":true}]}}

<p>El centro consta de una sola línea que está compuesta por las siguientes unidades:</p>
<ul>
<li><span style="color: #00ccff">&nbsp;E. INFANTIL<a href="http://blogsaverroes.juntadeandalucia.es/ceipvirgendelacabeza/files/2015/05/admin-ajax-copia2.jpg"><img loading="lazy" decoding="async" class=" wp-image-3712 alignright" src="http://blogsaverroes.juntadeandalucia.es/ceipvirgendelacabeza/files/2015/05/admin-ajax-copia2.jpg" alt="admin-ajax copia2" width="554" height="569" srcset="https://blogsaverroes.juntadeandalucia.es/ceipvirgendelacabeza/files/2015/05/admin-ajax-copia2.jpg 150w, https://blogsaverroes.juntadeandalucia.es/ceipvirgendelacabeza/files/2015/05/admin-ajax-copia2-24x24.jpg 24w, https://blogsaverroes.juntadeandalucia.es/ceipvirgendelacabeza/files/2015/05/admin-ajax-copia2-36x36.jpg 36w, https://blogsaverroes.juntadeandalucia.es/ceipvirgendelacabeza/files/2015/05/admin-ajax-copia2-48x48.jpg 48w" sizes="(max-width: 554px) 100vw, 554px" /></a><br />
</span></li>
</ul>
<p style="padding-left: 60px">3 años</p>
<p style="padding-left: 60px">4 años</p>
<p style="padding-left: 60px">5 años</p>
<ul>
<li>&nbsp;<span style="color: #ff0000"> E. PRIMARIA</span></li>
</ul>
<p style="padding-left: 60px">1º curso</p>
<p style="padding-left: 60px">2º curso</p>
<p style="padding-left: 60px">3º curso</p>
<p style="padding-left: 60px">4º curso</p>
<p style="padding-left: 60px">5º curso</p>
<p style="padding-left: 60px">6º curso</p>
<ul>
<li>&nbsp; &nbsp;<span style="color: #ff6600"> APOYO A LA INTEGRACIÓN</span></li>
</ul>

<p>El centro consta de una sola línea que está compuesta por las siguientes unidades: &nbsp;E. INFANTIL 3 años 4 años 5 años &nbsp; E. PRIMARIA 1º curso 2º curso 3º curso 4º curso 5º&#46;&#46;&#46;</p>
