{"id":82,"date":"2015-03-16T06:59:55","date_gmt":"2015-03-16T06:59:55","guid":{"rendered":"http:\/\/blogsaverroes.juntadeandalucia.es\/pre\/ceip\/?page_id=82"},"modified":"2025-11-17T10:07:15","modified_gmt":"2025-11-17T10:07:15","slug":"horarios","status":"publish","type":"page","link":"https:\/\/blogsaverroes.juntadeandalucia.es\/ceipvirgendelacabeza\/horarios\/","title":{"rendered":"Horarios"},"content":{"rendered":"<p><span style=\"color: #ff0000\"><strong>HORARIOS DE LAS CLASES:<\/strong><\/span><\/p>\n<p><em><span style=\"color: #008000\"><a style=\"color: #008000\" href=\"https:\/\/blogsaverroes.juntadeandalucia.es\/ceipvirgendelacabeza\/files\/2025\/11\/PRIMARIA.pdf\"><strong>HORARIOS DE PRIMARIA<\/strong><\/a><\/span><\/em><\/p>\n<p><span style=\"color: #008000\"><em><strong><a style=\"color: #008000\" href=\"https:\/\/blogsaverroes.juntadeandalucia.es\/ceipvirgendelacabeza\/files\/2025\/11\/Horario_del_profesorado.pdf\">HORARIOS DE INFANTIL<\/a><\/strong><\/em><\/span><\/p>\n<p>&nbsp;<\/p>\n<p><img loading=\"lazy\" decoding=\"async\" class=\" wp-image-3716 alignleft\" src=\"http:\/\/blogsaverroes.juntadeandalucia.es\/ceipvirgendelacabeza\/files\/2015\/03\/reloj.jpg\" alt=\"reloj\" width=\"197\" height=\"186\" srcset=\"https:\/\/blogsaverroes.juntadeandalucia.es\/ceipvirgendelacabeza\/files\/2015\/03\/reloj.jpg 231w, https:\/\/blogsaverroes.juntadeandalucia.es\/ceipvirgendelacabeza\/files\/2015\/03\/reloj-24x24.jpg 24w, https:\/\/blogsaverroes.juntadeandalucia.es\/ceipvirgendelacabeza\/files\/2015\/03\/reloj-36x34.jpg 36w, https:\/\/blogsaverroes.juntadeandalucia.es\/ceipvirgendelacabeza\/files\/2015\/03\/reloj-48x45.jpg 48w\" sizes=\"(max-width: 197px) 100vw, 197px\" \/><\/p>\n<p>&nbsp;<\/p>\n<p style=\"text-align: justify\"><span style=\"color: #800080\"><strong>HORARIO LECTIVO<\/strong>:<\/span> La entrada se realizar\u00e1 a las 9:00h &nbsp;y la salida tendr\u00e1 lugar a las 14:00. La duraci\u00f3n de las clases es de 60 y 30 min. con un periodo de descanso de 30 min., que corresponde al recreo y cuya franja horaria va desde la 12:00h. hasta las 12:30h.<\/p>\n<p style=\"text-align: justify\"><strong><span style=\"color: #800080\">HORAS DE TUTORIA:<\/span><\/strong> Los padres y madres que lo deseen, podr\u00e1n solicitar tutor\u00eda los LUNES de 17:00h. a 18:00h.<\/p>\n<p>&nbsp;<\/p>\n<p>&nbsp;<\/p>\n","protected":false},"excerpt":{"rendered":"<p>HORARIOS DE LAS CLASES: HORARIOS DE PRIMARIA HORARIOS DE INFANTIL &nbsp; &nbsp; HORARIO LECTIVO: La entrada se realizar\u00e1 a las 9:00h &nbsp;y la salida tendr\u00e1 lugar a las 14:00. La duraci\u00f3n de las clases&#46;&#46;&#46;<\/p>\n","protected":false},"author":1,"featured_media":0,"parent":0,"menu_order":0,"comment_status":"open","ping_status":"open","template":"page-templates\/child-menu.php","meta":{"ngg_post_thumbnail":0,"footnotes":""},"aioseo_notices":[],"_links":{"self":[{"href":"https:\/\/blogsaverroes.juntadeandalucia.es\/ceipvirgendelacabeza\/wp-json\/wp\/v2\/pages\/82"}],"collection":[{"href":"https:\/\/blogsaverroes.juntadeandalucia.es\/ceipvirgendelacabeza\/wp-json\/wp\/v2\/pages"}],"about":[{"href":"https:\/\/blogsaverroes.juntadeandalucia.es\/ceipvirgendelacabeza\/wp-json\/wp\/v2\/types\/page"}],"author":[{"embeddable":true,"href":"https:\/\/blogsaverroes.juntadeandalucia.es\/ceipvirgendelacabeza\/wp-json\/wp\/v2\/users\/1"}],"replies":[{"embeddable":true,"href":"https:\/\/blogsaverroes.juntadeandalucia.es\/ceipvirgendelacabeza\/wp-json\/wp\/v2\/comments?post=82"}],"version-history":[{"count":20,"href":"https:\/\/blogsaverroes.juntadeandalucia.es\/ceipvirgendelacabeza\/wp-json\/wp\/v2\/pages\/82\/revisions"}],"predecessor-version":[{"id":5334,"href":"https:\/\/blogsaverroes.juntadeandalucia.es\/ceipvirgendelacabeza\/wp-json\/wp\/v2\/pages\/82\/revisions\/5334"}],"wp:attachment":[{"href":"https:\/\/blogsaverroes.juntadeandalucia.es\/ceipvirgendelacabeza\/wp-json\/wp\/v2\/media?parent=82"}],"curies":[{"name":"wp","href":"https:\/\/api.w.org\/{rel}","templated":true}]}}