{"id":593,"date":"2022-11-29T10:03:42","date_gmt":"2022-11-29T09:03:42","guid":{"rendered":"https:\/\/blogsaverroes.juntadeandalucia.es\/ceipvirgendelacaridad\/?page_id=593"},"modified":"2023-02-15T13:28:24","modified_gmt":"2023-02-15T12:28:24","slug":"proa-transformate","status":"publish","type":"page","link":"https:\/\/blogsaverroes.juntadeandalucia.es\/ceipvirgendelacaridad\/proa-transformate\/","title":{"rendered":"Proa + Transf\u00f3rmate"},"content":{"rendered":"<p>Este es el segundo curso que estamos en el Programa PROA+ Transf\u00f3rmate, est\u00e1 destino para aquellos centros educativos que quieran llevar a cabo una serie de actividades &#8220;palanca&#8221;, estas actividades est\u00e1n destinadas a la mejora de los resultados educativos del Centro.<\/p>\n<p>Principios Pedag\u00f3gicos del Programa:<\/p>\n<ol>\n<li><span style=\"color: #0000ff\"><strong>Equidad:<\/strong> <\/span>Garantizar la igualdad de oportunidades en el acceso, el proceso y resultados educativos y la no segregaci\u00f3n dentro de los centros.<\/li>\n<li><span style=\"color: #0000ff\"><strong>Educaci\u00f3n inclusiva:<\/strong><\/span> Todos los j\u00f3venes aprenden juntos, y se atiendo la diversidad de todo el alumnado.<\/li>\n<li><span style=\"color: #0000ff\"><strong>Expectativas positivas:<\/strong><\/span> Posibilidad de \u00e9xito de todo el alumnado.<\/li>\n<li><span style=\"color: #0000ff\"><strong>Acompa\u00f1amiento, orientaci\u00f3n, prevenci\u00f3n y detecci\u00f3n temprana:<\/strong><\/span> De las dificultades de aprendizaje y puesta en marcha de mecanismos de refuerzo.<\/li>\n<li><span style=\"color: #0000ff\"><strong>Relevancia de la educaci\u00f3n no cognitiva:<\/strong><\/span> Para los aprendizajes y bienestar futuro.<\/li>\n<li><span style=\"color: #0000ff\"><strong>Uso de conocimiento acumulado:<\/strong><\/span> Para la mejora continua del proceso ense\u00f1anza-aprendizaje<img loading=\"lazy\" decoding=\"async\" class=\"size-medium wp-image-800 aligncenter\" src=\"https:\/\/blogsaverroes.juntadeandalucia.es\/ceipvirgendelacaridad\/files\/2023\/02\/Logo-PROATransformate-1-300x243.png\" alt=\"\" width=\"300\" height=\"243\"><\/li>\n<\/ol>\n<p>&nbsp;<\/p>\n","protected":false},"excerpt":{"rendered":"<p>Este es el segundo curso que estamos en el Programa PROA+ Transf\u00f3rmate, est\u00e1 destino para aquellos centros educativos que quieran llevar a cabo una serie de actividades &#8220;palanca&#8221;, estas actividades est\u00e1n destinadas a la mejora de los resultados educativos del Centro. Principios Pedag\u00f3gicos del Programa: Equidad: Garantizar la igualdad de oportunidades en el acceso, el [&hellip;]<\/p>\n","protected":false},"author":15720,"featured_media":0,"parent":0,"menu_order":0,"comment_status":"closed","ping_status":"closed","template":"","meta":{"_et_pb_use_builder":"","_et_pb_old_content":"","_et_gb_content_width":"","ngg_post_thumbnail":0,"footnotes":""},"aioseo_notices":[],"_links":{"self":[{"href":"https:\/\/blogsaverroes.juntadeandalucia.es\/ceipvirgendelacaridad\/wp-json\/wp\/v2\/pages\/593"}],"collection":[{"href":"https:\/\/blogsaverroes.juntadeandalucia.es\/ceipvirgendelacaridad\/wp-json\/wp\/v2\/pages"}],"about":[{"href":"https:\/\/blogsaverroes.juntadeandalucia.es\/ceipvirgendelacaridad\/wp-json\/wp\/v2\/types\/page"}],"author":[{"embeddable":true,"href":"https:\/\/blogsaverroes.juntadeandalucia.es\/ceipvirgendelacaridad\/wp-json\/wp\/v2\/users\/15720"}],"replies":[{"embeddable":true,"href":"https:\/\/blogsaverroes.juntadeandalucia.es\/ceipvirgendelacaridad\/wp-json\/wp\/v2\/comments?post=593"}],"version-history":[{"count":6,"href":"https:\/\/blogsaverroes.juntadeandalucia.es\/ceipvirgendelacaridad\/wp-json\/wp\/v2\/pages\/593\/revisions"}],"predecessor-version":[{"id":792,"href":"https:\/\/blogsaverroes.juntadeandalucia.es\/ceipvirgendelacaridad\/wp-json\/wp\/v2\/pages\/593\/revisions\/792"}],"wp:attachment":[{"href":"https:\/\/blogsaverroes.juntadeandalucia.es\/ceipvirgendelacaridad\/wp-json\/wp\/v2\/media?parent=593"}],"curies":[{"name":"wp","href":"https:\/\/api.w.org\/{rel}","templated":true}]}}