{"id":615,"date":"2022-11-29T10:09:25","date_gmt":"2022-11-29T09:09:25","guid":{"rendered":"https:\/\/blogsaverroes.juntadeandalucia.es\/ceipvirgendelacaridad\/?page_id=615"},"modified":"2023-02-08T10:38:21","modified_gmt":"2023-02-08T09:38:21","slug":"escolarizacion-solicitudes-y-plazos","status":"publish","type":"page","link":"https:\/\/blogsaverroes.juntadeandalucia.es\/ceipvirgendelacaridad\/escolarizacion-solicitudes-y-plazos\/","title":{"rendered":"Escolarizaci\u00f3n (solicitudes y plazos)"},"content":{"rendered":"<p>A partir del d\u00eda 2 de marzo del 2023, se actualizar\u00e1 esta p\u00e1gina con las instrucciones sobre la Escolarizaci\u00f3n para el curso escolar 2023\/24.<\/p>\n","protected":false},"excerpt":{"rendered":"<p>A partir del d\u00eda 2 de marzo del 2023, se actualizar\u00e1 esta p\u00e1gina con las instrucciones sobre la Escolarizaci\u00f3n para el curso escolar 2023\/24.<\/p>\n","protected":false},"author":15720,"featured_media":0,"parent":0,"menu_order":0,"comment_status":"closed","ping_status":"closed","template":"","meta":{"_et_pb_use_builder":"","_et_pb_old_content":"","_et_gb_content_width":"","ngg_post_thumbnail":0,"footnotes":""},"aioseo_notices":[],"_links":{"self":[{"href":"https:\/\/blogsaverroes.juntadeandalucia.es\/ceipvirgendelacaridad\/wp-json\/wp\/v2\/pages\/615"}],"collection":[{"href":"https:\/\/blogsaverroes.juntadeandalucia.es\/ceipvirgendelacaridad\/wp-json\/wp\/v2\/pages"}],"about":[{"href":"https:\/\/blogsaverroes.juntadeandalucia.es\/ceipvirgendelacaridad\/wp-json\/wp\/v2\/types\/page"}],"author":[{"embeddable":true,"href":"https:\/\/blogsaverroes.juntadeandalucia.es\/ceipvirgendelacaridad\/wp-json\/wp\/v2\/users\/15720"}],"replies":[{"embeddable":true,"href":"https:\/\/blogsaverroes.juntadeandalucia.es\/ceipvirgendelacaridad\/wp-json\/wp\/v2\/comments?post=615"}],"version-history":[{"count":3,"href":"https:\/\/blogsaverroes.juntadeandalucia.es\/ceipvirgendelacaridad\/wp-json\/wp\/v2\/pages\/615\/revisions"}],"predecessor-version":[{"id":786,"href":"https:\/\/blogsaverroes.juntadeandalucia.es\/ceipvirgendelacaridad\/wp-json\/wp\/v2\/pages\/615\/revisions\/786"}],"wp:attachment":[{"href":"https:\/\/blogsaverroes.juntadeandalucia.es\/ceipvirgendelacaridad\/wp-json\/wp\/v2\/media?parent=615"}],"curies":[{"name":"wp","href":"https:\/\/api.w.org\/{rel}","templated":true}]}}

Escolarización (solicitudes y plazos)

<p>A partir del día 2 de marzo del 2023, se actualizará esta página con las instrucciones sobre la Escolarización para el curso escolar 2023/24.</p>
