{"id":35,"date":"2015-03-13T08:21:43","date_gmt":"2015-03-13T08:21:43","guid":{"rendered":"http:\/\/blogsaverroes.juntadeandalucia.es\/pre\/ceip\/?page_id=35"},"modified":"2021-09-01T06:49:32","modified_gmt":"2021-09-01T06:49:32","slug":"el-centro-2","status":"publish","type":"page","link":"https:\/\/blogsaverroes.juntadeandalucia.es\/ceipvirgendelascruces\/el-centro-2\/","title":{"rendered":"Datos del centro"},"content":{"rendered":"<p><iframe loading=\"lazy\" src=\"https:\/\/www.google.com\/maps\/embed?pb=!1m18!1m12!1m3!1d3122.6581435484118!2d-4.784184118015737!3d38.495529521790765!2m3!1f0!2f0!3f0!3m2!1i1024!2i768!4f13.1!3m3!1m2!1s0xd6ca19a33174f35%3A0x19f8ca0ed5b6961!2sCEIP%20Virgen%20de%20las%20Cruces!5e0!3m2!1ses!2ses!4v1621846354681!5m2!1ses!2ses\" width=\"600\" height=\"450\"><\/iframe><\/p>\n<h4><strong>CEIP Virgen de las Cruces<\/strong><\/h4>\n<h4><strong>Direcci\u00f3n<\/strong><\/h4>\n<p>Calle Juan Carlos I, s\/n 14413 El Guijo, C\u00f3rdoba.<\/p>\n<h4><strong>Tel\u00e9fono<\/strong><\/h4>\n<p>957 13 98 06 \/ 671 531 185<\/p>\n<h4><strong>Email<\/strong><\/h4>\n<p>14004041.edu@juntadeandalucia.es<\/p>\n<h4><strong>Horarios<\/strong><\/h4>\n<p>Lunes: de 9:00 h. a 14:00 h.<\/p>\n<p>Martes: de 9:00 h. a 14:00 h.<\/p>\n<p>Mi\u00e9rcoles: de 9:00 h. a 14:00 h.<\/p>\n<p>Jueves: de 9:00 h. a 14:00 h.<\/p>\n<p>Viernes: de 9:00 h. a 14:00 h.<\/p>\n<p>S\u00e1bado: cerrado.<\/p>\n<p>Domingo: cerrado.<\/p>\n<div class=\"nRfCwb\">\n<div class=\"lwjzfb\" role=\"button\" data-ved=\"2ahUKEwiV9s-Al93yAhXd8bsIHcKMBBQQu9MBegQIKBAF\">&nbsp;<\/div>\n<\/div>\n<h4><strong>Oferta educativa<\/strong><\/h4>\n<p>Somos un colegio rural que cuenta entre sus aspectos m\u00e1s destacados con la implicaci\u00f3n de un entorno que ha asumido la transformaci\u00f3n del mismo en Comunidad de Aprendizaje. La participaci\u00f3n tambi\u00e9n se traslada a los planes y proyectos, desarrollando, entre otros, el Plan de Centro Biling\u00fce (Ingl\u00e9s). El inter\u00e9s por la innovaci\u00f3n y las ganas de ofrecer a nuestro alumnado lo mejor en el plano educativo son nuestras se\u00f1as de identidad. Les invitamos a visitar nuestro blog, nuestro pueblo y nuestro colegio.<\/p>\n<h4>Instalaciones<\/h4>\n<p><!-- default-view.php -->\n<div\n\tclass=\"ngg-galleryoverview default-view\n\t ngg-ajax-pagination-none\t\"\n\tid=\"ngg-gallery-7bd57b0a1e84a07a972d91eb4118437e-1\">\n\n\t\t<!-- Thumbnails -->\n\t\t\t\t<div id=\"ngg-image-0\" class=\"ngg-gallery-thumbnail-box\n\t\t\t\t\t\t\t\t\t\t\t\"\n\t\t\t>\n\t\t\t\t\t\t<div class=\"ngg-gallery-thumbnail\">\n\t\t\t<a href=\"https:\/\/blogsaverroes.juntadeandalucia.es\/ceipvirgendelascruces\/wp-content\/uploads\/sites\/797\/nggallery\/el-centro\/instalacion01.jpg\"\n\t\t\t\ttitle=\"\"\n\t\t\t\tdata-src=\"https:\/\/blogsaverroes.juntadeandalucia.es\/ceipvirgendelascruces\/wp-content\/uploads\/sites\/797\/nggallery\/el-centro\/instalacion01.jpg\"\n\t\t\t\tdata-thumbnail=\"https:\/\/blogsaverroes.juntadeandalucia.es\/ceipvirgendelascruces\/wp-content\/uploads\/sites\/797\/nggallery\/el-centro\/thumbs\/thumbs_instalacion01.jpg\"\n\t\t\t\tdata-image-id=\"14\"\n\t\t\t\tdata-title=\"instalacion01\"\n\t\t\t\tdata-description=\"\"\n\t\t\t\tdata-image-slug=\"instalacion01-1\"\n\t\t\t\tclass=\"ngg-fancybox\" rel=\"7bd57b0a1e84a07a972d91eb4118437e\">\n\t\t\t\t<img\n\t\t\t\t\ttitle=\"instalacion01\"\n\t\t\t\t\talt=\"instalacion01\"\n\t\t\t\t\tsrc=\"https:\/\/blogsaverroes.juntadeandalucia.es\/ceipvirgendelascruces\/wp-content\/uploads\/sites\/797\/nggallery\/el-centro\/thumbs\/thumbs_instalacion01.jpg\"\n\t\t\t\t\twidth=\"120\"\n\t\t\t\t\theight=\"90\"\n\t\t\t\t\tstyle=\"max-width:100%;\"\n\t\t\t\t\/>\n\t\t\t<\/a>\n\t\t<\/div>\n\t\t\t\t\t\t\t<\/div>\n\t\t\t\n\t\t\t\t<div id=\"ngg-image-1\" class=\"ngg-gallery-thumbnail-box\n\t\t\t\t\t\t\t\t\t\t\t\"\n\t\t\t>\n\t\t\t\t\t\t<div class=\"ngg-gallery-thumbnail\">\n\t\t\t<a href=\"https:\/\/blogsaverroes.juntadeandalucia.es\/ceipvirgendelascruces\/wp-content\/uploads\/sites\/797\/nggallery\/el-centro\/instalacion02.jpg\"\n\t\t\t\ttitle=\"\"\n\t\t\t\tdata-src=\"https:\/\/blogsaverroes.juntadeandalucia.es\/ceipvirgendelascruces\/wp-content\/uploads\/sites\/797\/nggallery\/el-centro\/instalacion02.jpg\"\n\t\t\t\tdata-thumbnail=\"https:\/\/blogsaverroes.juntadeandalucia.es\/ceipvirgendelascruces\/wp-content\/uploads\/sites\/797\/nggallery\/el-centro\/thumbs\/thumbs_instalacion02.jpg\"\n\t\t\t\tdata-image-id=\"15\"\n\t\t\t\tdata-title=\"instalacion02\"\n\t\t\t\tdata-description=\"\"\n\t\t\t\tdata-image-slug=\"instalacion02-1\"\n\t\t\t\tclass=\"ngg-fancybox\" rel=\"7bd57b0a1e84a07a972d91eb4118437e\">\n\t\t\t\t<img\n\t\t\t\t\ttitle=\"instalacion02\"\n\t\t\t\t\talt=\"instalacion02\"\n\t\t\t\t\tsrc=\"https:\/\/blogsaverroes.juntadeandalucia.es\/ceipvirgendelascruces\/wp-content\/uploads\/sites\/797\/nggallery\/el-centro\/thumbs\/thumbs_instalacion02.jpg\"\n\t\t\t\t\twidth=\"120\"\n\t\t\t\t\theight=\"90\"\n\t\t\t\t\tstyle=\"max-width:100%;\"\n\t\t\t\t\/>\n\t\t\t<\/a>\n\t\t<\/div>\n\t\t\t\t\t\t\t<\/div>\n\t\t\t\n\t\t\t\t<div id=\"ngg-image-2\" class=\"ngg-gallery-thumbnail-box\n\t\t\t\t\t\t\t\t\t\t\t\"\n\t\t\t>\n\t\t\t\t\t\t<div class=\"ngg-gallery-thumbnail\">\n\t\t\t<a href=\"https:\/\/blogsaverroes.juntadeandalucia.es\/ceipvirgendelascruces\/wp-content\/uploads\/sites\/797\/nggallery\/el-centro\/instalacion03.jpg\"\n\t\t\t\ttitle=\"\"\n\t\t\t\tdata-src=\"https:\/\/blogsaverroes.juntadeandalucia.es\/ceipvirgendelascruces\/wp-content\/uploads\/sites\/797\/nggallery\/el-centro\/instalacion03.jpg\"\n\t\t\t\tdata-thumbnail=\"https:\/\/blogsaverroes.juntadeandalucia.es\/ceipvirgendelascruces\/wp-content\/uploads\/sites\/797\/nggallery\/el-centro\/thumbs\/thumbs_instalacion03.jpg\"\n\t\t\t\tdata-image-id=\"16\"\n\t\t\t\tdata-title=\"instalacion03\"\n\t\t\t\tdata-description=\"\"\n\t\t\t\tdata-image-slug=\"instalacion03-1\"\n\t\t\t\tclass=\"ngg-fancybox\" rel=\"7bd57b0a1e84a07a972d91eb4118437e\">\n\t\t\t\t<img\n\t\t\t\t\ttitle=\"instalacion03\"\n\t\t\t\t\talt=\"instalacion03\"\n\t\t\t\t\tsrc=\"https:\/\/blogsaverroes.juntadeandalucia.es\/ceipvirgendelascruces\/wp-content\/uploads\/sites\/797\/nggallery\/el-centro\/thumbs\/thumbs_instalacion03.jpg\"\n\t\t\t\t\twidth=\"120\"\n\t\t\t\t\theight=\"90\"\n\t\t\t\t\tstyle=\"max-width:100%;\"\n\t\t\t\t\/>\n\t\t\t<\/a>\n\t\t<\/div>\n\t\t\t\t\t\t\t<\/div>\n\t\t\t\n\t\t\t\t<div id=\"ngg-image-3\" class=\"ngg-gallery-thumbnail-box\n\t\t\t\t\t\t\t\t\t\t\t\"\n\t\t\t>\n\t\t\t\t\t\t<div class=\"ngg-gallery-thumbnail\">\n\t\t\t<a href=\"https:\/\/blogsaverroes.juntadeandalucia.es\/ceipvirgendelascruces\/wp-content\/uploads\/sites\/797\/nggallery\/el-centro\/instalacion04.jpg\"\n\t\t\t\ttitle=\"\"\n\t\t\t\tdata-src=\"https:\/\/blogsaverroes.juntadeandalucia.es\/ceipvirgendelascruces\/wp-content\/uploads\/sites\/797\/nggallery\/el-centro\/instalacion04.jpg\"\n\t\t\t\tdata-thumbnail=\"https:\/\/blogsaverroes.juntadeandalucia.es\/ceipvirgendelascruces\/wp-content\/uploads\/sites\/797\/nggallery\/el-centro\/thumbs\/thumbs_instalacion04.jpg\"\n\t\t\t\tdata-image-id=\"17\"\n\t\t\t\tdata-title=\"instalacion04\"\n\t\t\t\tdata-description=\"\"\n\t\t\t\tdata-image-slug=\"instalacion04-1\"\n\t\t\t\tclass=\"ngg-fancybox\" rel=\"7bd57b0a1e84a07a972d91eb4118437e\">\n\t\t\t\t<img\n\t\t\t\t\ttitle=\"instalacion04\"\n\t\t\t\t\talt=\"instalacion04\"\n\t\t\t\t\tsrc=\"https:\/\/blogsaverroes.juntadeandalucia.es\/ceipvirgendelascruces\/wp-content\/uploads\/sites\/797\/nggallery\/el-centro\/thumbs\/thumbs_instalacion04.jpg\"\n\t\t\t\t\twidth=\"120\"\n\t\t\t\t\theight=\"90\"\n\t\t\t\t\tstyle=\"max-width:100%;\"\n\t\t\t\t\/>\n\t\t\t<\/a>\n\t\t<\/div>\n\t\t\t\t\t\t\t<\/div>\n\t\t\t\n\t\n\t<br style=\"clear: both\" \/>\n\n\t\t<div class=\"slideshowlink\">\n\t\t<a href='https:\/\/blogsaverroes.juntadeandalucia.es\/ceipvirgendelascruces\/el-centro-2\/nggallery\/slideshow'>[Mostrar presentaci\u00f3n de diapositivas]<\/a>\n\n\t<\/div>\n\t\n\t\t<!-- Pagination -->\n\t\t<div class='ngg-clear'><\/div>\t<\/div>\n<\/p>\n","protected":false},"excerpt":{"rendered":"<p>CEIP Virgen de las Cruces Direcci\u00f3n Calle Juan Carlos I, s\/n 14413 El Guijo, C\u00f3rdoba. Tel\u00e9fono 957 13 98 06 \/ 671 531 185 Email 14004041.edu@juntadeandalucia.es Horarios Lunes: de 9:00 h. a 14:00 h.&#46;&#46;&#46;<\/p>\n","protected":false},"author":1,"featured_media":0,"parent":0,"menu_order":0,"comment_status":"closed","ping_status":"open","template":"page-cs.php","meta":{"ngg_post_thumbnail":0,"footnotes":"","_mc_calendar":[]},"aioseo_notices":[],"_links":{"self":[{"href":"https:\/\/blogsaverroes.juntadeandalucia.es\/ceipvirgendelascruces\/wp-json\/wp\/v2\/pages\/35"}],"collection":[{"href":"https:\/\/blogsaverroes.juntadeandalucia.es\/ceipvirgendelascruces\/wp-json\/wp\/v2\/pages"}],"about":[{"href":"https:\/\/blogsaverroes.juntadeandalucia.es\/ceipvirgendelascruces\/wp-json\/wp\/v2\/types\/page"}],"author":[{"embeddable":true,"href":"https:\/\/blogsaverroes.juntadeandalucia.es\/ceipvirgendelascruces\/wp-json\/wp\/v2\/users\/1"}],"replies":[{"embeddable":true,"href":"https:\/\/blogsaverroes.juntadeandalucia.es\/ceipvirgendelascruces\/wp-json\/wp\/v2\/comments?post=35"}],"version-history":[{"count":26,"href":"https:\/\/blogsaverroes.juntadeandalucia.es\/ceipvirgendelascruces\/wp-json\/wp\/v2\/pages\/35\/revisions"}],"predecessor-version":[{"id":2612,"href":"https:\/\/blogsaverroes.juntadeandalucia.es\/ceipvirgendelascruces\/wp-json\/wp\/v2\/pages\/35\/revisions\/2612"}],"wp:attachment":[{"href":"https:\/\/blogsaverroes.juntadeandalucia.es\/ceipvirgendelascruces\/wp-json\/wp\/v2\/media?parent=35"}],"curies":[{"name":"wp","href":"https:\/\/api.w.org\/{rel}","templated":true}]}}

<p><iframe loading="lazy" src="https://www.google.com/maps/embed?pb=!1m18!1m12!1m3!1d3122.6581435484118!2d-4.784184118015737!3d38.495529521790765!2m3!1f0!2f0!3f0!3m2!1i1024!2i768!4f13.1!3m3!1m2!1s0xd6ca19a33174f35%3A0x19f8ca0ed5b6961!2sCEIP%20Virgen%20de%20las%20Cruces!5e0!3m2!1ses!2ses!4v1621846354681!5m2!1ses!2ses" width="600" height="450"></iframe></p>
<h4><strong>CEIP Virgen de las Cruces</strong></h4>
<h4><strong>Dirección</strong></h4>
<p>Calle Juan Carlos I, s/n 14413 El Guijo, Córdoba.</p>
<h4><strong>Teléfono</strong></h4>
<p>957 13 98 06 / 671 531 185</p>
<h4><strong>Email</strong></h4>
<p>14004041.edu@juntadeandalucia.es</p>
<h4><strong>Horarios</strong></h4>
<p>Lunes: de 9:00 h. a 14:00 h.</p>
<p>Martes: de 9:00 h. a 14:00 h.</p>
<p>Miércoles: de 9:00 h. a 14:00 h.</p>
<p>Jueves: de 9:00 h. a 14:00 h.</p>
<p>Viernes: de 9:00 h. a 14:00 h.</p>
<p>Sábado: cerrado.</p>
<p>Domingo: cerrado.</p>
<div class="nRfCwb">
<div class="lwjzfb" role="button" data-ved="2ahUKEwiV9s-Al93yAhXd8bsIHcKMBBQQu9MBegQIKBAF">&nbsp;</div>
</div>
<h4><strong>Oferta educativa</strong></h4>
<p>Somos un colegio rural que cuenta entre sus aspectos más destacados con la implicación de un entorno que ha asumido la transformación del mismo en Comunidad de Aprendizaje. La participación también se traslada a los planes y proyectos, desarrollando, entre otros, el Plan de Centro Bilingüe (Inglés). El interés por la innovación y las ganas de ofrecer a nuestro alumnado lo mejor en el plano educativo son nuestras señas de identidad. Les invitamos a visitar nuestro blog, nuestro pueblo y nuestro colegio.</p>
<h4>Instalaciones</h4>
<p><!-- default-view.php -->
<div
	class="ngg-galleryoverview default-view
	 ngg-ajax-pagination-none	"
	id="ngg-gallery-7bd57b0a1e84a07a972d91eb4118437e-1">

		<!-- Thumbnails -->
				<div id="ngg-image-0" class="ngg-gallery-thumbnail-box
											"
			>
						<div class="ngg-gallery-thumbnail">
			<a href="https://blogsaverroes.juntadeandalucia.es/ceipvirgendelascruces/wp-content/uploads/sites/797/nggallery/el-centro/instalacion01.jpg"
				title=""
				data-src="https://blogsaverroes.juntadeandalucia.es/ceipvirgendelascruces/wp-content/uploads/sites/797/nggallery/el-centro/instalacion01.jpg"
				data-thumbnail="https://blogsaverroes.juntadeandalucia.es/ceipvirgendelascruces/wp-content/uploads/sites/797/nggallery/el-centro/thumbs/thumbs_instalacion01.jpg"
				data-image-id="14"
				data-title="instalacion01"
				data-description=""
				data-image-slug="instalacion01-1"
				class="ngg-fancybox" rel="7bd57b0a1e84a07a972d91eb4118437e">
				<img
					title="instalacion01"
					alt="instalacion01"
					src="https://blogsaverroes.juntadeandalucia.es/ceipvirgendelascruces/wp-content/uploads/sites/797/nggallery/el-centro/thumbs/thumbs_instalacion01.jpg"
					width="120"
					height="90"
					style="max-width:100%;"
				/>
			</a>
		</div>
							</div>
			
				<div id="ngg-image-1" class="ngg-gallery-thumbnail-box
											"
			>
						<div class="ngg-gallery-thumbnail">
			<a href="https://blogsaverroes.juntadeandalucia.es/ceipvirgendelascruces/wp-content/uploads/sites/797/nggallery/el-centro/instalacion02.jpg"
				title=""
				data-src="https://blogsaverroes.juntadeandalucia.es/ceipvirgendelascruces/wp-content/uploads/sites/797/nggallery/el-centro/instalacion02.jpg"
				data-thumbnail="https://blogsaverroes.juntadeandalucia.es/ceipvirgendelascruces/wp-content/uploads/sites/797/nggallery/el-centro/thumbs/thumbs_instalacion02.jpg"
				data-image-id="15"
				data-title="instalacion02"
				data-description=""
				data-image-slug="instalacion02-1"
				class="ngg-fancybox" rel="7bd57b0a1e84a07a972d91eb4118437e">
				<img
					title="instalacion02"
					alt="instalacion02"
					src="https://blogsaverroes.juntadeandalucia.es/ceipvirgendelascruces/wp-content/uploads/sites/797/nggallery/el-centro/thumbs/thumbs_instalacion02.jpg"
					width="120"
					height="90"
					style="max-width:100%;"
				/>
			</a>
		</div>
							</div>
			
				<div id="ngg-image-2" class="ngg-gallery-thumbnail-box
											"
			>
						<div class="ngg-gallery-thumbnail">
			<a href="https://blogsaverroes.juntadeandalucia.es/ceipvirgendelascruces/wp-content/uploads/sites/797/nggallery/el-centro/instalacion03.jpg"
				title=""
				data-src="https://blogsaverroes.juntadeandalucia.es/ceipvirgendelascruces/wp-content/uploads/sites/797/nggallery/el-centro/instalacion03.jpg"
				data-thumbnail="https://blogsaverroes.juntadeandalucia.es/ceipvirgendelascruces/wp-content/uploads/sites/797/nggallery/el-centro/thumbs/thumbs_instalacion03.jpg"
				data-image-id="16"
				data-title="instalacion03"
				data-description=""
				data-image-slug="instalacion03-1"
				class="ngg-fancybox" rel="7bd57b0a1e84a07a972d91eb4118437e">
				<img
					title="instalacion03"
					alt="instalacion03"
					src="https://blogsaverroes.juntadeandalucia.es/ceipvirgendelascruces/wp-content/uploads/sites/797/nggallery/el-centro/thumbs/thumbs_instalacion03.jpg"
					width="120"
					height="90"
					style="max-width:100%;"
				/>
			</a>
		</div>
							</div>
			
				<div id="ngg-image-3" class="ngg-gallery-thumbnail-box
											"
			>
						<div class="ngg-gallery-thumbnail">
			<a href="https://blogsaverroes.juntadeandalucia.es/ceipvirgendelascruces/wp-content/uploads/sites/797/nggallery/el-centro/instalacion04.jpg"
				title=""
				data-src="https://blogsaverroes.juntadeandalucia.es/ceipvirgendelascruces/wp-content/uploads/sites/797/nggallery/el-centro/instalacion04.jpg"
				data-thumbnail="https://blogsaverroes.juntadeandalucia.es/ceipvirgendelascruces/wp-content/uploads/sites/797/nggallery/el-centro/thumbs/thumbs_instalacion04.jpg"
				data-image-id="17"
				data-title="instalacion04"
				data-description=""
				data-image-slug="instalacion04-1"
				class="ngg-fancybox" rel="7bd57b0a1e84a07a972d91eb4118437e">
				<img
					title="instalacion04"
					alt="instalacion04"
					src="https://blogsaverroes.juntadeandalucia.es/ceipvirgendelascruces/wp-content/uploads/sites/797/nggallery/el-centro/thumbs/thumbs_instalacion04.jpg"
					width="120"
					height="90"
					style="max-width:100%;"
				/>
			</a>
		</div>
							</div>
			
	
	<br style="clear: both" />

		<div class="slideshowlink">
		<a href='https://blogsaverroes.juntadeandalucia.es/ceipvirgendelascruces/el-centro-2/nggallery/slideshow'>[Mostrar presentación de diapositivas]</a>

	</div>
	
		<!-- Pagination -->
		<div class='ngg-clear'></div>	</div>
</p>

<p>CEIP Virgen de las Cruces Dirección Calle Juan Carlos I, s/n 14413 El Guijo, Córdoba. Teléfono 957 13 98 06 / 671 531 185 Email 14004041.edu@juntadeandalucia.es Horarios Lunes: de 9:00 h. a 14:00 h.&#46;&#46;&#46;</p>
