{"id":35,"date":"2015-03-13T08:21:43","date_gmt":"2015-03-13T08:21:43","guid":{"rendered":"http:\/\/blogsaverroes.juntadeandalucia.es\/pre\/ceip\/?page_id=35"},"modified":"2019-03-15T10:31:35","modified_gmt":"2019-03-15T10:31:35","slug":"el-centro-2","status":"publish","type":"page","link":"https:\/\/blogsaverroes.juntadeandalucia.es\/ceipvirgendelasnieves\/el-centro-2\/","title":{"rendered":"Datos del centro"},"content":{"rendered":"<p><a href=\"https:\/\/www.google.com\/maps\/search\/colegio+virgen+de+las+nieves+granada\/@37.170038,-3.6081754,14z\">https:\/\/www.google.com\/maps\/search\/colegio+virgen+de+las+nieves+granada\/@37.170038,-3.6081754,14z<\/a><\/p>\n<h4>Datos de contacto<\/h4>\n<p>CEIP Virgen de las Nieves<\/p>\n<p><strong>Direcci\u00f3n:<\/strong> &nbsp;Calle Hermanos Costaleros s\/n. 18008 Granada<\/p>\n<p><strong>Tel\u00e9fono \/ FAX: 958893215<\/strong><br \/>\n<strong>Email:<\/strong>18004495.edu@juntadeandalucia.es<\/p>\n<h4><strong>Horarios<\/strong><\/h4>\n<p>Aula Matinal: de 7:30 a 8:50 horas<\/p>\n<p>Horario de clases: 9:00 a 14:00 horas.<\/p>\n<p>Horario de tutor\u00edas:&nbsp; los lunes de 16:00 a 17:00 horas&nbsp;<\/p>\n<p>Comedor: 14:00 a 16:00 horas<\/p>\n<p>Actividades extraescolares: de lunes a jueves de 16:00 a 17:00 horas<\/p>\n<h4><strong>Oferta educativa<\/strong><\/h4>\n<p>En nuestro centro se imparten las ense\u00f1anzas de segundo ciclo de educaci\u00f3n infantil y educaci\u00f3n primaria.<\/p>\n<p>En el curso 2019\/2020 comenzamos nuestras andanzas como CENTRO BILING\u00dcE.<\/p>\n<h4><strong>Instalaciones:<\/strong><\/h4>\n<p>El centro es de una l\u00ednea con dos zonas bien diferenciadas, una para educaci\u00f3n Infantil y otra para Primaria. Cuenta con varias construcciones distribuidas del siguiente modo:<\/p>\n<ul>\n<li><strong>Edificio Principal: <\/strong>en el que se encuentran las siguientes dependencias:\n<ul>\n<li>Planta baja:\n<ul>\n<li>Despacho de la Direcci\u00f3n.<\/li>\n<li>Secretar\u00eda y Jefatura de Estudios.<\/li>\n<li>Sala del Profesorado.<\/li>\n<li>Un aula Pedagog\u00eda Terap\u00e9utica<\/li>\n<li>Aula de M\u00fasica.<\/li>\n<li>Comedor escolar, usado tambi\u00e9n de aula matinal y sal\u00f3n de usos m\u00faltiples.<\/li>\n<li>Administraci\u00f3n<\/li>\n<\/ul>\n<\/li>\n<li>Primera planta:\n<ul>\n<li>4 aulas de educaci\u00f3n primaria.<\/li>\n<li>Tres despachos para tutor\u00edas.<\/li>\n<li>Un despacho para el Equipo de Orientaci\u00f3n.<\/li>\n<\/ul>\n<\/li>\n<li>Segunda planta:\n<ul>\n<li>Dos aulas de educaci\u00f3n primaria.<\/li>\n<li>Aula de Religi\u00f3n.<\/li>\n<\/ul>\n<\/li>\n<\/ul>\n<\/li>\n<li><strong>Edificio de educaci\u00f3n infantil:<\/strong>\n<ul>\n<li>Tres aulas de educaci\u00f3n infantil.<\/li>\n<li>Sala de material.<\/li>\n<li>Patio vallado de uso para el alumnado de infantil<\/li>\n<\/ul>\n<\/li>\n<li><strong>Zona exterior: <\/strong>hay un gran porche con acceso que facilita la entrada ordenada del alumnado a cada edificio. Asimismo, contamos con dos pistas deportivas que son utilizadas como patio de recreo.<\/li>\n<li><strong>Gimnasio.<\/strong><\/li>\n<\/ul>\n<p><!-- default-view.php -->\n<div\n\tclass=\"ngg-galleryoverview default-view\n\t ngg-ajax-pagination-none\t\"\n\tid=\"ngg-gallery-7bd57b0a1e84a07a972d91eb4118437e-1\">\n\n\t\t<!-- Thumbnails -->\n\t\t\t\t<div id=\"ngg-image-0\" class=\"ngg-gallery-thumbnail-box\n\t\t\t\t\t\t\t\t\t\t\t\"\n\t\t\t>\n\t\t\t\t\t\t<div class=\"ngg-gallery-thumbnail\">\n\t\t\t<a href=\"https:\/\/blogsaverroes.juntadeandalucia.es\/ceipvirgendelasnieves\/wp-content\/uploads\/sites\/797\/nggallery\/el-centro\/instalacion01.jpg\"\n\t\t\t\ttitle=\"Aulario\"\n\t\t\t\tdata-src=\"https:\/\/blogsaverroes.juntadeandalucia.es\/ceipvirgendelasnieves\/wp-content\/uploads\/sites\/797\/nggallery\/el-centro\/instalacion01.jpg\"\n\t\t\t\tdata-thumbnail=\"https:\/\/blogsaverroes.juntadeandalucia.es\/ceipvirgendelasnieves\/wp-content\/uploads\/sites\/797\/nggallery\/el-centro\/thumbs\/thumbs_instalacion01.jpg\"\n\t\t\t\tdata-image-id=\"10\"\n\t\t\t\tdata-title=\"instalacion01\"\n\t\t\t\tdata-description=\"Aulario\"\n\t\t\t\tdata-image-slug=\"instalacion01-1\"\n\t\t\t\tclass=\"ngg-fancybox\" rel=\"7bd57b0a1e84a07a972d91eb4118437e\">\n\t\t\t\t<img\n\t\t\t\t\ttitle=\"instalacion01\"\n\t\t\t\t\talt=\"instalacion01\"\n\t\t\t\t\tsrc=\"https:\/\/blogsaverroes.juntadeandalucia.es\/ceipvirgendelasnieves\/wp-content\/uploads\/sites\/797\/nggallery\/el-centro\/thumbs\/thumbs_instalacion01.jpg\"\n\t\t\t\t\twidth=\"120\"\n\t\t\t\t\theight=\"90\"\n\t\t\t\t\tstyle=\"max-width:100%;\"\n\t\t\t\t\/>\n\t\t\t<\/a>\n\t\t<\/div>\n\t\t\t\t\t\t\t<\/div>\n\t\t\t\n\t\t\t\t<div id=\"ngg-image-1\" class=\"ngg-gallery-thumbnail-box\n\t\t\t\t\t\t\t\t\t\t\t\"\n\t\t\t>\n\t\t\t\t\t\t<div class=\"ngg-gallery-thumbnail\">\n\t\t\t<a href=\"https:\/\/blogsaverroes.juntadeandalucia.es\/ceipvirgendelasnieves\/wp-content\/uploads\/sites\/797\/nggallery\/el-centro\/instalacion02.jpg\"\n\t\t\t\ttitle=\"Gimnasio\"\n\t\t\t\tdata-src=\"https:\/\/blogsaverroes.juntadeandalucia.es\/ceipvirgendelasnieves\/wp-content\/uploads\/sites\/797\/nggallery\/el-centro\/instalacion02.jpg\"\n\t\t\t\tdata-thumbnail=\"https:\/\/blogsaverroes.juntadeandalucia.es\/ceipvirgendelasnieves\/wp-content\/uploads\/sites\/797\/nggallery\/el-centro\/thumbs\/thumbs_instalacion02.jpg\"\n\t\t\t\tdata-image-id=\"11\"\n\t\t\t\tdata-title=\"instalacion02\"\n\t\t\t\tdata-description=\"Gimnasio\"\n\t\t\t\tdata-image-slug=\"instalacion02-1\"\n\t\t\t\tclass=\"ngg-fancybox\" rel=\"7bd57b0a1e84a07a972d91eb4118437e\">\n\t\t\t\t<img\n\t\t\t\t\ttitle=\"instalacion02\"\n\t\t\t\t\talt=\"instalacion02\"\n\t\t\t\t\tsrc=\"https:\/\/blogsaverroes.juntadeandalucia.es\/ceipvirgendelasnieves\/wp-content\/uploads\/sites\/797\/nggallery\/el-centro\/thumbs\/thumbs_instalacion02.jpg\"\n\t\t\t\t\twidth=\"120\"\n\t\t\t\t\theight=\"90\"\n\t\t\t\t\tstyle=\"max-width:100%;\"\n\t\t\t\t\/>\n\t\t\t<\/a>\n\t\t<\/div>\n\t\t\t\t\t\t\t<\/div>\n\t\t\t\n\t\t\t\t<div id=\"ngg-image-2\" class=\"ngg-gallery-thumbnail-box\n\t\t\t\t\t\t\t\t\t\t\t\"\n\t\t\t>\n\t\t\t\t\t\t<div class=\"ngg-gallery-thumbnail\">\n\t\t\t<a href=\"https:\/\/blogsaverroes.juntadeandalucia.es\/ceipvirgendelasnieves\/wp-content\/uploads\/sites\/797\/nggallery\/el-centro\/instalacion03.jpg\"\n\t\t\t\ttitle=\"Sala de presentaciones\"\n\t\t\t\tdata-src=\"https:\/\/blogsaverroes.juntadeandalucia.es\/ceipvirgendelasnieves\/wp-content\/uploads\/sites\/797\/nggallery\/el-centro\/instalacion03.jpg\"\n\t\t\t\tdata-thumbnail=\"https:\/\/blogsaverroes.juntadeandalucia.es\/ceipvirgendelasnieves\/wp-content\/uploads\/sites\/797\/nggallery\/el-centro\/thumbs\/thumbs_instalacion03.jpg\"\n\t\t\t\tdata-image-id=\"12\"\n\t\t\t\tdata-title=\"instalacion03\"\n\t\t\t\tdata-description=\"Sala de presentaciones\"\n\t\t\t\tdata-image-slug=\"instalacion03-1\"\n\t\t\t\tclass=\"ngg-fancybox\" rel=\"7bd57b0a1e84a07a972d91eb4118437e\">\n\t\t\t\t<img\n\t\t\t\t\ttitle=\"instalacion03\"\n\t\t\t\t\talt=\"instalacion03\"\n\t\t\t\t\tsrc=\"https:\/\/blogsaverroes.juntadeandalucia.es\/ceipvirgendelasnieves\/wp-content\/uploads\/sites\/797\/nggallery\/el-centro\/thumbs\/thumbs_instalacion03.jpg\"\n\t\t\t\t\twidth=\"120\"\n\t\t\t\t\theight=\"90\"\n\t\t\t\t\tstyle=\"max-width:100%;\"\n\t\t\t\t\/>\n\t\t\t<\/a>\n\t\t<\/div>\n\t\t\t\t\t\t\t<\/div>\n\t\t\t\n\t\t\t\t<div id=\"ngg-image-3\" class=\"ngg-gallery-thumbnail-box\n\t\t\t\t\t\t\t\t\t\t\t\"\n\t\t\t>\n\t\t\t\t\t\t<div class=\"ngg-gallery-thumbnail\">\n\t\t\t<a href=\"https:\/\/blogsaverroes.juntadeandalucia.es\/ceipvirgendelasnieves\/wp-content\/uploads\/sites\/797\/nggallery\/el-centro\/instalacion04.jpg\"\n\t\t\t\ttitle=\"Taquillas\"\n\t\t\t\tdata-src=\"https:\/\/blogsaverroes.juntadeandalucia.es\/ceipvirgendelasnieves\/wp-content\/uploads\/sites\/797\/nggallery\/el-centro\/instalacion04.jpg\"\n\t\t\t\tdata-thumbnail=\"https:\/\/blogsaverroes.juntadeandalucia.es\/ceipvirgendelasnieves\/wp-content\/uploads\/sites\/797\/nggallery\/el-centro\/thumbs\/thumbs_instalacion04.jpg\"\n\t\t\t\tdata-image-id=\"13\"\n\t\t\t\tdata-title=\"instalacion04\"\n\t\t\t\tdata-description=\"Taquillas\"\n\t\t\t\tdata-image-slug=\"instalacion04-1\"\n\t\t\t\tclass=\"ngg-fancybox\" rel=\"7bd57b0a1e84a07a972d91eb4118437e\">\n\t\t\t\t<img\n\t\t\t\t\ttitle=\"instalacion04\"\n\t\t\t\t\talt=\"instalacion04\"\n\t\t\t\t\tsrc=\"https:\/\/blogsaverroes.juntadeandalucia.es\/ceipvirgendelasnieves\/wp-content\/uploads\/sites\/797\/nggallery\/el-centro\/thumbs\/thumbs_instalacion04.jpg\"\n\t\t\t\t\twidth=\"120\"\n\t\t\t\t\theight=\"90\"\n\t\t\t\t\tstyle=\"max-width:100%;\"\n\t\t\t\t\/>\n\t\t\t<\/a>\n\t\t<\/div>\n\t\t\t\t\t\t\t<\/div>\n\t\t\t\n\t\t\t\t<div id=\"ngg-image-4\" class=\"ngg-gallery-thumbnail-box\n\t\t\t\t\t\t\t\t\t\t\t\"\n\t\t\t>\n\t\t\t\t\t\t<div class=\"ngg-gallery-thumbnail\">\n\t\t\t<a href=\"https:\/\/blogsaverroes.juntadeandalucia.es\/ceipvirgendelasnieves\/wp-content\/uploads\/sites\/797\/nggallery\/el-centro\/colegio.JPG\"\n\t\t\t\ttitle=\"\"\n\t\t\t\tdata-src=\"https:\/\/blogsaverroes.juntadeandalucia.es\/ceipvirgendelasnieves\/wp-content\/uploads\/sites\/797\/nggallery\/el-centro\/colegio.JPG\"\n\t\t\t\tdata-thumbnail=\"https:\/\/blogsaverroes.juntadeandalucia.es\/ceipvirgendelasnieves\/wp-content\/uploads\/sites\/797\/nggallery\/el-centro\/thumbs\/thumbs_colegio.JPG\"\n\t\t\t\tdata-image-id=\"14\"\n\t\t\t\tdata-title=\"colegio\"\n\t\t\t\tdata-description=\"\"\n\t\t\t\tdata-image-slug=\"colegio\"\n\t\t\t\tclass=\"ngg-fancybox\" rel=\"7bd57b0a1e84a07a972d91eb4118437e\">\n\t\t\t\t<img\n\t\t\t\t\ttitle=\"colegio\"\n\t\t\t\t\talt=\"colegio\"\n\t\t\t\t\tsrc=\"https:\/\/blogsaverroes.juntadeandalucia.es\/ceipvirgendelasnieves\/wp-content\/uploads\/sites\/797\/nggallery\/el-centro\/thumbs\/thumbs_colegio.JPG\"\n\t\t\t\t\twidth=\"120\"\n\t\t\t\t\theight=\"90\"\n\t\t\t\t\tstyle=\"max-width:100%;\"\n\t\t\t\t\/>\n\t\t\t<\/a>\n\t\t<\/div>\n\t\t\t\t\t\t\t<\/div>\n\t\t\t\n\t\t\t\t<div id=\"ngg-image-5\" class=\"ngg-gallery-thumbnail-box\n\t\t\t\t\t\t\t\t\t\t\t\"\n\t\t\t>\n\t\t\t\t\t\t<div class=\"ngg-gallery-thumbnail\">\n\t\t\t<a href=\"https:\/\/blogsaverroes.juntadeandalucia.es\/ceipvirgendelasnieves\/wp-content\/uploads\/sites\/797\/nggallery\/el-centro\/Logo-cole1.PNG\"\n\t\t\t\ttitle=\"\"\n\t\t\t\tdata-src=\"https:\/\/blogsaverroes.juntadeandalucia.es\/ceipvirgendelasnieves\/wp-content\/uploads\/sites\/797\/nggallery\/el-centro\/Logo-cole1.PNG\"\n\t\t\t\tdata-thumbnail=\"https:\/\/blogsaverroes.juntadeandalucia.es\/ceipvirgendelasnieves\/wp-content\/uploads\/sites\/797\/nggallery\/el-centro\/thumbs\/thumbs_Logo-cole1.PNG\"\n\t\t\t\tdata-image-id=\"15\"\n\t\t\t\tdata-title=\"Logo-cole1\"\n\t\t\t\tdata-description=\"\"\n\t\t\t\tdata-image-slug=\"logo-cole1\"\n\t\t\t\tclass=\"ngg-fancybox\" rel=\"7bd57b0a1e84a07a972d91eb4118437e\">\n\t\t\t\t<img\n\t\t\t\t\ttitle=\"Logo-cole1\"\n\t\t\t\t\talt=\"Logo-cole1\"\n\t\t\t\t\tsrc=\"https:\/\/blogsaverroes.juntadeandalucia.es\/ceipvirgendelasnieves\/wp-content\/uploads\/sites\/797\/nggallery\/el-centro\/thumbs\/thumbs_Logo-cole1.PNG\"\n\t\t\t\t\twidth=\"120\"\n\t\t\t\t\theight=\"90\"\n\t\t\t\t\tstyle=\"max-width:100%;\"\n\t\t\t\t\/>\n\t\t\t<\/a>\n\t\t<\/div>\n\t\t\t\t\t\t\t<\/div>\n\t\t\t\n\t\n\t<br style=\"clear: both\" \/>\n\n\t\t<div class=\"slideshowlink\">\n\t\t<a href='https:\/\/blogsaverroes.juntadeandalucia.es\/ceipvirgendelasnieves\/el-centro-2\/nggallery\/slideshow'>[Mostrar presentaci\u00f3n de diapositivas]<\/a>\n\n\t<\/div>\n\t\n\t\t<!-- Pagination -->\n\t\t<div class='ngg-clear'><\/div>\t<\/div>\n<\/p>\n","protected":false},"excerpt":{"rendered":"<p>https:\/\/www.google.com\/maps\/search\/colegio+virgen+de+las+nieves+granada\/@37.170038,-3.6081754,14z Datos de contacto CEIP Virgen de las Nieves Direcci\u00f3n: &nbsp;Calle Hermanos Costaleros s\/n. 18008 Granada Tel\u00e9fono \/ FAX: 958893215 Email:18004495.edu@juntadeandalucia.es Horarios Aula Matinal: de 7:30 a 8:50 horas Horario de clases: 9:00 a&#46;&#46;&#46;<\/p>\n","protected":false},"author":1,"featured_media":0,"parent":0,"menu_order":0,"comment_status":"closed","ping_status":"open","template":"page-cs.php","meta":{"ngg_post_thumbnail":0,"footnotes":"","_mc_calendar":[]},"aioseo_notices":[],"_links":{"self":[{"href":"https:\/\/blogsaverroes.juntadeandalucia.es\/ceipvirgendelasnieves\/wp-json\/wp\/v2\/pages\/35"}],"collection":[{"href":"https:\/\/blogsaverroes.juntadeandalucia.es\/ceipvirgendelasnieves\/wp-json\/wp\/v2\/pages"}],"about":[{"href":"https:\/\/blogsaverroes.juntadeandalucia.es\/ceipvirgendelasnieves\/wp-json\/wp\/v2\/types\/page"}],"author":[{"embeddable":true,"href":"https:\/\/blogsaverroes.juntadeandalucia.es\/ceipvirgendelasnieves\/wp-json\/wp\/v2\/users\/1"}],"replies":[{"embeddable":true,"href":"https:\/\/blogsaverroes.juntadeandalucia.es\/ceipvirgendelasnieves\/wp-json\/wp\/v2\/comments?post=35"}],"version-history":[{"count":21,"href":"https:\/\/blogsaverroes.juntadeandalucia.es\/ceipvirgendelasnieves\/wp-json\/wp\/v2\/pages\/35\/revisions"}],"predecessor-version":[{"id":2123,"href":"https:\/\/blogsaverroes.juntadeandalucia.es\/ceipvirgendelasnieves\/wp-json\/wp\/v2\/pages\/35\/revisions\/2123"}],"wp:attachment":[{"href":"https:\/\/blogsaverroes.juntadeandalucia.es\/ceipvirgendelasnieves\/wp-json\/wp\/v2\/media?parent=35"}],"curies":[{"name":"wp","href":"https:\/\/api.w.org\/{rel}","templated":true}]}}