{"id":802,"date":"2015-11-09T20:48:37","date_gmt":"2015-11-09T19:48:37","guid":{"rendered":"http:\/\/blogsaverroes.juntadeandalucia.es\/ceipvirgendelmaralmeria\/?page_id=802"},"modified":"2021-12-26T10:24:43","modified_gmt":"2021-12-26T09:24:43","slug":"plan-de-lectura","status":"publish","type":"page","link":"https:\/\/blogsaverroes.juntadeandalucia.es\/ceipvirgendelmaralmeria\/centro\/planes-y-programas\/plan-de-lectura\/","title":{"rendered":"Plan de Lectura"},"content":{"rendered":"<div>\n<table class=\" aligncenter\" style=\"width: 720px;background-color: #fffbcc\" border=\"0\" cellspacing=\"0\" cellpadding=\"0\">\n<tbody>\n<tr style=\"height: 170px\">\n<td style=\"width: 503px;text-align: left;vertical-align: bottom;height: 170px\"><a href=\"http:\/\/www.juntadeandalucia.es\/educacion\/webportal\/web\/lecturas-y-bibliotecas-escolares\/lectura\" target=\"_blank\" rel=\"noopener noreferrer\"><img loading=\"lazy\" decoding=\"async\" class=\"alignnone size-full wp-image-67\" src=\"https:\/\/blogsaverroes.juntadeandalucia.es\/ceipvirgendelmaralmeria\/files\/2015\/10\/logole.png\" alt=\"logole\" width=\"180\" height=\"164\"><\/a><\/td>\n<td style=\"width: 1120.87px;text-align: center;vertical-align: bottom;height: 170px\"><a href=\"http:\/\/www.juntadeandalucia.es\/educacion\/webportal\/web\/lecturas-y-bibliotecas-escolares\/bibliotecas-escolares\" target=\"_blank\" rel=\"noopener noreferrer\"><img loading=\"lazy\" decoding=\"async\" class=\"alignnone size-full wp-image-65\" src=\"https:\/\/blogsaverroes.juntadeandalucia.es\/ceipvirgendelmaralmeria\/files\/2015\/10\/logobe.png\" alt=\"logobe\" width=\"180\" height=\"164\"><\/a><\/td>\n<td style=\"width: 527.133px;text-align: right;vertical-align: bottom;height: 170px\"><a href=\"http:\/\/www.juntadeandalucia.es\/educacion\/webportal\/web\/portal-libro-abierto\" target=\"_blank\" rel=\"noopener noreferrer\"><img loading=\"lazy\" decoding=\"async\" class=\"alignnone size-full wp-image-66\" src=\"https:\/\/blogsaverroes.juntadeandalucia.es\/ceipvirgendelmaralmeria\/files\/2015\/10\/logola.png\" alt=\"logola\" width=\"180\" height=\"164\"><\/a><\/td>\n<\/tr>\n<tr style=\"height: 320px\">\n<td style=\"width: 2151px;text-align: justify;background-color: #fffbcc;height: 320px\" colspan=\"3\">\n<p id=\"u30241-2\"><span style=\"color: #444444;font-family: arial,helvetica,sans-serif\">La Consejer\u00eda de Educaci\u00f3n puso en marcha el presente Plan de Lectura y de Bibliotecas Escolares, Plan LyB, dirigido a los centros docentes andaluces de titularidad p\u00fablica de educaci\u00f3n infantil y primaria y educaci\u00f3n secundaria, con el prop\u00f3sito de impulsar una serie de medidas que faciliten a los ni\u00f1os y ni\u00f1as y a los j\u00f3venes el desarrollo de pr\u00e1cticas lectoras y habilidades intelectuales e incorporen el uso regular de la biblioteca escolar como recurso de apoyo para el aprendizaje permanente.<\/span><\/p>\n<p><span style=\"color: #444444;font-family: arial,helvetica,sans-serif\">La comprensi\u00f3n lectora es considerada como una competencia b\u00e1sica fundamental para la adquisici\u00f3n de nuevos aprendizajes y para el desarrollo personal de los escolares, siendo por tanto un elemento primordial en la formaci\u00f3n del alumnado, cuyo desarrollo estar\u00e1 vinculado a todas las \u00e1reas.<\/span><\/p>\n<p><span style=\"color: #444444;font-family: arial,helvetica,sans-serif\"><strong><span id=\"u30241-7\">PARTICIPANTES<\/span><\/strong>: Comunidad educativa del centro.<\/span><\/td>\n<\/tr>\n<tr style=\"height: 24.5px\">\n<td style=\"width: 503px;text-align: justify;background-color: #fffbcc;height: 24.5px\"><a href=\"https:\/\/blogsaverroes.juntadeandalucia.es\/ceipvirgendelmaralmeria\/biblioteca\/horario\/\"><span style=\"color: #0000ff\"><strong>Horario de Pr\u00e9stamos<\/strong><\/span><\/a><\/td>\n<td style=\"width: 1120.87px;background-color: #fffbcc;height: 24.5px;text-align: right\"><a href=\"https:\/\/drive.google.com\/file\/d\/1fO6UJx6I21UyQfneCkqt12qBwP1yhZup\/view?usp=sharing\" target=\"_blank\" rel=\"noopener noreferrer\"><span style=\"color: #0000ff\"><strong>Plan de Biblioteca&nbsp;&nbsp;&nbsp; &nbsp; &nbsp;&nbsp; <\/strong><\/span><\/a><\/td>\n<td style=\"width: 527.133px;background-color: #fffbcc;height: 24.5px;text-align: center\">&nbsp;<\/td>\n<\/tr>\n<tr style=\"height: 24px\">\n<td style=\"width: 1623.87px;text-align: justify;background-color: #fffbcc;height: 24px\" colspan=\"2\"><a href=\"http:\/\/www.juntadeandalucia.es\/educacion\/webportal\/web\/lecturas-y-bibliotecas-escolares\" target=\"_blank\" rel=\"noopener noreferrer\"><span style=\"color: #0000ff\"><strong>PORTAL DE LECTURA Y BIBLIOTECAS<\/strong><\/span><\/a><\/td>\n<td style=\"width: 527.133px;background-color: #cccc66;height: 24px;text-align: center\"><a href=\"https:\/\/www.juntadeandalucia.es\/educacion\/senecav2\/seneca\/biblioweb\/index\/\" target=\"_blank\" rel=\"noopener noreferrer\"><span style=\"color: #444444\"><strong>Consultar Cat\u00e1logo<\/strong><\/span><\/a><\/td>\n<\/tr>\n<\/tbody>\n<\/table>\n<\/div>\n","protected":false},"excerpt":{"rendered":"<p>La Consejer\u00eda de Educaci\u00f3n puso en marcha el presente Plan de Lectura y de Bibliotecas Escolares, Plan LyB, dirigido a los centros docentes andaluces de titularidad p\u00fablica de educaci\u00f3n infantil y primaria y educaci\u00f3n&#46;&#46;&#46;<\/p>\n","protected":false},"author":1952,"featured_media":0,"parent":105,"menu_order":9,"comment_status":"open","ping_status":"closed","template":"","meta":{"ngg_post_thumbnail":0,"footnotes":""},"aioseo_notices":[],"_links":{"self":[{"href":"https:\/\/blogsaverroes.juntadeandalucia.es\/ceipvirgendelmaralmeria\/wp-json\/wp\/v2\/pages\/802"}],"collection":[{"href":"https:\/\/blogsaverroes.juntadeandalucia.es\/ceipvirgendelmaralmeria\/wp-json\/wp\/v2\/pages"}],"about":[{"href":"https:\/\/blogsaverroes.juntadeandalucia.es\/ceipvirgendelmaralmeria\/wp-json\/wp\/v2\/types\/page"}],"author":[{"embeddable":true,"href":"https:\/\/blogsaverroes.juntadeandalucia.es\/ceipvirgendelmaralmeria\/wp-json\/wp\/v2\/users\/1952"}],"replies":[{"embeddable":true,"href":"https:\/\/blogsaverroes.juntadeandalucia.es\/ceipvirgendelmaralmeria\/wp-json\/wp\/v2\/comments?post=802"}],"version-history":[{"count":23,"href":"https:\/\/blogsaverroes.juntadeandalucia.es\/ceipvirgendelmaralmeria\/wp-json\/wp\/v2\/pages\/802\/revisions"}],"predecessor-version":[{"id":2320,"href":"https:\/\/blogsaverroes.juntadeandalucia.es\/ceipvirgendelmaralmeria\/wp-json\/wp\/v2\/pages\/802\/revisions\/2320"}],"up":[{"embeddable":true,"href":"https:\/\/blogsaverroes.juntadeandalucia.es\/ceipvirgendelmaralmeria\/wp-json\/wp\/v2\/pages\/105"}],"wp:attachment":[{"href":"https:\/\/blogsaverroes.juntadeandalucia.es\/ceipvirgendelmaralmeria\/wp-json\/wp\/v2\/media?parent=802"}],"curies":[{"name":"wp","href":"https:\/\/api.w.org\/{rel}","templated":true}]}}