{"id":141,"date":"2025-03-01T09:13:24","date_gmt":"2025-03-01T08:13:24","guid":{"rendered":"http:\/\/blogsaverroes.juntadeandalucia.es\/pre\/ceip\/?page_id=141"},"modified":"2025-03-02T00:21:56","modified_gmt":"2025-03-01T23:21:56","slug":"escolarizacion","status":"publish","type":"page","link":"https:\/\/blogsaverroes.juntadeandalucia.es\/ceipvirgendeloreto\/escolarizacion\/","title":{"rendered":"Escolarizaci\u00f3n"},"content":{"rendered":"<p>&nbsp;<\/p>\n<table style=\"border-collapse: collapse;width: 100.393%;height: 84px\">\n<tbody>\n<tr style=\"border-style: solid;border-color: #340af2;background-color: #dde8cf\">\n<td style=\"width: 100%;text-align: center\">\n<h1><span style=\"color: #000000\"><strong>PROCESO DE ESCOLARIZACI\u00d3N 2025\/2026<\/strong><\/span><\/h1>\n<\/td>\n<\/tr>\n<\/tbody>\n<\/table>\n<p>&nbsp;<\/p>\n<table style=\"border-collapse: collapse;width: 100%\">\n<tbody>\n<tr style=\"border-style: solid;border-color: #340af2;background-color: #cfd3e8\">\n<td style=\"width: 755px;text-align: center\"><span style=\"color: #0000ff\"><strong>PLAZO DE ADMISI\u00d3N<\/strong><\/span><\/td>\n<\/tr>\n<\/tbody>\n<\/table>\n<p>Desde el d\u00eda <strong>1 de marzo al 31 de marzo de 2025 <\/strong>queda abierto el procedimiento ordinario de admisi\u00f3n del alumnado para el curso 2025\/2026 con el calendario que establece la <a href=\"https:\/\/www.juntadeandalucia.es\/boja\/2025\/21\/BOJA25-021-00001-1172-01_00314782.pdf\">Resoluci\u00f3n de 21 de enero de 2025<\/a> de la Direcci\u00f3n General de Planificaci\u00f3n, Centros de ense\u00f1anza y seg\u00fan el decreto 21\/2020 del 17 de febrero por el que se regulan los criterios y el procedimiento de admisi\u00f3n del alumnado en los centros docentes p\u00fablicos y privados concertados.<\/p>\n<p>En la <a href=\"https:\/\/www.juntadeandalucia.es\/educacion\/portales\/web\/escolarizacion\/infantil-a-bachillerato\"><strong>web de Escolarizaci\u00f3n de la Junta de Andaluc\u00eda<\/strong><\/a>, la Consejer\u00eda ha publicado la normativa de referencia, la documentaci\u00f3n y toda la informaci\u00f3n del procedimiento.<\/p>\n<p><a href=\"https:\/\/www.juntadeandalucia.es\/educacion\/portales\/web\/escolarizacion\/infantil-a-bachillerato\">https:\/\/www.juntadeandalucia.es\/educacion\/portales\/web\/escolarizacion\/infantil-a-bachillerato<\/a><\/p>\n<p style=\"text-align: center\">Pinchar sobre este enlace para acceder a una recopilaci\u00f3n de la <strong>documentaci\u00f3n para el proceso de admisi\u00f3n<\/strong>.<\/p>\n<p style=\"text-align: center\"><a href=\"https:\/\/padlet.com\/ceipvirgendeloreto\/atmddno16lpauji6\">https:\/\/padlet.com\/ceipvirgendeloreto\/atmddno16lpauji6<\/a><\/p>\n<table style=\"border-collapse: collapse;width: 100%\">\n<tbody>\n<tr style=\"border-style: solid;border-color: #340af2;background-color: #cfd3e8\">\n<td style=\"width: 794px;text-align: center\"><span style=\"color: #0000ff\"><strong>COMO REALIZAR LA SOLICITUD<\/strong><\/span><\/td>\n<\/tr>\n<\/tbody>\n<\/table>\n<p><strong>La solicitud se podr\u00e1 realizar, preferentemente, de forma telem\u00e1tica a trav\u00e9s de la Secretar\u00eda Virtual de los centros educativos de la Consejer\u00eda de Desarrollo Educativo y F.P en este enlace<\/strong><strong>.<\/strong><\/p>\n<p style=\"text-align: center\"><a href=\"https:\/\/www.juntadeandalucia.es\/educacion\/secretariavirtual\/accesoTramite\/543\/\">Secretar\u00eda Virtual de la Junta de Andaluc\u00eda<\/a><\/p>\n<p>El acceso a la solicitud y su presentaci\u00f3n se puede hacer de la siguiente forma:<\/p>\n<ul>\n<li><strong>Clave IANDE<\/strong> (Facilitada en la Aplicaci\u00f3n iPASEN)<\/li>\n<li><strong>Autenticaci\u00f3n Cl@ve<\/strong> (App utilizada en otros procesos administrativos, como la presentaci\u00f3n de la Renta)<\/li>\n<li><strong>Certificado Digital<\/strong> de la FNMT o Dni-e (Autofirma).<\/li>\n<\/ul>\n<p>En caso de tener problemas t\u00e9cnicos, pueden contactar por e-mail con la secretar\u00eda del centro:&nbsp;<span style=\"color: #339966\">04000833.edu@juntadeandalucia.es<\/span>&nbsp; para resolver problemas t\u00e9cnicos o bien realizar la cumplimentaci\u00f3n de la solicitud, impresi\u00f3n y presentarla en el centro:<\/p>\n<ul>\n<li><a href=\"https:\/\/www.juntadeandalucia.es\/educacion\/portales\/documents\/100629\/669352\/3_Anexo%20III_002535_5.pdf\/16050806-cd1f-89da-678f-001bb54aab73?version=1.1\">SOLICITUD ADMISI\u00d3N &#8211; Anexo III<\/a>&nbsp;<\/li>\n<\/ul>\n<table style=\"border-collapse: collapse;width: 100%\">\n<tbody>\n<tr style=\"border-style: solid;border-color: #340af2;background-color: #cfd3e8\">\n<td style=\"width: 794px;text-align: center\"><span style=\"color: #0000ff\"><strong>NORMATIVA DE APLICACI\u00d3N<\/strong><\/span><\/td>\n<\/tr>\n<\/tbody>\n<\/table>\n<p><a href=\"https:\/\/www.juntadeandalucia.es\/boja\/2020\/34\/BOJA20-034-00029-2534-01_00169991.pdf\">Decreto 21\/2020 de 17 de febrero<\/a> por la que se regulan los criterios y el procedimiento de admisi\u00f3n del alumnado en los centros docentes p\u00fablicos y privados concertados.<\/p>\n<p><a href=\"https:\/\/www.juntadeandalucia.es\/boja\/2020\/503\/BOJA20-503-00045-3038-01_00170469.pdf\">Orden de 20 de febrero de 2020<\/a> por la que se desarrolla el procedimiento de admisi\u00f3n y otras disposiciones normativas.<\/p>\n<p><a href=\"https:\/\/www.juntadeandalucia.es\/educacion\/portales\/documents\/270701\/1635335\/220226_INSTRUCCIONES_ESCOLARIZACION_2025_26(F).pdf\/ff1d9a16-7e68-b034-5163-8830053af591?version=1.0\">Instrucciones de 25 de febrero de 2025<\/a> de la viceconsejer\u00eda, sobre los procedimientos de admisi\u00f3n y matriculaci\u00f3n del alumnado en los centros docentes sostenidos con fondos p\u00fablicos para el curso escolar 2025\/2026<\/p>\n<p>&nbsp;<\/p>\n<table style=\"border-collapse: collapse;width: 100%\">\n<tbody>\n<tr style=\"border-style: solid;border-color: #340af2;background-color: #cfd3e8\">\n<td style=\"width: 100%;text-align: center\"><span style=\"color: #0000ff\"><strong>QUI\u00c9N DEBE REALIZAR EL TR\u00c1MITE<\/strong><\/span><\/td>\n<\/tr>\n<\/tbody>\n<\/table>\n<p>Deben realizar dicho tr\u00e1mite y presentar la solicitud de admisi\u00f3n al Centro solamente el siguiente alumnado.<\/p>\n<ul>\n<li>Alumnado de <strong>nueva incorporaci\u00f3n para el curso de Infantil de 3 a\u00f1os<\/strong> que inicia su etapa escolar en el colegio (alumnado nacido durante el a\u00f1o 2022).<\/li>\n<li>Alumnado que cursando estudios en otro Centro educativo <strong>quiera cambiar de colegio<\/strong> para el siguiente curso 2025\/2026<\/li>\n<li>Alumnado de sexto de primaria que <strong>no desee realizar los estudios de Secundaria en el IES Maestro Padilla<\/strong>, al cual est\u00e1 adscrito este centro, seg\u00fan la autorizaci\u00f3n de la oferta educativa publicada en el tabl\u00f3n de anuncios del centro.<\/li>\n<\/ul>\n<p>El <strong>alumnado<\/strong> que est\u00e1 en el <strong>CEIP Virgen de Loreto<\/strong> y continua para el curso que viene, <strong>ahora no debe realizar ning\u00fan tr\u00e1mite<\/strong>, puesto que su plaza est\u00e1 reservada, <strong>pero si recordarles que del 1 al 8 de junio si ser\u00e1 obligatorio presentar la documentaci\u00f3n de la matr\u00edcula.<\/strong><\/p>\n<p>El alumnado de 6\u00ba de Primaria que termina etapa queda adscrito al IES Maestro Padilla, no teniendo que realizar, ahora, tr\u00e1mite alguno de admisi\u00f3n (salvo el que quiera solicitar otro centro de secundaria, que tendr\u00e1 que hacerlo ahora en marzo). Deber\u00e1 realizar los tr\u00e1mites de matr\u00edcula en julio seg\u00fan se les informe m\u00e1s adelante.<\/p>\n<table style=\"border-collapse: collapse;width: 100%;height: 32px\">\n<tbody>\n<tr style=\"border-style: solid;border-color: #340af2;background-color: #cfd3e8\">\n<td style=\"width: 755px;text-align: center\"><span style=\"color: #0000ff\"><strong>PREGUNTAS FRECUENTES<\/strong><\/span><\/td>\n<\/tr>\n<\/tbody>\n<\/table>\n<p>Si tiene alguna duda puede consultar la secci\u00f3n Preguntas Frecuentes de la p\u00e1gina de Escolarizaci\u00f3n de la Junta de Andaluc\u00eda &#8211; consejer\u00eda de Desarrollo Educativo y F.P.<\/p>\n<p><a href=\"https:\/\/www.juntadeandalucia.es\/educacion\/portales\/web\/escolarizacion\/infantil-a-bachillerato\/preguntas-frecuentes\">https:\/\/www.juntadeandalucia.es\/educacion\/portales\/web\/escolarizacion\/infantil-a-bachillerato\/preguntas-frecuentes<\/a><\/p>\n<p>La Consejer\u00eda de Desarrollo Educativo y Formaci\u00f3n Profesional ha habilitado un tel\u00e9fono gratuito de informaci\u00f3n (900 848 000), en horario ininterrumpido de 8:00 a 19:00 horas.<\/p>\n<p>Para cualquier informaci\u00f3n necesaria pueden hacer consultas en el tel\u00e9fono del centro 950 156 127 o en el correo electr\u00f3nico: <span style=\"color: #0000ff\">04000833.edu@juntadeandalucia.es<\/span> , o previa cita en la secretar\u00eda del Centro en su <strong>horario de admisi\u00f3n: Lunes, mi\u00e9rcoles y viernes, de 9:00 a 11:30h ; martes y jueves de 9.00 a 10:15h<\/strong><\/p>\n<table style=\"border-collapse: collapse;width: 100%;height: 32px\">\n<tbody>\n<tr style=\"border-style: solid;border-color: #340af2;background-color: #cfd3e8\">\n<td style=\"width: 755px;text-align: center\"><span style=\"color: #0000ff\"><strong>RECOMENDACIONES<\/strong><\/span><\/td>\n<\/tr>\n<\/tbody>\n<\/table>\n<p style=\"text-align: center\">Se recomienda realizar la solicitud de admisi\u00f3n de forma telem\u00e1tica en la<\/p>\n<p style=\"text-align: center\"><a href=\"https:\/\/www.juntadeandalucia.es\/educacion\/secretariavirtual\/accesoTramite\/543\/\">Secretar\u00eda virtual de los centros educativos<\/a><\/p>\n<p style=\"text-align: center\"><a href=\"https:\/\/www.juntadeandalucia.es\/educacion\/secretariavirtual\/\"><img loading=\"lazy\" decoding=\"async\" class=\"size-medium wp-image-2224 aligncenter\" src=\"https:\/\/blogsaverroes.juntadeandalucia.es\/ceipvirgendeloreto\/files\/2020\/08\/secretaria-virtual-logo-300x88.jpg\" alt=\"\" width=\"300\" height=\"88\" srcset=\"https:\/\/blogsaverroes.juntadeandalucia.es\/ceipvirgendeloreto\/files\/2020\/08\/secretaria-virtual-logo-300x88.jpg 300w, https:\/\/blogsaverroes.juntadeandalucia.es\/ceipvirgendeloreto\/files\/2020\/08\/secretaria-virtual-logo-24x7.jpg 24w, https:\/\/blogsaverroes.juntadeandalucia.es\/ceipvirgendeloreto\/files\/2020\/08\/secretaria-virtual-logo-36x11.jpg 36w, https:\/\/blogsaverroes.juntadeandalucia.es\/ceipvirgendeloreto\/files\/2020\/08\/secretaria-virtual-logo-48x14.jpg 48w, https:\/\/blogsaverroes.juntadeandalucia.es\/ceipvirgendeloreto\/files\/2020\/08\/secretaria-virtual-logo.jpg 324w\" sizes=\"(max-width: 300px) 100vw, 300px\" \/><\/a><\/p>\n<p style=\"text-align: center\"><a title=\"Enlace a toda la informaci\u00f3n de admisi\u00f3n\" href=\"https:\/\/padlet.com\/ceipvirgendeloreto\/atmddno16lpauji6\">Enlace a toda la informaci\u00f3n para proceso de admisi\u00f3n curso 2025\/2026 del CEIP VIRGEN DE LORETO<\/a><\/p>\n<table style=\"border-collapse: collapse;width: 100%\">\n<tbody>\n<tr style=\"border-style: solid;border-color: #340af2;background-color: #cfd3e8\">\n<td style=\"width: 100%;text-align: center\"><span style=\"color: #0000ff\"><strong>CONSULTA DE ALUMNADO ADMITIDO <\/strong><\/span><\/td>\n<\/tr>\n<\/tbody>\n<\/table>\n<p style=\"text-align: center\"><strong>PARA CONSULTAR LA RESOLUCI\u00d3N DEL PROCESO DE ADMISI\u00d3N<\/strong><\/p>\n<p style=\"text-align: center\"><strong> DEL ALUMNADO CURSO 2025-2026<\/strong><\/p>\n<p style=\"text-align: center\"><span style=\"color: #ff0000\"><strong>EN LA SECRETAR\u00cdA VIRTUAL DE LOS CENTROS EDUCATIVOS<\/strong><\/span><\/p>\n<p style=\"text-align: center\"><a href=\"https:\/\/www.juntadeandalucia.es\/educacion\/secretariavirtual\/\">https:\/\/www.juntadeandalucia.es\/educacion\/secretariavirtual\/<\/a><\/p>\n<p style=\"text-align: center\"><span style=\"color: #000000\"><strong>TAMBI\u00c9N EXPUESTO EN EL TABL\u00d3N DE ANUNCIOS DEL CENTRO<\/strong><\/span><\/p>\n<p style=\"text-align: center\"><span style=\"color: #000000\"><strong>CONSULTA POR TEL\u00c9FONO EN LA SECRETAR\u00cdA&nbsp; DEL CENTRO Tel\u00e9fono 950 156 127<\/strong><\/span><\/p>\n","protected":false},"excerpt":{"rendered":"<p>&nbsp; PROCESO DE ESCOLARIZACI\u00d3N 2025\/2026 &nbsp; PLAZO DE ADMISI\u00d3N Desde el d\u00eda 1 de marzo al 31 de marzo de 2025 queda abierto el procedimiento ordinario de admisi\u00f3n del alumnado para el curso 2025\/2026&#46;&#46;&#46;<\/p>\n","protected":false},"author":1,"featured_media":0,"parent":0,"menu_order":0,"comment_status":"open","ping_status":"open","template":"","meta":{"ngg_post_thumbnail":0,"footnotes":"","_mc_calendar":[]},"aioseo_notices":[],"_links":{"self":[{"href":"https:\/\/blogsaverroes.juntadeandalucia.es\/ceipvirgendeloreto\/wp-json\/wp\/v2\/pages\/141"}],"collection":[{"href":"https:\/\/blogsaverroes.juntadeandalucia.es\/ceipvirgendeloreto\/wp-json\/wp\/v2\/pages"}],"about":[{"href":"https:\/\/blogsaverroes.juntadeandalucia.es\/ceipvirgendeloreto\/wp-json\/wp\/v2\/types\/page"}],"author":[{"embeddable":true,"href":"https:\/\/blogsaverroes.juntadeandalucia.es\/ceipvirgendeloreto\/wp-json\/wp\/v2\/users\/1"}],"replies":[{"embeddable":true,"href":"https:\/\/blogsaverroes.juntadeandalucia.es\/ceipvirgendeloreto\/wp-json\/wp\/v2\/comments?post=141"}],"version-history":[{"count":29,"href":"https:\/\/blogsaverroes.juntadeandalucia.es\/ceipvirgendeloreto\/wp-json\/wp\/v2\/pages\/141\/revisions"}],"predecessor-version":[{"id":3012,"href":"https:\/\/blogsaverroes.juntadeandalucia.es\/ceipvirgendeloreto\/wp-json\/wp\/v2\/pages\/141\/revisions\/3012"}],"wp:attachment":[{"href":"https:\/\/blogsaverroes.juntadeandalucia.es\/ceipvirgendeloreto\/wp-json\/wp\/v2\/media?parent=141"}],"curies":[{"name":"wp","href":"https:\/\/api.w.org\/{rel}","templated":true}]}}

Escolarización

<p>&nbsp;</p>
<table style="border-collapse: collapse;width: 100.393%;height: 84px">
<tbody>
<tr style="border-style: solid;border-color: #340af2;background-color: #dde8cf">
<td style="width: 100%;text-align: center">
<h1><span style="color: #000000"><strong>PROCESO DE ESCOLARIZACIÓN 2025/2026</strong></span></h1>
</td>
</tr>
</tbody>
</table>
<p>&nbsp;</p>
<table style="border-collapse: collapse;width: 100%">
<tbody>
<tr style="border-style: solid;border-color: #340af2;background-color: #cfd3e8">
<td style="width: 755px;text-align: center"><span style="color: #0000ff"><strong>PLAZO DE ADMISIÓN</strong></span></td>
</tr>
</tbody>
</table>
<p>Desde el día <strong>1 de marzo al 31 de marzo de 2025 </strong>queda abierto el procedimiento ordinario de admisión del alumnado para el curso 2025/2026 con el calendario que establece la <a href="https://www.juntadeandalucia.es/boja/2025/21/BOJA25-021-00001-1172-01_00314782.pdf">Resolución de 21 de enero de 2025</a> de la Dirección General de Planificación, Centros de enseñanza y según el decreto 21/2020 del 17 de febrero por el que se regulan los criterios y el procedimiento de admisión del alumnado en los centros docentes públicos y privados concertados.</p>
<p>En la <a href="https://www.juntadeandalucia.es/educacion/portales/web/escolarizacion/infantil-a-bachillerato"><strong>web de Escolarización de la Junta de Andalucía</strong></a>, la Consejería ha publicado la normativa de referencia, la documentación y toda la información del procedimiento.</p>
<p><a href="https://www.juntadeandalucia.es/educacion/portales/web/escolarizacion/infantil-a-bachillerato">https://www.juntadeandalucia.es/educacion/portales/web/escolarizacion/infantil-a-bachillerato</a></p>
<p style="text-align: center">Pinchar sobre este enlace para acceder a una recopilación de la <strong>documentación para el proceso de admisión</strong>.</p>
<p style="text-align: center"><a href="https://padlet.com/ceipvirgendeloreto/atmddno16lpauji6">https://padlet.com/ceipvirgendeloreto/atmddno16lpauji6</a></p>
<table style="border-collapse: collapse;width: 100%">
<tbody>
<tr style="border-style: solid;border-color: #340af2;background-color: #cfd3e8">
<td style="width: 794px;text-align: center"><span style="color: #0000ff"><strong>COMO REALIZAR LA SOLICITUD</strong></span></td>
</tr>
</tbody>
</table>
<p><strong>La solicitud se podrá realizar, preferentemente, de forma telemática a través de la Secretaría Virtual de los centros educativos de la Consejería de Desarrollo Educativo y F.P en este enlace</strong><strong>.</strong></p>
<p style="text-align: center"><a href="https://www.juntadeandalucia.es/educacion/secretariavirtual/accesoTramite/543/">Secretaría Virtual de la Junta de Andalucía</a></p>
<p>El acceso a la solicitud y su presentación se puede hacer de la siguiente forma:</p>
<ul>
<li><strong>Clave IANDE</strong> (Facilitada en la Aplicación iPASEN)</li>
<li><strong>Autenticación Cl@ve</strong> (App utilizada en otros procesos administrativos, como la presentación de la Renta)</li>
<li><strong>Certificado Digital</strong> de la FNMT o Dni-e (Autofirma).</li>
</ul>
<p>En caso de tener problemas técnicos, pueden contactar por e-mail con la secretaría del centro:&nbsp;<span style="color: #339966">04000833.edu@juntadeandalucia.es</span>&nbsp; para resolver problemas técnicos o bien realizar la cumplimentación de la solicitud, impresión y presentarla en el centro:</p>
<ul>
<li><a href="https://www.juntadeandalucia.es/educacion/portales/documents/100629/669352/3_Anexo%20III_002535_5.pdf/16050806-cd1f-89da-678f-001bb54aab73?version=1.1">SOLICITUD ADMISIÓN &#8211; Anexo III</a>&nbsp;</li>
</ul>
<table style="border-collapse: collapse;width: 100%">
<tbody>
<tr style="border-style: solid;border-color: #340af2;background-color: #cfd3e8">
<td style="width: 794px;text-align: center"><span style="color: #0000ff"><strong>NORMATIVA DE APLICACIÓN</strong></span></td>
</tr>
</tbody>
</table>
<p><a href="https://www.juntadeandalucia.es/boja/2020/34/BOJA20-034-00029-2534-01_00169991.pdf">Decreto 21/2020 de 17 de febrero</a> por la que se regulan los criterios y el procedimiento de admisión del alumnado en los centros docentes públicos y privados concertados.</p>
<p><a href="https://www.juntadeandalucia.es/boja/2020/503/BOJA20-503-00045-3038-01_00170469.pdf">Orden de 20 de febrero de 2020</a> por la que se desarrolla el procedimiento de admisión y otras disposiciones normativas.</p>
<p><a href="https://www.juntadeandalucia.es/educacion/portales/documents/270701/1635335/220226_INSTRUCCIONES_ESCOLARIZACION_2025_26(F).pdf/ff1d9a16-7e68-b034-5163-8830053af591?version=1.0">Instrucciones de 25 de febrero de 2025</a> de la viceconsejería, sobre los procedimientos de admisión y matriculación del alumnado en los centros docentes sostenidos con fondos públicos para el curso escolar 2025/2026</p>
<p>&nbsp;</p>
<table style="border-collapse: collapse;width: 100%">
<tbody>
<tr style="border-style: solid;border-color: #340af2;background-color: #cfd3e8">
<td style="width: 100%;text-align: center"><span style="color: #0000ff"><strong>QUIÉN DEBE REALIZAR EL TRÁMITE</strong></span></td>
</tr>
</tbody>
</table>
<p>Deben realizar dicho trámite y presentar la solicitud de admisión al Centro solamente el siguiente alumnado.</p>
<ul>
<li>Alumnado de <strong>nueva incorporación para el curso de Infantil de 3 años</strong> que inicia su etapa escolar en el colegio (alumnado nacido durante el año 2022).</li>
<li>Alumnado que cursando estudios en otro Centro educativo <strong>quiera cambiar de colegio</strong> para el siguiente curso 2025/2026</li>
<li>Alumnado de sexto de primaria que <strong>no desee realizar los estudios de Secundaria en el IES Maestro Padilla</strong>, al cual está adscrito este centro, según la autorización de la oferta educativa publicada en el tablón de anuncios del centro.</li>
</ul>
<p>El <strong>alumnado</strong> que está en el <strong>CEIP Virgen de Loreto</strong> y continua para el curso que viene, <strong>ahora no debe realizar ningún trámite</strong>, puesto que su plaza está reservada, <strong>pero si recordarles que del 1 al 8 de junio si será obligatorio presentar la documentación de la matrícula.</strong></p>
<p>El alumnado de 6º de Primaria que termina etapa queda adscrito al IES Maestro Padilla, no teniendo que realizar, ahora, trámite alguno de admisión (salvo el que quiera solicitar otro centro de secundaria, que tendrá que hacerlo ahora en marzo). Deberá realizar los trámites de matrícula en julio según se les informe más adelante.</p>
<table style="border-collapse: collapse;width: 100%;height: 32px">
<tbody>
<tr style="border-style: solid;border-color: #340af2;background-color: #cfd3e8">
<td style="width: 755px;text-align: center"><span style="color: #0000ff"><strong>PREGUNTAS FRECUENTES</strong></span></td>
</tr>
</tbody>
</table>
<p>Si tiene alguna duda puede consultar la sección Preguntas Frecuentes de la página de Escolarización de la Junta de Andalucía &#8211; consejería de Desarrollo Educativo y F.P.</p>
<p><a href="https://www.juntadeandalucia.es/educacion/portales/web/escolarizacion/infantil-a-bachillerato/preguntas-frecuentes">https://www.juntadeandalucia.es/educacion/portales/web/escolarizacion/infantil-a-bachillerato/preguntas-frecuentes</a></p>
<p>La Consejería de Desarrollo Educativo y Formación Profesional ha habilitado un teléfono gratuito de información (900 848 000), en horario ininterrumpido de 8:00 a 19:00 horas.</p>
<p>Para cualquier información necesaria pueden hacer consultas en el teléfono del centro 950 156 127 o en el correo electrónico: <span style="color: #0000ff">04000833.edu@juntadeandalucia.es</span> , o previa cita en la secretaría del Centro en su <strong>horario de admisión: Lunes, miércoles y viernes, de 9:00 a 11:30h ; martes y jueves de 9.00 a 10:15h</strong></p>
<table style="border-collapse: collapse;width: 100%;height: 32px">
<tbody>
<tr style="border-style: solid;border-color: #340af2;background-color: #cfd3e8">
<td style="width: 755px;text-align: center"><span style="color: #0000ff"><strong>RECOMENDACIONES</strong></span></td>
</tr>
</tbody>
</table>
<p style="text-align: center">Se recomienda realizar la solicitud de admisión de forma telemática en la</p>
<p style="text-align: center"><a href="https://www.juntadeandalucia.es/educacion/secretariavirtual/accesoTramite/543/">Secretaría virtual de los centros educativos</a></p>
<p style="text-align: center"><a href="https://www.juntadeandalucia.es/educacion/secretariavirtual/"><img loading="lazy" decoding="async" class="size-medium wp-image-2224 aligncenter" src="https://blogsaverroes.juntadeandalucia.es/ceipvirgendeloreto/files/2020/08/secretaria-virtual-logo-300x88.jpg" alt="" width="300" height="88" srcset="https://blogsaverroes.juntadeandalucia.es/ceipvirgendeloreto/files/2020/08/secretaria-virtual-logo-300x88.jpg 300w, https://blogsaverroes.juntadeandalucia.es/ceipvirgendeloreto/files/2020/08/secretaria-virtual-logo-24x7.jpg 24w, https://blogsaverroes.juntadeandalucia.es/ceipvirgendeloreto/files/2020/08/secretaria-virtual-logo-36x11.jpg 36w, https://blogsaverroes.juntadeandalucia.es/ceipvirgendeloreto/files/2020/08/secretaria-virtual-logo-48x14.jpg 48w, https://blogsaverroes.juntadeandalucia.es/ceipvirgendeloreto/files/2020/08/secretaria-virtual-logo.jpg 324w" sizes="(max-width: 300px) 100vw, 300px" /></a></p>
<p style="text-align: center"><a title="Enlace a toda la información de admisión" href="https://padlet.com/ceipvirgendeloreto/atmddno16lpauji6">Enlace a toda la información para proceso de admisión curso 2025/2026 del CEIP VIRGEN DE LORETO</a></p>
<table style="border-collapse: collapse;width: 100%">
<tbody>
<tr style="border-style: solid;border-color: #340af2;background-color: #cfd3e8">
<td style="width: 100%;text-align: center"><span style="color: #0000ff"><strong>CONSULTA DE ALUMNADO ADMITIDO </strong></span></td>
</tr>
</tbody>
</table>
<p style="text-align: center"><strong>PARA CONSULTAR LA RESOLUCIÓN DEL PROCESO DE ADMISIÓN</strong></p>
<p style="text-align: center"><strong> DEL ALUMNADO CURSO 2025-2026</strong></p>
<p style="text-align: center"><span style="color: #ff0000"><strong>EN LA SECRETARÍA VIRTUAL DE LOS CENTROS EDUCATIVOS</strong></span></p>
<p style="text-align: center"><a href="https://www.juntadeandalucia.es/educacion/secretariavirtual/">https://www.juntadeandalucia.es/educacion/secretariavirtual/</a></p>
<p style="text-align: center"><span style="color: #000000"><strong>TAMBIÉN EXPUESTO EN EL TABLÓN DE ANUNCIOS DEL CENTRO</strong></span></p>
<p style="text-align: center"><span style="color: #000000"><strong>CONSULTA POR TELÉFONO EN LA SECRETARÍA&nbsp; DEL CENTRO Teléfono 950 156 127</strong></span></p>

<p>&nbsp; PROCESO DE ESCOLARIZACIÓN 2025/2026 &nbsp; PLAZO DE ADMISIÓN Desde el día 1 de marzo al 31 de marzo de 2025 queda abierto el procedimiento ordinario de admisión del alumnado para el curso 2025/2026&#46;&#46;&#46;</p>
