{"id":2284,"date":"2020-09-15T23:28:07","date_gmt":"2020-09-15T21:28:07","guid":{"rendered":"http:\/\/blogsaverroes.juntadeandalucia.es\/ceipvirgendeloreto\/?page_id=2284"},"modified":"2022-09-27T11:22:12","modified_gmt":"2022-09-27T09:22:12","slug":"covid-19","status":"publish","type":"page","link":"https:\/\/blogsaverroes.juntadeandalucia.es\/ceipvirgendeloreto\/covid-19\/","title":{"rendered":"Covid-19"},"content":{"rendered":"<p><a href=\"https:\/\/blogsaverroes.juntadeandalucia.es\/ceipvirgendeloreto\/files\/2020\/10\/coronavirus.jpg\"><img loading=\"lazy\" decoding=\"async\" class=\"wp-image-2291 alignleft\" src=\"https:\/\/blogsaverroes.juntadeandalucia.es\/ceipvirgendeloreto\/files\/2020\/10\/coronavirus-300x164.jpg\" alt=\"\" width=\"218\" height=\"119\" srcset=\"https:\/\/blogsaverroes.juntadeandalucia.es\/ceipvirgendeloreto\/files\/2020\/10\/coronavirus-300x164.jpg 300w, https:\/\/blogsaverroes.juntadeandalucia.es\/ceipvirgendeloreto\/files\/2020\/10\/coronavirus-24x13.jpg 24w, https:\/\/blogsaverroes.juntadeandalucia.es\/ceipvirgendeloreto\/files\/2020\/10\/coronavirus-36x20.jpg 36w, https:\/\/blogsaverroes.juntadeandalucia.es\/ceipvirgendeloreto\/files\/2020\/10\/coronavirus-48x26.jpg 48w, https:\/\/blogsaverroes.juntadeandalucia.es\/ceipvirgendeloreto\/files\/2020\/10\/coronavirus.jpg 480w\" sizes=\"(max-width: 218px) 100vw, 218px\" \/><\/a><\/p>\n<p>&nbsp;<\/p>\n<p>&nbsp;<\/p>\n<p><span style=\"color: #ff0000\"><strong>PROTOCOLO DE ACTUACI\u00d3N COVID-19&nbsp; <\/strong><\/span><\/p>\n<p>&nbsp;<\/p>\n<p>Hacer clic en el enlace<\/p>\n<p><a href=\"https:\/\/drive.google.com\/file\/d\/1CnW05oKxw6qiPUbISWH9mHRiRqK1PN_T\/view?usp=sharing\">Protocolo de actuaci\u00f3n covid-19<\/a><\/p>\n<p><a href=\"https:\/\/blogsaverroes.juntadeandalucia.es\/ceipvirgendeloreto\/files\/2021\/09\/Protocolo-actuaci\u00f3n-COVID-19-V.06-09-2021.pdf\">Protocolo actuaci\u00f3n COVID-19 V.06-09-2021<\/a><\/p>\n<p>&nbsp;<\/p>\n<p><strong>\u00bfQU\u00c9 HACER EN CASO DE SOSPECHAS DE CONTAGIO?<\/strong><\/p>\n<p><span style=\"text-decoration: underline\">Cuando se manifiestan s\u00edntomas fuera del centro<\/span><\/p>\n<ul>\n<li>Bajo ninguna circunstancia acudir al centro<\/li>\n<li>Llamar a su centro de salud<\/li>\n<li>Si le prescriben prueba PCR debe comunicarlo al centro.<\/li>\n<li>Llamar al centro en horario de ma\u00f1ana al tel\u00e9fono 950 156 127 o enviar un correo electr\u00f3nico al&nbsp; 04000833.edu@juntadeandalucia.es<\/li>\n<li>Si no le prescriben una PCR solo debe comunicarnos la ausencia por enfermedad.<\/li>\n<\/ul>\n<p><span style=\"text-decoration: underline\">Si el alumno\/a presenta s\u00edntomas en el centro<\/span><\/p>\n<ul>\n<li>Se procede a su aislamiento seg\u00fan las medidas especificadas en el protocolo.<\/li>\n<li>Llamamos a la familia para que venga a recogerlo al centro.<\/li>\n<li>Se establece contacto con el referente sanitario del centro y le facilitamos los datos de contacto del alumno en cuesti\u00f3n.<\/li>\n<li>Posteriormente se pondr\u00e1n en contacto con la familia para su evaluaci\u00f3n.<\/li>\n<li>En caso de confirmaci\u00f3n, las autoridades sanitarias nos indicar\u00e1n&nbsp; las medidas a tomar y el centro se pondr\u00e1 en contacto con las familias inmediatamente.<\/li>\n<\/ul>\n","protected":false},"excerpt":{"rendered":"<p>&nbsp; &nbsp; PROTOCOLO DE ACTUACI\u00d3N COVID-19&nbsp; &nbsp; Hacer clic en el enlace Protocolo de actuaci\u00f3n covid-19 Protocolo actuaci\u00f3n COVID-19 V.06-09-2021 &nbsp; \u00bfQU\u00c9 HACER EN CASO DE SOSPECHAS DE CONTAGIO? Cuando se manifiestan s\u00edntomas fuera&#46;&#46;&#46;<\/p>\n","protected":false},"author":1897,"featured_media":0,"parent":0,"menu_order":0,"comment_status":"closed","ping_status":"closed","template":"","meta":{"ngg_post_thumbnail":0,"footnotes":"","_mc_calendar":[]},"aioseo_notices":[],"_links":{"self":[{"href":"https:\/\/blogsaverroes.juntadeandalucia.es\/ceipvirgendeloreto\/wp-json\/wp\/v2\/pages\/2284"}],"collection":[{"href":"https:\/\/blogsaverroes.juntadeandalucia.es\/ceipvirgendeloreto\/wp-json\/wp\/v2\/pages"}],"about":[{"href":"https:\/\/blogsaverroes.juntadeandalucia.es\/ceipvirgendeloreto\/wp-json\/wp\/v2\/types\/page"}],"author":[{"embeddable":true,"href":"https:\/\/blogsaverroes.juntadeandalucia.es\/ceipvirgendeloreto\/wp-json\/wp\/v2\/users\/1897"}],"replies":[{"embeddable":true,"href":"https:\/\/blogsaverroes.juntadeandalucia.es\/ceipvirgendeloreto\/wp-json\/wp\/v2\/comments?post=2284"}],"version-history":[{"count":7,"href":"https:\/\/blogsaverroes.juntadeandalucia.es\/ceipvirgendeloreto\/wp-json\/wp\/v2\/pages\/2284\/revisions"}],"predecessor-version":[{"id":2514,"href":"https:\/\/blogsaverroes.juntadeandalucia.es\/ceipvirgendeloreto\/wp-json\/wp\/v2\/pages\/2284\/revisions\/2514"}],"wp:attachment":[{"href":"https:\/\/blogsaverroes.juntadeandalucia.es\/ceipvirgendeloreto\/wp-json\/wp\/v2\/media?parent=2284"}],"curies":[{"name":"wp","href":"https:\/\/api.w.org\/{rel}","templated":true}]}}