{"id":42,"date":"2023-10-11T18:40:47","date_gmt":"2023-10-11T16:40:47","guid":{"rendered":"http:\/\/blogsaverroes.juntadeandalucia.es\/pre\/ceip\/?page_id=42"},"modified":"2023-10-25T22:02:00","modified_gmt":"2023-10-25T20:02:00","slug":"equipo-directivo","status":"publish","type":"page","link":"https:\/\/blogsaverroes.juntadeandalucia.es\/ceipvirgendeloreto\/equipo-directivo\/","title":{"rendered":"Equipo directivo"},"content":{"rendered":"<p><a href=\"https:\/\/blogsaverroes.juntadeandalucia.es\/ceipvirgendeloreto\/files\/2020\/08\/Equipo-Directivo1.png\"><img loading=\"lazy\" decoding=\"async\" class=\" wp-image-2191 aligncenter\" src=\"https:\/\/blogsaverroes.juntadeandalucia.es\/ceipvirgendeloreto\/files\/2020\/08\/Equipo-Directivo1-300x203.png\" alt=\"\" width=\"269\" height=\"182\" srcset=\"https:\/\/blogsaverroes.juntadeandalucia.es\/ceipvirgendeloreto\/files\/2020\/08\/Equipo-Directivo1.png 300w, https:\/\/blogsaverroes.juntadeandalucia.es\/ceipvirgendeloreto\/files\/2020\/08\/Equipo-Directivo1-24x16.png 24w, https:\/\/blogsaverroes.juntadeandalucia.es\/ceipvirgendeloreto\/files\/2020\/08\/Equipo-Directivo1-36x24.png 36w, https:\/\/blogsaverroes.juntadeandalucia.es\/ceipvirgendeloreto\/files\/2020\/08\/Equipo-Directivo1-48x32.png 48w\" sizes=\"(max-width: 269px) 100vw, 269px\" \/><\/a><\/p>\n<p><strong>Direcci\u00f3n: <\/strong>D. Diego Plaza de Amo<\/p>\n<p>Horario de atenci\u00f3n:&nbsp;<\/p>\n<p><strong>Jefatura de estudios: <\/strong> D\u00aa. Carmen Mar\u00eda S\u00e1nchez Dom\u00ednguez<\/p>\n<p>Horario de atenci\u00f3n:<\/p>\n<p><strong>Secretaria: <\/strong>D\u00aa. Mar\u00eda Ruiz Cutillas<\/p>\n<p>Horario de atenci\u00f3n:&nbsp;<\/p>\n<p>&nbsp;<\/p>\n","protected":false},"excerpt":{"rendered":"<p>Direcci\u00f3n: D. Diego Plaza de Amo Horario de atenci\u00f3n:&nbsp; Jefatura de estudios: D\u00aa. Carmen Mar\u00eda S\u00e1nchez Dom\u00ednguez Horario de atenci\u00f3n: Secretaria: D\u00aa. Mar\u00eda Ruiz Cutillas Horario de atenci\u00f3n:&nbsp; &nbsp;<\/p>\n","protected":false},"author":1,"featured_media":0,"parent":0,"menu_order":0,"comment_status":"open","ping_status":"open","template":"","meta":{"ngg_post_thumbnail":0,"footnotes":"","_mc_calendar":[]},"aioseo_notices":[],"_links":{"self":[{"href":"https:\/\/blogsaverroes.juntadeandalucia.es\/ceipvirgendeloreto\/wp-json\/wp\/v2\/pages\/42"}],"collection":[{"href":"https:\/\/blogsaverroes.juntadeandalucia.es\/ceipvirgendeloreto\/wp-json\/wp\/v2\/pages"}],"about":[{"href":"https:\/\/blogsaverroes.juntadeandalucia.es\/ceipvirgendeloreto\/wp-json\/wp\/v2\/types\/page"}],"author":[{"embeddable":true,"href":"https:\/\/blogsaverroes.juntadeandalucia.es\/ceipvirgendeloreto\/wp-json\/wp\/v2\/users\/1"}],"replies":[{"embeddable":true,"href":"https:\/\/blogsaverroes.juntadeandalucia.es\/ceipvirgendeloreto\/wp-json\/wp\/v2\/comments?post=42"}],"version-history":[{"count":11,"href":"https:\/\/blogsaverroes.juntadeandalucia.es\/ceipvirgendeloreto\/wp-json\/wp\/v2\/pages\/42\/revisions"}],"predecessor-version":[{"id":2923,"href":"https:\/\/blogsaverroes.juntadeandalucia.es\/ceipvirgendeloreto\/wp-json\/wp\/v2\/pages\/42\/revisions\/2923"}],"wp:attachment":[{"href":"https:\/\/blogsaverroes.juntadeandalucia.es\/ceipvirgendeloreto\/wp-json\/wp\/v2\/media?parent=42"}],"curies":[{"name":"wp","href":"https:\/\/api.w.org\/{rel}","templated":true}]}}

<p><a href="https://blogsaverroes.juntadeandalucia.es/ceipvirgendeloreto/files/2020/08/Equipo-Directivo1.png"><img loading="lazy" decoding="async" class=" wp-image-2191 aligncenter" src="https://blogsaverroes.juntadeandalucia.es/ceipvirgendeloreto/files/2020/08/Equipo-Directivo1-300x203.png" alt="" width="269" height="182" srcset="https://blogsaverroes.juntadeandalucia.es/ceipvirgendeloreto/files/2020/08/Equipo-Directivo1.png 300w, https://blogsaverroes.juntadeandalucia.es/ceipvirgendeloreto/files/2020/08/Equipo-Directivo1-24x16.png 24w, https://blogsaverroes.juntadeandalucia.es/ceipvirgendeloreto/files/2020/08/Equipo-Directivo1-36x24.png 36w, https://blogsaverroes.juntadeandalucia.es/ceipvirgendeloreto/files/2020/08/Equipo-Directivo1-48x32.png 48w" sizes="(max-width: 269px) 100vw, 269px" /></a></p>
<p><strong>Dirección: </strong>D. Diego Plaza de Amo</p>
<p>Horario de atención:&nbsp;</p>
<p><strong>Jefatura de estudios: </strong> Dª. Carmen María Sánchez Domínguez</p>
<p>Horario de atención:</p>
<p><strong>Secretaria: </strong>Dª. María Ruiz Cutillas</p>
<p>Horario de atención:&nbsp;</p>
<p>&nbsp;</p>

<p>Dirección: D. Diego Plaza de Amo Horario de atención:&nbsp; Jefatura de estudios: Dª. Carmen María Sánchez Domínguez Horario de atención: Secretaria: Dª. María Ruiz Cutillas Horario de atención:&nbsp; &nbsp;</p>
